{"id":7910,"date":"2025-01-17T13:58:18","date_gmt":"2025-01-17T12:58:18","guid":{"rendered":"https:\/\/muehlingen.de\/?post_type=avada_portfolio&#038;p=7910"},"modified":"2025-01-22T14:43:33","modified_gmt":"2025-01-22T13:43:33","slug":"frauennetzwerk-gemeinde-muehlingen","status":"publish","type":"avada_portfolio","link":"https:\/\/muehlingen.de\/?avada_portfolio=frauennetzwerk-gemeinde-muehlingen","title":{"rendered":"Frauennetzwerk Gemeinde M\u00fchlingen"},"content":{"rendered":"<p><div class=\"fusion-fullwidth fullwidth-box fusion-builder-row-1 has-pattern-background has-mask-background nonhundred-percent-fullwidth non-hundred-percent-height-scrolling\" style=\"--awb-border-radius-top-left:0px;--awb-border-radius-top-right:0px;--awb-border-radius-bottom-right:0px;--awb-border-radius-bottom-left:0px;--awb-flex-wrap:wrap;\" ><div class=\"fusion-builder-row fusion-row\"><div class=\"fusion-layout-column fusion_builder_column fusion-builder-column-0 fusion_builder_column_1_4 1_4 fusion-one-fourth fusion-column-first\" style=\"--awb-bg-size:cover;width:25%;width:calc(25% - ( ( 4% ) * 0.25 ) );margin-right: 4%;\"><div class=\"fusion-column-wrapper fusion-column-has-shadow fusion-flex-column-wrapper-legacy\"><div class=\"fusion-title title fusion-title-1 fusion-sep-none fusion-title-text fusion-title-size-one\" style=\"--awb-margin-top-small:0px;--awb-margin-right-small:0px;--awb-margin-bottom-small:20px;--awb-margin-left-small:0px;\"><h1 class=\"fusion-title-heading title-heading-left fusion-responsive-typography-calculated\" style=\"margin:0;--fontSize:20;--minFontSize:20;line-height:1.4;\"><strong>T\u00e4tigkeit<\/strong><\/h1><\/div><div class=\"fusion-text fusion-text-1\"><p><strong>diverse Dienstleistungen<\/strong><\/p>\n<\/div><div class=\"fusion-clearfix\"><\/div><\/div><\/div><div class=\"fusion-layout-column fusion_builder_column fusion-builder-column-1 fusion_builder_column_3_4 3_4 fusion-three-fourth fusion-column-last\" style=\"--awb-bg-size:cover;width:75%;width:calc(75% - ( ( 4% ) * 0.75 ) );\"><div class=\"fusion-column-wrapper fusion-column-has-shadow fusion-flex-column-wrapper-legacy\"><div class=\"fusion-text fusion-text-2\"><p><strong>Wer sind wir?<\/strong><br \/>\nWir sind eine Gruppe selbstst\u00e4ndiger Frauen, die alle in unserer wunderbaren Gemeinde zu Hause sind.<\/p>\n<p><strong>Was wollen wir?<\/strong><br \/>\nWir wollen uns gegenseitig unterst\u00fctzen, Ideen austauschen und gemeinsame Aktionen planen. Wir profitieren vom Wissen der anderen und k\u00f6nnen uns dadurch alle weiterentwickeln. Keine k\u00e4mpft allein.<\/p>\n<p><strong>Wer darf dabei sein?<\/strong><br \/>\nWir freuen uns \u00fcber jede weitere Frau, die in der Gemeinde M\u00fchlingen wohnt und ein angemeldetes Gewerbe hat.<br \/>\nWenn auch du Lust auf Zusammenarbeit, Austausch und Unterst\u00fctzung hast melde dich gerne bei unserem Leitungsteam:<\/p>\n<\/div><div class=\"fusion-clearfix\"><\/div><\/div><\/div><\/div><\/div><div class=\"fusion-fullwidth fullwidth-box fusion-builder-row-2 has-pattern-background has-mask-background nonhundred-percent-fullwidth non-hundred-percent-height-scrolling\" style=\"--awb-border-radius-top-left:0px;--awb-border-radius-top-right:0px;--awb-border-radius-bottom-right:0px;--awb-border-radius-bottom-left:0px;--awb-flex-wrap:wrap;\" ><div class=\"fusion-builder-row fusion-row\"><div class=\"fusion-layout-column fusion_builder_column fusion-builder-column-2 fusion_builder_column_1_4 1_4 fusion-one-fourth fusion-column-first\" style=\"--awb-bg-size:cover;width:25%;width:calc(25% - ( ( 4% ) * 0.25 ) );margin-right: 4%;\"><div class=\"fusion-column-wrapper fusion-column-has-shadow fusion-flex-column-wrapper-legacy\"><div class=\"fusion-title title fusion-title-2 fusion-sep-none fusion-title-text fusion-title-size-one\" style=\"--awb-margin-top-small:0px;--awb-margin-right-small:0px;--awb-margin-bottom-small:20px;--awb-margin-left-small:0px;\"><h1 class=\"fusion-title-heading title-heading-left fusion-responsive-typography-calculated\" style=\"margin:0;--fontSize:20;--minFontSize:20;line-height:1.4;\"><strong>Kontakt<\/strong><\/h1><\/div><div class=\"fusion-text fusion-text-3\"><p><strong>Yvonn Rauhut<\/strong><br \/>\nTel.: 07775 8379788<br \/>\nMobil: 0176 21234032<\/p>\n<p><strong>Nadine Rieger<\/strong><br \/>\nTel.: 07775 938536<br \/>\nMobil: 0160 90641108<\/p>\n<p>Instagram: frauennetzwerkmuehlingen<\/p>\n<\/div><div class=\"fusion-clearfix\"><\/div><\/div><\/div><div class=\"fusion-layout-column fusion_builder_column fusion-builder-column-3 fusion_builder_column_3_4 3_4 fusion-three-fourth fusion-column-last\" style=\"--awb-bg-size:cover;width:75%;width:calc(75% - ( ( 4% ) * 0.75 ) );\"><div class=\"fusion-column-wrapper fusion-column-has-shadow fusion-flex-column-wrapper-legacy\"><div class=\"fusion-text fusion-text-4\"><p>diverse Anbieter<\/p>\n<\/div><div class=\"fusion-clearfix\"><\/div><\/div><\/div><\/div><\/div><\/p>\n","protected":false},"excerpt":{"rendered":"","protected":false},"author":1,"featured_media":7926,"menu_order":16,"comment_status":"closed","ping_status":"closed","template":"","format":"standard","meta":{"footnotes":""},"portfolio_category":[76,127],"portfolio_skills":[],"portfolio_tags":[],"class_list":["post-7910","avada_portfolio","type-avada_portfolio","status-publish","format-standard","has-post-thumbnail","hentry","portfolio_category-dienstleistungen","portfolio_category-gewerbe"],"publishpress_future_action":{"enabled":false,"date":"2026-05-08 04:15:41","action":"change-status","newStatus":"draft","terms":[],"taxonomy":"portfolio_category","extraData":[]},"publishpress_future_workflow_manual_trigger":{"enabledWorkflows":[]},"_links":{"self":[{"href":"https:\/\/muehlingen.de\/index.php?rest_route=\/wp\/v2\/avada_portfolio\/7910","targetHints":{"allow":["GET"]}}],"collection":[{"href":"https:\/\/muehlingen.de\/index.php?rest_route=\/wp\/v2\/avada_portfolio"}],"about":[{"href":"https:\/\/muehlingen.de\/index.php?rest_route=\/wp\/v2\/types\/avada_portfolio"}],"author":[{"embeddable":true,"href":"https:\/\/muehlingen.de\/index.php?rest_route=\/wp\/v2\/users\/1"}],"replies":[{"embeddable":true,"href":"https:\/\/muehlingen.de\/index.php?rest_route=%2Fwp%2Fv2%2Fcomments&post=7910"}],"version-history":[{"count":2,"href":"https:\/\/muehlingen.de\/index.php?rest_route=\/wp\/v2\/avada_portfolio\/7910\/revisions"}],"predecessor-version":[{"id":7912,"href":"https:\/\/muehlingen.de\/index.php?rest_route=\/wp\/v2\/avada_portfolio\/7910\/revisions\/7912"}],"wp:featuredmedia":[{"embeddable":true,"href":"https:\/\/muehlingen.de\/index.php?rest_route=\/wp\/v2\/media\/7926"}],"wp:attachment":[{"href":"https:\/\/muehlingen.de\/index.php?rest_route=%2Fwp%2Fv2%2Fmedia&parent=7910"}],"wp:term":[{"taxonomy":"portfolio_category","embeddable":true,"href":"https:\/\/muehlingen.de\/index.php?rest_route=%2Fwp%2Fv2%2Fportfolio_category&post=7910"},{"taxonomy":"portfolio_skills","embeddable":true,"href":"https:\/\/muehlingen.de\/index.php?rest_route=%2Fwp%2Fv2%2Fportfolio_skills&post=7910"},{"taxonomy":"portfolio_tags","embeddable":true,"href":"https:\/\/muehlingen.de\/index.php?rest_route=%2Fwp%2Fv2%2Fportfolio_tags&post=7910"}],"curies":[{"name":"wp","href":"https:\/\/api.w.org\/{rel}","templated":true}]}}

Frauennetzwerk Gemeinde Mühlingen

<p><div class="fusion-fullwidth fullwidth-box fusion-builder-row-1 has-pattern-background has-mask-background nonhundred-percent-fullwidth non-hundred-percent-height-scrolling" style="--awb-border-radius-top-left:0px;--awb-border-radius-top-right:0px;--awb-border-radius-bottom-right:0px;--awb-border-radius-bottom-left:0px;--awb-flex-wrap:wrap;" ><div class="fusion-builder-row fusion-row"><div class="fusion-layout-column fusion_builder_column fusion-builder-column-0 fusion_builder_column_1_4 1_4 fusion-one-fourth fusion-column-first" style="--awb-bg-size:cover;width:25%;width:calc(25% - ( ( 4% ) * 0.25 ) );margin-right: 4%;"><div class="fusion-column-wrapper fusion-column-has-shadow fusion-flex-column-wrapper-legacy"><div class="fusion-title title fusion-title-1 fusion-sep-none fusion-title-text fusion-title-size-one" style="--awb-margin-top-small:0px;--awb-margin-right-small:0px;--awb-margin-bottom-small:20px;--awb-margin-left-small:0px;"><h1 class="fusion-title-heading title-heading-left fusion-responsive-typography-calculated" style="margin:0;--fontSize:20;--minFontSize:20;line-height:1.4;"><strong>Tätigkeit</strong></h1></div><div class="fusion-text fusion-text-1"><p><strong>diverse Dienstleistungen</strong></p>
</div><div class="fusion-clearfix"></div></div></div><div class="fusion-layout-column fusion_builder_column fusion-builder-column-1 fusion_builder_column_3_4 3_4 fusion-three-fourth fusion-column-last" style="--awb-bg-size:cover;width:75%;width:calc(75% - ( ( 4% ) * 0.75 ) );"><div class="fusion-column-wrapper fusion-column-has-shadow fusion-flex-column-wrapper-legacy"><div class="fusion-text fusion-text-2"><p><strong>Wer sind wir?</strong><br />
Wir sind eine Gruppe selbstständiger Frauen, die alle in unserer wunderbaren Gemeinde zu Hause sind.</p>
<p><strong>Was wollen wir?</strong><br />
Wir wollen uns gegenseitig unterstützen, Ideen austauschen und gemeinsame Aktionen planen. Wir profitieren vom Wissen der anderen und können uns dadurch alle weiterentwickeln. Keine kämpft allein.</p>
<p><strong>Wer darf dabei sein?</strong><br />
Wir freuen uns über jede weitere Frau, die in der Gemeinde Mühlingen wohnt und ein angemeldetes Gewerbe hat.<br />
Wenn auch du Lust auf Zusammenarbeit, Austausch und Unterstützung hast melde dich gerne bei unserem Leitungsteam:</p>
</div><div class="fusion-clearfix"></div></div></div></div></div><div class="fusion-fullwidth fullwidth-box fusion-builder-row-2 has-pattern-background has-mask-background nonhundred-percent-fullwidth non-hundred-percent-height-scrolling" style="--awb-border-radius-top-left:0px;--awb-border-radius-top-right:0px;--awb-border-radius-bottom-right:0px;--awb-border-radius-bottom-left:0px;--awb-flex-wrap:wrap;" ><div class="fusion-builder-row fusion-row"><div class="fusion-layout-column fusion_builder_column fusion-builder-column-2 fusion_builder_column_1_4 1_4 fusion-one-fourth fusion-column-first" style="--awb-bg-size:cover;width:25%;width:calc(25% - ( ( 4% ) * 0.25 ) );margin-right: 4%;"><div class="fusion-column-wrapper fusion-column-has-shadow fusion-flex-column-wrapper-legacy"><div class="fusion-title title fusion-title-2 fusion-sep-none fusion-title-text fusion-title-size-one" style="--awb-margin-top-small:0px;--awb-margin-right-small:0px;--awb-margin-bottom-small:20px;--awb-margin-left-small:0px;"><h1 class="fusion-title-heading title-heading-left fusion-responsive-typography-calculated" style="margin:0;--fontSize:20;--minFontSize:20;line-height:1.4;"><strong>Kontakt</strong></h1></div><div class="fusion-text fusion-text-3"><p><strong>Yvonn Rauhut</strong><br />
Tel.: 07775 8379788<br />
Mobil: 0176 21234032</p>
<p><strong>Nadine Rieger</strong><br />
Tel.: 07775 938536<br />
Mobil: 0160 90641108</p>
<p>Instagram: frauennetzwerkmuehlingen</p>
</div><div class="fusion-clearfix"></div></div></div><div class="fusion-layout-column fusion_builder_column fusion-builder-column-3 fusion_builder_column_3_4 3_4 fusion-three-fourth fusion-column-last" style="--awb-bg-size:cover;width:75%;width:calc(75% - ( ( 4% ) * 0.75 ) );"><div class="fusion-column-wrapper fusion-column-has-shadow fusion-flex-column-wrapper-legacy"><div class="fusion-text fusion-text-4"><p>diverse Anbieter</p>
</div><div class="fusion-clearfix"></div></div></div></div></div></p>
