{"id":6195,"date":"2022-12-16T16:30:04","date_gmt":"2022-12-16T15:30:04","guid":{"rendered":"https:\/\/muehlingen.de\/?post_type=mec-events&#038;p=6195"},"modified":"2025-12-12T17:19:08","modified_gmt":"2025-12-12T16:19:08","slug":"generalversammlung-vdk-2-780","status":"publish","type":"mec-events","link":"https:\/\/muehlingen.de\/?mec-events=generalversammlung-vdk-2-780","title":{"rendered":"Dreik\u00f6nigstreffen"},"content":{"rendered":"<p>Der VdK-Ortsverband M\u00fchlingen l\u00e4dt alle Mitglieder und Freunde aus allen Ortsteilen zum traditionellen Dreik\u00f6nigsstreffen am <strong>6. Januar <\/strong>ins Gasthaus Adler in M\u00fchlingen ein. Beginn ist um <strong>14.00 Uhr.<\/strong><br \/>\nGemeinsam wollen wir zum Jahresanfang einen gem\u00fctlichen Nachmittag verbringen. Besonders freuen wir uns, wenn wir auch die j\u00fcngeren Mitglieder begr\u00fc\u00dfen k\u00f6nnen.<br \/>\nWer teilnehmen m\u00f6chte, aber keine Fahrgelegenheit hat, kann sich bei <strong>Eugen Stetter, Tel. 07773-4389777<\/strong><br \/>\nmelden.<\/p>\n","protected":false},"excerpt":{"rendered":"<p>Der VdK-Ortsverband M\u00fchlingen l\u00e4dt alle Mitglieder und Freunde aus allen Ortsteilen zum traditionellen Dreik\u00f6nigsstreffen am 6. Januar ins Gasthaus Adler <a href=\"https:\/\/muehlingen.de\/?mec-events=generalversammlung-vdk-2-780\"> [&#8230;]<\/a><\/p>\n","protected":false},"author":1,"featured_media":0,"comment_status":"closed","ping_status":"closed","template":"","tags":[],"mec_category":[280],"class_list":["post-6195","mec-events","type-mec-events","status-publish","hentry","mec_category-treff"],"publishpress_future_workflow_manual_trigger":{"enabledWorkflows":[]},"_links":{"self":[{"href":"https:\/\/muehlingen.de\/index.php?rest_route=\/wp\/v2\/mec-events\/6195","targetHints":{"allow":["GET"]}}],"collection":[{"href":"https:\/\/muehlingen.de\/index.php?rest_route=\/wp\/v2\/mec-events"}],"about":[{"href":"https:\/\/muehlingen.de\/index.php?rest_route=\/wp\/v2\/types\/mec-events"}],"author":[{"embeddable":true,"href":"https:\/\/muehlingen.de\/index.php?rest_route=\/wp\/v2\/users\/1"}],"replies":[{"embeddable":true,"href":"https:\/\/muehlingen.de\/index.php?rest_route=%2Fwp%2Fv2%2Fcomments&post=6195"}],"wp:attachment":[{"href":"https:\/\/muehlingen.de\/index.php?rest_route=%2Fwp%2Fv2%2Fmedia&parent=6195"}],"wp:term":[{"taxonomy":"post_tag","embeddable":true,"href":"https:\/\/muehlingen.de\/index.php?rest_route=%2Fwp%2Fv2%2Ftags&post=6195"},{"taxonomy":"mec_category","embeddable":true,"href":"https:\/\/muehlingen.de\/index.php?rest_route=%2Fwp%2Fv2%2Fmec_category&post=6195"}],"curies":[{"name":"wp","href":"https:\/\/api.w.org\/{rel}","templated":true}]}}

Dreikönigstreffen

<p>Der VdK-Ortsverband Mühlingen lädt alle Mitglieder und Freunde aus allen Ortsteilen zum traditionellen Dreikönigsstreffen am <strong>6. Januar </strong>ins Gasthaus Adler in Mühlingen ein. Beginn ist um <strong>14.00 Uhr.</strong><br />
Gemeinsam wollen wir zum Jahresanfang einen gemütlichen Nachmittag verbringen. Besonders freuen wir uns, wenn wir auch die jüngeren Mitglieder begrüßen können.<br />
Wer teilnehmen möchte, aber keine Fahrgelegenheit hat, kann sich bei <strong>Eugen Stetter, Tel. 07773-4389777</strong><br />
melden.</p>

<p>Der VdK-Ortsverband Mühlingen lädt alle Mitglieder und Freunde aus allen Ortsteilen zum traditionellen Dreikönigsstreffen am 6. Januar ins Gasthaus Adler <a href="https://muehlingen.de/?mec-events=generalversammlung-vdk-2-780"> [&#8230;]</a></p>
