{"id":295,"date":"2018-04-12T15:57:43","date_gmt":"2018-04-12T13:57:43","guid":{"rendered":"http:\/\/muehlingen.de\/wordpress_01\/?page_id=295"},"modified":"2020-12-15T19:39:03","modified_gmt":"2020-12-15T18:39:03","slug":"impressum","status":"publish","type":"page","link":"https:\/\/muehlingen.de\/?page_id=295","title":{"rendered":"Impressum"},"content":{"rendered":"<h2>Angaben gem\u00e4\u00df\u00a0 5 TMG (Telemediengesetz):<\/h2>\n<p><b>Gemeinde M\u00fchlingen<\/b><br \/>\nK\u00f6rperschaft des \u00f6ffentlichen Rechts<\/p>\n<p>vertreten durch: B\u00fcrgermeister Thorsten Scigliano<\/p>\n<p><b>Postanschrift<\/b><br \/>\nGemeindeverwaltung M\u00fchlingen<br \/>\nIm G\u00f6hren 2<br \/>\n78357 M\u00fchlingen<\/p>\n<p><b>Kontakt<br \/>\n<\/b>Tel.: 07775-93030<br \/>\nFax: 07775-930319<br \/>\nE-Mail:\u00a0<a href=\"mailto:rathaus@muehlingen.de\" target=\"_blank\" rel=\"noopener\">rathaus@muehlingen.de<\/a><\/p>\n<p><b>Umsatzsteuer-Identifikationsnummer<\/b>\u00a0gem\u00e4\u00df \u00a727a Umsatzsteuergesetz: DE 210150922<\/p>\n<p><b>Angaben zur Berufshaftpflichtversicherung<br \/>\n<\/b>Name und Sitz des Versicherers: Badischer-Gemeinde-<wbr \/>Versicherungs-Verband, 76116 Karlsruhe<br \/>\nGeltungsraum der Versicherung: Deutschland<\/p>\n<p><b>Zust\u00e4ndige Aufsichtsbeh\u00f6rde<\/b>:Landratsamt Konstanz<\/p>\n<p>&nbsp;<\/p>\n<h2>Verantwortlich f\u00fcr den Inhalt nach \u00a7 55 Abs. 2 RStV:<\/h2>\n<p><b>Inhalt<br \/>\n<\/b>Gemeindeverwaltung M\u00fchlingen<br \/>\nThorsten Scigliano oder Stellvertreter<\/p>\n<p><b>Realisierung und Gestaltung<br \/>\n<\/b>HeWeCo IT-Consulting<br \/>\nBichtlinger Str. 24<br \/>\n88605 Sauldorf<br \/>\nTel.: 07575 925767<br \/>\nE-Mail:\u00a0<a href=\"mailto:info@heweco.de\" target=\"_blank\" rel=\"noopener\">info@heweco.de<\/a><br \/>\n<a href=\"http:\/\/www.heweco.de\/\" target=\"_blank\" rel=\"noopener\">www.heweco.de<\/a><\/p>\n<p>erstellt mit <a href=\"https:\/\/de.wordpress.com\/\" target=\"_blank\" rel=\"noopener\">WordPress<\/a><br \/>\nTheme Avada von Themeforest<\/p>\n<p>&nbsp;<\/p>\n<div id=\"pgc-12-0-0\" class=\"panel-grid-cell\" data-weight=\"1\">\n<h2>Hinweis zur Online-Streitbeilegung gem\u00e4\u00df Art. 14 Abs. 1 ODR-VO:<\/h2>\n<p>Die Europ\u00e4ische Kommission stellt eine Plattform zur Online-Streitbeilegung (OS) bereit, die Sie unter\u00a0<a href=\"https:\/\/ec.europa.eu\/consumers\/odr\" target=\"_blank\" rel=\"noopener\">https:\/\/ec.europa.eu\/consumers\/odr<\/a>\u00a0finden.<br \/>\nUnsere E-Mail-Adresse finden Sie oben im Impressum.<\/p>\n<\/div>\n<div class=\"panel-grid-cell\" data-weight=\"1\">Wir sind nicht bereit oder verpflichtet, an Streitbeilegungsverfahren vor einer Verbraucherschlichtungsstelle teilzunehmen.<\/div>\n<p>&nbsp;<\/p>\n<h2>Haftungsausschluss (Disclaimer)<\/h2>\n<h3><b>Haftung f\u00fcr Inhalte<\/b><\/h3>\n<p>Als Diensteanbieter sind wir gem\u00e4\u00df \u00a7 7 Abs.1 TMG f\u00fcr eigene Inhalte auf diesen Seiten nach den allgemeinen Gesetzen verantwortlich. Nach \u00a7\u00a7 8 bis 10 TMG sind wir als Diensteanbieter jedoch nicht verpflichtet, \u00fcbermittelte oder gespeicherte fremde Informationen zu \u00fcberwachen oder nach Umst\u00e4nden zu forschen, die auf eine rechtswidrige T\u00e4tigkeit hinweisen.<br \/>\nVerpflichtungen zur Entfernung oder Sperrung der Nutzung von Informationen nach den allgemeinen Gesetzen bleiben hiervon unber\u00fchrt. Eine diesbez\u00fcgliche Haftung ist jedoch erst ab dem Zeitpunkt der Kenntnis einer konkreten Rechtsverletzung m\u00f6glich. Bei Bekanntwerden von entsprechenden Rechtsverletzungen werden wir diese Inhalte umgehend entfernen.<\/p>\n<h3><b>Haftung f\u00fcr Links<\/b><\/h3>\n<p>Unser Angebot enth\u00e4lt Links zu externen Websites Dritter, auf deren Inhalte wir keinen Einfluss haben. Deshalb k\u00f6nnen wir f\u00fcr diese fremden Inhalte auch keine Gew\u00e4hr \u00fcbernehmen. F\u00fcr die Inhalte der verlinkten Seiten ist stets der jeweilige Anbieter oder Betreiber der Seiten verantwortlich. Die verlinkten Seiten wurden zum Zeitpunkt der Verlinkung auf m\u00f6gliche Rechtsverst\u00f6\u00dfe \u00fcberpr\u00fcft. Rechtswidrige Inhalte waren zum Zeitpunkt der Verlinkung nicht erkennbar.<br \/>\nEine permanente inhaltliche Kontrolle der verlinkten Seiten ist jedoch ohne konkrete Anhaltspunkte einer Rechtsverletzung nicht zumutbar. Bei Bekanntwerden von Rechtsverletzungen werden wir derartige Links umgehend entfernen.<\/p>\n<h3><b>Urheberrecht<\/b><\/h3>\n<p>Die durch die Seitenbetreiber erstellten Inhalte und Werke auf diesen Seiten unterliegen dem deutschen Urheberrecht. Die Vervielf\u00e4ltigung, Bearbeitung, Verbreitung und jede Art der Verwertung au\u00dferhalb der Grenzen des Urheberrechtes bed\u00fcrfen der schriftlichen Zustimmung des jeweiligen Autors bzw. Erstellers. Downloads und Kopien dieser Seite sind nur f\u00fcr den privaten, nicht kommerziellen Gebrauch gestattet.<br \/>\nSoweit die Inhalte auf dieser Seite nicht vom Betreiber erstellt wurden, werden die Urheberrechte Dritter beachtet. Insbesondere werden Inhalte Dritter als solche gekennzeichnet. Sollten Sie trotzdem auf eine Urheberrechtsverletzung aufmerksam werden, bitten wir um einen entsprechenden Hinweis. Bei Bekanntwerden von Rechtsverletzungen werden wir derartige Inhalte umgehend entfernen.<\/p>\n<h3><b>Quellenangaben f\u00fcr die verwendeten Bilder und Grafiken<br \/>\n<\/b><\/h3>\n<p><b>Startseite<\/b><\/p>\n<p style=\"padding-left: 30px;\">Logo Primoverlag<b>\u00a0<\/b><a href=\"https:\/\/www.primo-heimatblatt.de\/\" target=\"_blank\" rel=\"noopener\">https:\/\/www.primo-heimatblatt.de<\/a><br \/>\nLogo Vierl\u00e4nderregion\u00a0<a href=\"http:\/\/www.vierlaenderregion-bodensee.info\/de\">http:\/\/www.vierlaenderregion-bodensee.info\/de<\/a><br \/>\nLogo Hegau-Tourismus\u00a0<a href=\"http:\/\/www.hegau.de\/\">https:\/\/www.hegau.de<\/a><br \/>\nLogo Energieagentur\u00a0<a href=\"http:\/\/www.energieagentur-kreis-konstanz.de\/\" target=\"_blank\" rel=\"noopener\">http:\/\/www.energieagentur-kreis-konstanz.de<\/a><\/p>\n<p>alle weiteren Bilder sind Eigentum der Gemeinde M\u00fchlingen oder wurden der Gemeinde M\u00fchlingen von B\u00fcrgern \/ Vereinen zur Verf\u00fcgung gestellt.<br \/>\nDie abgebildeten Personen haben in die Ver\u00f6ffentlichung auf der Website\u00a0<a href=\"http:\/\/www.muehlingen.de\/\">www.muehlingen.de<\/a> freiwillig eingewilligt. Ein Widerruf dieser Einwilligung ist jederzeit per E-Mail an\u00a0<a href=\"mailto:rathaus@muehlingen.de\" target=\"_blank\" rel=\"noopener\">rathaus@muehlingen.de<\/a>\u00a0m\u00f6glich.<\/p>\n<p>&nbsp;<\/p>\n<p>Quellenangabe:\u00a0<a href=\"http:\/\/www.e-recht24.de\/\" target=\"_blank\" rel=\"noopener\">www.e-recht24.de<\/a><\/p>\n","protected":false},"excerpt":{"rendered":"<p>Angaben gem\u00e4\u00df\u00a0 5 TMG (Telemediengesetz): Gemeinde M\u00fchlingen K\u00f6rperschaft des \u00f6ffentlichen Rechts vertreten durch: B\u00fcrgermeister Thorsten Scigliano Postanschrift Gemeindeverwaltung M\u00fchlingen Im <a href=\"https:\/\/muehlingen.de\/?page_id=295\"> [&#8230;]<\/a><\/p>\n","protected":false},"author":1,"featured_media":0,"parent":0,"menu_order":0,"comment_status":"closed","ping_status":"closed","template":"","meta":{"footnotes":""},"class_list":["post-295","page","type-page","status-publish","hentry"],"publishpress_future_action":{"enabled":false,"date":"2026-05-07 09:02:09","action":"change-status","newStatus":"draft","terms":[],"taxonomy":"","extraData":[]},"publishpress_future_workflow_manual_trigger":{"enabledWorkflows":[]},"_links":{"self":[{"href":"https:\/\/muehlingen.de\/index.php?rest_route=\/wp\/v2\/pages\/295","targetHints":{"allow":["GET"]}}],"collection":[{"href":"https:\/\/muehlingen.de\/index.php?rest_route=\/wp\/v2\/pages"}],"about":[{"href":"https:\/\/muehlingen.de\/index.php?rest_route=\/wp\/v2\/types\/page"}],"author":[{"embeddable":true,"href":"https:\/\/muehlingen.de\/index.php?rest_route=\/wp\/v2\/users\/1"}],"replies":[{"embeddable":true,"href":"https:\/\/muehlingen.de\/index.php?rest_route=%2Fwp%2Fv2%2Fcomments&post=295"}],"version-history":[{"count":19,"href":"https:\/\/muehlingen.de\/index.php?rest_route=\/wp\/v2\/pages\/295\/revisions"}],"predecessor-version":[{"id":3752,"href":"https:\/\/muehlingen.de\/index.php?rest_route=\/wp\/v2\/pages\/295\/revisions\/3752"}],"wp:attachment":[{"href":"https:\/\/muehlingen.de\/index.php?rest_route=%2Fwp%2Fv2%2Fmedia&parent=295"}],"curies":[{"name":"wp","href":"https:\/\/api.w.org\/{rel}","templated":true}]}}