{"id":337,"date":"2018-04-12T17:23:12","date_gmt":"2018-04-12T15:23:12","guid":{"rendered":"http:\/\/muehlingen.de\/wordpress_01\/?page_id=337"},"modified":"2026-04-27T12:12:51","modified_gmt":"2026-04-27T10:12:51","slug":"formulare","status":"publish","type":"page","link":"https:\/\/muehlingen.de\/?page_id=337","title":{"rendered":"Formulare"},"content":{"rendered":"<div class=\"fusion-fullwidth fullwidth-box fusion-builder-row-1 fusion-flex-container nonhundred-percent-fullwidth non-hundred-percent-height-scrolling\" style=\"--awb-border-radius-top-left:0px;--awb-border-radius-top-right:0px;--awb-border-radius-bottom-right:0px;--awb-border-radius-bottom-left:0px;--awb-flex-wrap:wrap;\" ><div class=\"fusion-builder-row fusion-row fusion-flex-align-items-flex-start fusion-flex-content-wrap\" style=\"max-width:1664px;margin-left: calc(-4% \/ 2 );margin-right: calc(-4% \/ 2 );\"><div class=\"fusion-layout-column fusion_builder_column fusion-builder-column-0 fusion_builder_column_1_1 1_1 fusion-flex-column\" style=\"--awb-bg-color:var(--awb-custom_color_1);--awb-bg-color-hover:var(--awb-custom_color_1);--awb-bg-size:cover;--awb-width-large:100%;--awb-margin-top-large:0px;--awb-spacing-right-large:1.92%;--awb-margin-bottom-large:20px;--awb-spacing-left-large:1.92%;--awb-width-medium:100%;--awb-order-medium:0;--awb-spacing-right-medium:1.92%;--awb-spacing-left-medium:1.92%;--awb-width-small:100%;--awb-order-small:0;--awb-spacing-right-small:1.92%;--awb-spacing-left-small:1.92%;\" data-scroll-devices=\"small-visibility,medium-visibility,large-visibility\"><div class=\"fusion-column-wrapper fusion-column-has-shadow fusion-flex-justify-content-flex-start fusion-content-layout-column\"><div class=\"fusion-text fusion-text-1\" style=\"--awb-margin-top:0px;\"><h4><span style=\"color: #ffffff;\">Liebe B\u00fcrgerinnen und B\u00fcrger,<\/span><\/h4>\n<p><span style=\"color: #ffffff;\">hier k\u00f6nnen Sie eine gewisse Auswahl an Dokumenten ausw\u00e4hlen und ausdrucken.<\/span><br \/>\n<span style=\"color: #ffffff;\">Sicherlich ist dies noch kein vollst\u00e4ndiges Digitalisierungsangebot, jedoch m\u00f6chten wir hiermit Ihnen ein paar Formulare online zug\u00e4nglich machen.<\/span><\/p>\n<\/div><\/div><\/div><div class=\"fusion-layout-column fusion_builder_column fusion-builder-column-1 fusion_builder_column_1_1 1_1 fusion-flex-column\" style=\"--awb-padding-top:10px;--awb-padding-right:10px;--awb-padding-bottom:45px;--awb-padding-left:10px;--awb-bg-color:#ffffff;--awb-bg-color-hover:#ffffff;--awb-bg-size:cover;--awb-width-large:100%;--awb-margin-top-large:0px;--awb-spacing-right-large:1.92%;--awb-margin-bottom-large:0px;--awb-spacing-left-large:1.92%;--awb-width-medium:100%;--awb-spacing-right-medium:1.92%;--awb-spacing-left-medium:1.92%;--awb-width-small:100%;--awb-spacing-right-small:1.92%;--awb-spacing-left-small:1.92%;\"><div class=\"fusion-column-wrapper fusion-flex-justify-content-flex-start fusion-content-layout-column\"><div class=\"fusion-text fusion-text-2 awb-text-cols fusion-text-columns-2\" style=\"--awb-columns:2;--awb-column-spacing:2em;--awb-column-min-width:100px;\"><p>Anmeldung <a href=\"https:\/\/muehlingen.de\/wordpress_01\/wp-content\/uploads\/Erweitertes-Grundschulbetreuungsangebot-2025.pdf\">Erweitertes Grundschulbetreuungsangebot<\/a><\/p>\n<p>Anmeldung zum <a href=\"https:\/\/muehlingen.de\/wordpress_01\/wp-content\/uploads\/Anmeldung-E-Schrott_Homepage.pdf\">E-Schrott<\/a><\/p>\n<p>An-\/ Abmeldung <a href=\"https:\/\/muehlingen.de\/wordpress_01\/wp-content\/uploads\/Hundesteueranmeldung.pdf\">Hundesteuer<\/a><\/p>\n<p>An-\/ Um-\/ Abmeldung <a href=\"https:\/\/muehlingen.de\/wordpress_01\/wp-content\/uploads\/Muellbehaelter-ab-01.04.2026.pdf\">M\u00fcllbeh\u00e4lter (ab 01.04.2026)<\/a><\/p>\n<p>Geb\u00fchrenordnung <a href=\"https:\/\/muehlingen.de\/wordpress_01\/wp-content\/uploads\/Gebuehrenordnung-Mehrzweckhallen-und-Gemeindesaele-04-2024-1.pdf\">Mehrzweckhallen und Gemeindes\u00e4le<\/a><\/p>\n<p>Benutzungsantrag <a href=\"https:\/\/muehlingen.de\/wordpress_01\/wp-content\/uploads\/Benutzungsantrag-blanko-DGHM-CHG-Stand-03-2025.pdf\">Clubhaus Gallmannsweil&nbsp; Stand 03 2025<\/a><\/p>\n<p>Benutzungsantrag <a href=\"https:\/\/muehlingen.de\/wordpress_01\/wp-content\/uploads\/Benutzungsantrag-blanko-DGHM-CHG-Stand-03-2025.pdf\">DGH Mainwangen Stand 03 2025<\/a><\/p>\n<p>Benutzungsantrag&nbsp;<a href=\"https:\/\/muehlingen.de\/wordpress_01\/wp-content\/uploads\/Benutzungsantrag-blanko-WBH-Stand-04-2024.pdf\">Weiherbachhalle Stand 04 2024<\/a><\/p>\n<p>Benutzungsantrag&nbsp;<a href=\"https:\/\/muehlingen.de\/wordpress_01\/wp-content\/uploads\/Benutzungsantrag-blanko-SBH-Stand-01-2026.pdf\">Schlo\u00dfb\u00fchlhalle Stand 01 2026<\/a><\/p>\n<p>Bewerbung f\u00fcr <a href=\"https:\/\/muehlingen.de\/wordpress_01\/wp-content\/uploads\/frmbauplatz.pdf\" target=\"_blank\" rel=\"noopener noreferrer\">Wohnbauplatz<\/a><\/p>\n<p>Bestellung <a href=\"https:\/\/muehlingen.de\/wordpress_01\/wp-content\/uploads\/frmoch.pdf\" target=\"_blank\" rel=\"noopener noreferrer\">Ortschronik<\/a><\/p>\n<p>Gewerbe <a href=\"https:\/\/muehlingen.de\/wordpress_01\/wp-content\/uploads\/frm_gewerbeanmeldung.pdf\" target=\"_blank\" rel=\"noopener noreferrer\">Anmeldung<\/a><\/p>\n<p>Gewerbe <a href=\"https:\/\/muehlingen.de\/wordpress_01\/wp-content\/uploads\/frm_gewerbeummeldung.pdf\" target=\"_blank\" rel=\"noopener noreferrer\">Ummeldung<\/a><\/p>\n<p>Gewerbe <a href=\"https:\/\/muehlingen.de\/wordpress_01\/wp-content\/uploads\/frm_gewerbeabmeldung.pdf\" target=\"_blank\" rel=\"noopener noreferrer\">Abmeldung<\/a><\/p>\n<p>Anzeige Veranstaltung mit Ausschank <a href=\"https:\/\/muehlingen.de\/wordpress_01\/wp-content\/uploads\/Anzeige-Veranstaltung.pdf\">Anzeige Veranstaltung<\/a><\/p>\n<\/div><\/div><\/div><\/div><\/div>\n","protected":false},"excerpt":{"rendered":"","protected":false},"author":1,"featured_media":0,"parent":0,"menu_order":0,"comment_status":"closed","ping_status":"closed","template":"","meta":{"footnotes":""},"class_list":["post-337","page","type-page","status-publish","hentry"],"publishpress_future_action":{"enabled":false,"date":"2026-05-07 13:14:49","action":"change-status","newStatus":"draft","terms":[],"taxonomy":"","extraData":[]},"publishpress_future_workflow_manual_trigger":{"enabledWorkflows":[]},"_links":{"self":[{"href":"https:\/\/muehlingen.de\/index.php?rest_route=\/wp\/v2\/pages\/337","targetHints":{"allow":["GET"]}}],"collection":[{"href":"https:\/\/muehlingen.de\/index.php?rest_route=\/wp\/v2\/pages"}],"about":[{"href":"https:\/\/muehlingen.de\/index.php?rest_route=\/wp\/v2\/types\/page"}],"author":[{"embeddable":true,"href":"https:\/\/muehlingen.de\/index.php?rest_route=\/wp\/v2\/users\/1"}],"replies":[{"embeddable":true,"href":"https:\/\/muehlingen.de\/index.php?rest_route=%2Fwp%2Fv2%2Fcomments&post=337"}],"version-history":[{"count":69,"href":"https:\/\/muehlingen.de\/index.php?rest_route=\/wp\/v2\/pages\/337\/revisions"}],"predecessor-version":[{"id":8686,"href":"https:\/\/muehlingen.de\/index.php?rest_route=\/wp\/v2\/pages\/337\/revisions\/8686"}],"wp:attachment":[{"href":"https:\/\/muehlingen.de\/index.php?rest_route=%2Fwp%2Fv2%2Fmedia&parent=337"}],"curies":[{"name":"wp","href":"https:\/\/api.w.org\/{rel}","templated":true}]}}