{"id":4063,"date":"2021-02-15T16:14:20","date_gmt":"2021-02-15T15:14:20","guid":{"rendered":"https:\/\/muehlingen.de\/?page_id=4063"},"modified":"2025-07-24T15:36:52","modified_gmt":"2025-07-24T13:36:52","slug":"wohnbauplaetze","status":"publish","type":"page","link":"https:\/\/muehlingen.de\/?page_id=4063","title":{"rendered":"Wohnbaupl\u00e4tze"},"content":{"rendered":"<div class=\"fusion-fullwidth fullwidth-box fusion-builder-row-1 nonhundred-percent-fullwidth non-hundred-percent-height-scrolling\" style=\"--awb-border-radius-top-left:0px;--awb-border-radius-top-right:0px;--awb-border-radius-bottom-right:0px;--awb-border-radius-bottom-left:0px;--awb-flex-wrap:wrap;\" ><div class=\"fusion-builder-row fusion-row\"><div class=\"fusion-layout-column fusion_builder_column fusion-builder-column-0 fusion_builder_column_1_1 1_1 fusion-one-full fusion-column-first fusion-column-last\" style=\"--awb-bg-size:cover;--awb-margin-bottom:0px;\"><div class=\"fusion-column-wrapper fusion-flex-column-wrapper-legacy\"><div class=\"fusion-text fusion-text-1\"><p><span style=\"color: #ffffff;\"><strong>Aktuell k\u00f6nnen Sie sich auf die baureifen Baupl\u00e4tze im Neubaugebiet &#8222;Am Kreuzacker&#8220; &#8211; M\u00fchlingen bewerben.<\/strong><\/span><\/p>\n<p><span style=\"color: #ffffff;\"><strong>Der Verkauf ist jetzt gestartet &#8211; Juli 2025.<\/strong><\/span><\/p>\n<p><span style=\"color: #ffffff;\">Alle Informationen befinden sich auf der Hauptseite der Homepage, den Bebauungsplan finden Sie im Bereich Wirtschaft\/Bauen.<\/span><\/p>\n<p><span style=\"color: #ffffff;\">Weitere Informationen erhalten Sie von der Leitung Hauptamt Birgit<\/span><span style=\"color: #000000;\"><span style=\"color: #ffffff;\"> von Glan<\/span> <span style=\"color: #3366ff;\">(<a style=\"color: #3366ff;\" href=\"mailto:hauptamt@muehlingen.de\">hauptamt@muehlingen.de<\/a>)<\/span><span style=\"color: #ffffff;\"> oder<\/span><\/span><br \/><span style=\"color: #000000;\"><span style=\"color: #ffffff;\">B\u00fcrgermeister Thorsten Scigliano<\/span> <span style=\"color: #3366ff;\">(<a style=\"color: #3366ff;\" href=\"mailto:buergermeister@muehlingen.de\">buergermeister@muehlingen.de<\/a>)<\/span><\/span><\/p>\n<h4 class=\"fusion-responsive-typography-calculated\" style=\"font-weight: 400; --fontsize: 16; line-height: 1.5; --minfontsize: 16;\" data-fontsize=\"16\" data-lineheight=\"24px\"><span style=\"color: #ffffff;\">Um der zuk\u00fcnftigen Nachfrage von Einfamilien- und Mehrfamilienh\u00e4user wieder Baupl\u00e4tze entsprechen zu k\u00f6nnen, befinden wir uns in der Planungsphase f\u00fcr weitere Baugebiete in den Ortsteilen.<\/span><\/h4>\n<h4 class=\"fusion-responsive-typography-calculated\" style=\"font-weight: 400; --fontsize: 16; line-height: 1.5; --minfontsize: 16;\" data-fontsize=\"16\" data-lineheight=\"24px\"><span style=\"color: #ffffff;\">Das Baugebiet &#8222;M\u00fchlacker &#8211; Ortsteil M\u00fchlingen&#8220; ist bereits erschlossen. Bewerbungen k\u00f6nnen f\u00fcr das neue Baugebiete eingereicht werden.<\/span><\/h4>\n<p><span style=\"color: #ffffff;\">Schauen Sie zum Stand der weiteren Baugebiete immer mal ins Amtsblatt oder auf der Homepage vorbei. <\/span><\/p>\n<\/div><div class=\"fusion-clearfix\"><\/div><\/div><\/div><\/div><\/div>\n","protected":false},"excerpt":{"rendered":"","protected":false},"author":1,"featured_media":0,"parent":0,"menu_order":0,"comment_status":"closed","ping_status":"closed","template":"","meta":{"footnotes":""},"class_list":["post-4063","page","type-page","status-publish","hentry"],"publishpress_future_action":{"enabled":false,"date":"2026-05-08 11:42:43","action":"change-status","newStatus":"draft","terms":[],"taxonomy":"","extraData":[]},"publishpress_future_workflow_manual_trigger":{"enabledWorkflows":[]},"_links":{"self":[{"href":"https:\/\/muehlingen.de\/index.php?rest_route=\/wp\/v2\/pages\/4063","targetHints":{"allow":["GET"]}}],"collection":[{"href":"https:\/\/muehlingen.de\/index.php?rest_route=\/wp\/v2\/pages"}],"about":[{"href":"https:\/\/muehlingen.de\/index.php?rest_route=\/wp\/v2\/types\/page"}],"author":[{"embeddable":true,"href":"https:\/\/muehlingen.de\/index.php?rest_route=\/wp\/v2\/users\/1"}],"replies":[{"embeddable":true,"href":"https:\/\/muehlingen.de\/index.php?rest_route=%2Fwp%2Fv2%2Fcomments&post=4063"}],"version-history":[{"count":16,"href":"https:\/\/muehlingen.de\/index.php?rest_route=\/wp\/v2\/pages\/4063\/revisions"}],"predecessor-version":[{"id":8131,"href":"https:\/\/muehlingen.de\/index.php?rest_route=\/wp\/v2\/pages\/4063\/revisions\/8131"}],"wp:attachment":[{"href":"https:\/\/muehlingen.de\/index.php?rest_route=%2Fwp%2Fv2%2Fmedia&parent=4063"}],"curies":[{"name":"wp","href":"https:\/\/api.w.org\/{rel}","templated":true}]}}

Wohnbauplätze

<div class="fusion-fullwidth fullwidth-box fusion-builder-row-1 nonhundred-percent-fullwidth non-hundred-percent-height-scrolling" style="--awb-border-radius-top-left:0px;--awb-border-radius-top-right:0px;--awb-border-radius-bottom-right:0px;--awb-border-radius-bottom-left:0px;--awb-flex-wrap:wrap;" ><div class="fusion-builder-row fusion-row"><div class="fusion-layout-column fusion_builder_column fusion-builder-column-0 fusion_builder_column_1_1 1_1 fusion-one-full fusion-column-first fusion-column-last" style="--awb-bg-size:cover;--awb-margin-bottom:0px;"><div class="fusion-column-wrapper fusion-flex-column-wrapper-legacy"><div class="fusion-text fusion-text-1"><p><span style="color: #ffffff;"><strong>Aktuell können Sie sich auf die baureifen Bauplätze im Neubaugebiet &#8222;Am Kreuzacker&#8220; &#8211; Mühlingen bewerben.</strong></span></p>
<p><span style="color: #ffffff;"><strong>Der Verkauf ist jetzt gestartet &#8211; Juli 2025.</strong></span></p>
<p><span style="color: #ffffff;">Alle Informationen befinden sich auf der Hauptseite der Homepage, den Bebauungsplan finden Sie im Bereich Wirtschaft/Bauen.</span></p>
<p><span style="color: #ffffff;">Weitere Informationen erhalten Sie von der Leitung Hauptamt Birgit</span><span style="color: #000000;"><span style="color: #ffffff;"> von Glan</span> <span style="color: #3366ff;">(<a style="color: #3366ff;" href="mailto:hauptamt@muehlingen.de">hauptamt@muehlingen.de</a>)</span><span style="color: #ffffff;"> oder</span></span><br /><span style="color: #000000;"><span style="color: #ffffff;">Bürgermeister Thorsten Scigliano</span> <span style="color: #3366ff;">(<a style="color: #3366ff;" href="mailto:buergermeister@muehlingen.de">buergermeister@muehlingen.de</a>)</span></span></p>
<h4 class="fusion-responsive-typography-calculated" style="font-weight: 400; --fontsize: 16; line-height: 1.5; --minfontsize: 16;" data-fontsize="16" data-lineheight="24px"><span style="color: #ffffff;">Um der zukünftigen Nachfrage von Einfamilien- und Mehrfamilienhäuser wieder Bauplätze entsprechen zu können, befinden wir uns in der Planungsphase für weitere Baugebiete in den Ortsteilen.</span></h4>
<h4 class="fusion-responsive-typography-calculated" style="font-weight: 400; --fontsize: 16; line-height: 1.5; --minfontsize: 16;" data-fontsize="16" data-lineheight="24px"><span style="color: #ffffff;">Das Baugebiet &#8222;Mühlacker &#8211; Ortsteil Mühlingen&#8220; ist bereits erschlossen. Bewerbungen können für das neue Baugebiete eingereicht werden.</span></h4>
<p><span style="color: #ffffff;">Schauen Sie zum Stand der weiteren Baugebiete immer mal ins Amtsblatt oder auf der Homepage vorbei. </span></p>
</div><div class="fusion-clearfix"></div></div></div></div></div>
