{"id":4120,"date":"2021-02-17T13:29:32","date_gmt":"2021-02-17T12:29:32","guid":{"rendered":"https:\/\/muehlingen.de\/?page_id=4120"},"modified":"2026-03-03T17:36:43","modified_gmt":"2026-03-03T16:36:43","slug":"app-service","status":"publish","type":"page","link":"https:\/\/muehlingen.de\/?page_id=4120","title":{"rendered":"Stellenangebote"},"content":{"rendered":"<div class=\"fusion-fullwidth fullwidth-box fusion-builder-row-1 nonhundred-percent-fullwidth non-hundred-percent-height-scrolling\" style=\"--awb-border-radius-top-left:0px;--awb-border-radius-top-right:0px;--awb-border-radius-bottom-right:0px;--awb-border-radius-bottom-left:0px;--awb-padding-top:0px;--awb-padding-bottom:162px;--awb-margin-top:0px;--awb-margin-bottom:41px;--awb-flex-wrap:wrap;\" ><div class=\"fusion-builder-row fusion-row\"><div class=\"fusion-layout-column fusion_builder_column fusion-builder-column-0 fusion_builder_column_2_3 2_3 fusion-two-third fusion-column-first\" style=\"--awb-bg-size:cover;width:66.666666666667%;width:calc(66.666666666667% - ( ( 4% ) * 0.66666666666667 ) );margin-right: 4%;\"><div class=\"fusion-column-wrapper fusion-column-has-shadow fusion-flex-column-wrapper-legacy\"><div class=\"fusion-text fusion-text-1\"><hr>\n<h3 class=\"fusion-responsive-typography-calculated\" style=\"text-align: center; --fontsize: 20; line-height: 1.5; --minfontsize: 20;\" data-fontsize=\"20\" data-lineheight=\"30px\"><span style=\"color: #ffffff;\"><strong>Wir suchen immer Verst\u00e4rkung in unserer sch\u00f6nen Gemeinde M\u00fchlingen.<\/strong><\/span><\/h3>\n<hr>\n<h4 class=\"fusion-responsive-typography-calculated\" style=\"text-align: center; --fontsize: 16; line-height: 1.5; --minfontsize: 16;\" data-fontsize=\"16\" data-lineheight=\"24px\"><span style=\"color: #ffffff;\"><strong>Wollen Sie mit dazu beitragen, dass die Gemeinde ein Wohlf\u00fchlort f\u00fcr alle ist? <\/strong><\/span><\/h4>\n<h4 class=\"fusion-responsive-typography-calculated\" style=\"text-align: center; --fontsize: 16; line-height: 1.5; --minfontsize: 16;\" data-fontsize=\"16\" data-lineheight=\"24px\"><span style=\"color: #ffffff;\"><strong>Kein Stellenangebot f\u00fcr Sie vorhanden? Dann bewerben Sie sich gerne auch Initiativ bei uns.<\/strong><\/span><\/h4>\n<hr>\n<h3 class=\"\" style=\"--fontsize: 20; line-height: 1.5; --minfontsize: 20;\" data-fontsize=\"20\" data-lineheight=\"30px\"><strong><span style=\"color: #333333;\">Aktuelle Stellenangebote (Stand 03.03.2026)<\/span><\/strong><\/h3>\n<h3 class=\"fusion-responsive-typography-calculated\" style=\"--fontsize: 20; line-height: 1.5; --minfontsize: 20;\" data-fontsize=\"20\" data-lineheight=\"30px\">Im Moment gibt es keine offenen Stellen im Bereich Verwaltung und Bauhof<\/h3>\n<hr>\n<h3 class=\"fusion-responsive-typography-calculated\" style=\"--fontsize: 20; line-height: 1.5; --minfontsize: 20;\" data-fontsize=\"20\" data-lineheight=\"30px\"><strong>Vorschl\u00e4ge f\u00fcr Initiativbewerbungen<\/strong><\/h3>\n<hr>\n<h3 class=\"fusion-responsive-typography-calculated\" style=\"--fontsize: 20; line-height: 1.5; --minfontsize: 20;\" data-fontsize=\"20\" data-lineheight=\"30px\"><span style=\"color: #000000;\"><a style=\"color: #000000;\" href=\"https:\/\/muehlingen.de\/wordpress_01\/wp-content\/uploads\/Kiga-05-2025-Lang.pdf\"><span style=\"color: #333333;\">Initiativbewerbung Erzieherinnen (m\/w\/d) (\u00dc3\/U3) 70-100% <\/span><span style=\"color: #ff0000;\">(klick)<\/span><\/a><\/span><\/h3>\n<h3 class=\"fusion-responsive-typography-calculated\" style=\"--fontsize: 20; line-height: 1.5; --minfontsize: 20;\" data-fontsize=\"20\" data-lineheight=\"30px\"><span style=\"color: #000000;\"><a style=\"color: #000000;\" href=\"https:\/\/muehlingen.de\/wordpress_01\/wp-content\/uploads\/Kiga-Leistungen-05-2025.pdf\"><span style=\"color: #333333;\">Unsere Einrichtungsplanungen (\u00dc3) und Leistungen f\u00fcr Erzieherinnen (m\/w\/d) <\/span><span style=\"color: #ff0000;\">(klick)<\/span><\/a><\/span><\/h3>\n<hr>\n<h3 class=\"fusion-responsive-typography-calculated\" style=\"--fontsize: 20; line-height: 1.5; --minfontsize: 20;\" data-fontsize=\"20\" data-lineheight=\"30px\"><a href=\"https:\/\/muehlingen.de\/wordpress_01\/wp-content\/uploads\/Stellenausschreibung-FSJ-2024.pdf\"><span style=\"color: #333333;\">Stellenausschreibung Freiwilligen Dienst (FSJ\/BFD) Grundschule M\u00fchlingen <\/span><span style=\"color: #ff0000;\">(klick)<\/span><\/a><\/h3>\n<hr>\n<\/div><div class=\"fusion-title title fusion-title-1 fusion-sep-none fusion-title-text fusion-title-size-one\" style=\"--awb-margin-top-small:0px;--awb-margin-right-small:0px;--awb-margin-bottom-small:20px;--awb-margin-left-small:0px;\"><h1 class=\"fusion-title-heading title-heading-left fusion-responsive-typography-calculated\" style=\"margin:0;--fontSize:20;--minFontSize:20;line-height:1.4;\"><\/h1><\/div><div class=\"fusion-title title fusion-title-2 fusion-sep-none fusion-title-text fusion-title-size-one\" style=\"--awb-margin-top-small:0px;--awb-margin-right-small:0px;--awb-margin-bottom-small:20px;--awb-margin-left-small:0px;\"><h1 class=\"fusion-title-heading title-heading-left fusion-responsive-typography-calculated\" style=\"margin:0;--fontSize:20;--minFontSize:20;line-height:1.4;\"><\/h1><\/div><div class=\"fusion-clearfix\"><\/div><\/div><\/div><div class=\"fusion-layout-column fusion_builder_column fusion-builder-column-1 fusion_builder_column_1_3 1_3 fusion-one-third fusion-column-last\" style=\"--awb-bg-size:cover;width:33.333333333333%;width:calc(33.333333333333% - ( ( 4% ) * 0.33333333333333 ) );\"><div class=\"fusion-column-wrapper fusion-column-has-shadow fusion-flex-column-wrapper-legacy\"><div class=\"fusion-text fusion-text-2\"><h4 class=\"fusion-responsive-typography-calculated\" style=\"--fontsize: 16; line-height: 1.5; --minfontsize: 16;\" data-fontsize=\"16\" data-lineheight=\"24px\"><span style=\"color: #ffffff;\"><strong>Kein Stellenangebot was passt oder vorhanden?<\/strong><\/span><\/h4>\n<hr \/>\n<p><span style=\"color: #ffffff;\"><strong>Wir suchen in allen Bereichen der Kinderbetreuung in Krippe, Kindergarten oder verl\u00e4ssliche Grundschule immer wieder mal Verst\u00e4rkung. Aber auch in anderen Bereichen der Gemeinde, entsteht immer wieder mal ein Stellenangebot.<\/strong><\/span><\/p>\n<p><span style=\"color: #ffffff;\"><strong>Nicht, weil sich unsere Mitarbeiterinnen und Mitarbeiter nicht wohl f\u00fchlen, sondern weil wir eine wachstumsstarke und beliebte Gemeinde sind.<\/strong><\/span><\/p>\n<p><span style=\"color: #ffffff;\"><strong>Nat\u00fcrlich entstehen auch Stellenangebote, weil sich die Lebenssituation unserer Mitarbeiterinnen und Mitarbeiter immer mal \u00e4ndert.<\/strong><\/span><\/p>\n<p><span style=\"color: #ffffff;\"><strong>Das ist Ihre Chance auf eine neue Perspektive und Herausforderung.<\/strong><\/span><\/p>\n<p><span style=\"color: #ffffff;\"><strong>Wir freuen uns auf Ihre Initiativbewerbung. Welche Sie mit den \u00fcblichen Unterlagen, gerne auch als Kurzbewerbung per Mail (bewerbung@muehlingen.de) oder postalisch an:<\/strong><\/span><\/p>\n<p><span style=\"color: #ffffff;\"><strong>Gemeinde M\u00fchlingen, Im G\u00f6hren 2, 78357 M\u00fchlingen senden k\u00f6nnen.<\/strong><\/span><\/p>\n<hr \/>\n<p><span style=\"color: #ffffff;\"><strong>F\u00fcr R\u00fcckfragen k\u00f6nnen Sie sich an <\/strong><\/span><\/p>\n<p><span style=\"color: #ffffff;\"><strong>Leitung Hauptamt Frau von Glan oder <\/strong><\/span><span style=\"color: #ffffff; font-family: var(--awb-text-font-family); font-size: var(--awb-font-size); font-style: var(--awb-text-font-style); font-weight: var(--awb-text-font-weight); letter-spacing: var(--awb-letter-spacing); text-align: var(--awb-content-alignment); text-transform: var(--awb-text-transform); background-color: var(--awb-bg-color-hover);\"><strong>B\u00fcrgermeister Thorsten Scigliano<\/strong> <\/span><strong style=\"color: #ffffff; font-family: var(--awb-text-font-family); font-size: var(--awb-font-size); font-style: var(--awb-text-font-style); letter-spacing: var(--awb-letter-spacing); text-align: var(--awb-content-alignment); text-transform: var(--awb-text-transform); background-color: var(--awb-bg-color-hover);\">wenden.<\/strong><\/p>\n<p><span style=\"color: #ffffff;\"><strong>Zentrale +49 (0)7775 9303-0<\/strong><\/span><\/p>\n<\/div><div class=\"fusion-clearfix\"><\/div><\/div><\/div><\/div><\/div>\n","protected":false},"excerpt":{"rendered":"","protected":false},"author":1,"featured_media":0,"parent":0,"menu_order":0,"comment_status":"closed","ping_status":"closed","template":"","meta":{"footnotes":""},"class_list":["post-4120","page","type-page","status-publish","hentry"],"publishpress_future_action":{"enabled":false,"date":"2026-05-07 22:11:40","action":"change-status","newStatus":"draft","terms":[],"taxonomy":"","extraData":[]},"publishpress_future_workflow_manual_trigger":{"enabledWorkflows":[]},"_links":{"self":[{"href":"https:\/\/muehlingen.de\/index.php?rest_route=\/wp\/v2\/pages\/4120","targetHints":{"allow":["GET"]}}],"collection":[{"href":"https:\/\/muehlingen.de\/index.php?rest_route=\/wp\/v2\/pages"}],"about":[{"href":"https:\/\/muehlingen.de\/index.php?rest_route=\/wp\/v2\/types\/page"}],"author":[{"embeddable":true,"href":"https:\/\/muehlingen.de\/index.php?rest_route=\/wp\/v2\/users\/1"}],"replies":[{"embeddable":true,"href":"https:\/\/muehlingen.de\/index.php?rest_route=%2Fwp%2Fv2%2Fcomments&post=4120"}],"version-history":[{"count":107,"href":"https:\/\/muehlingen.de\/index.php?rest_route=\/wp\/v2\/pages\/4120\/revisions"}],"predecessor-version":[{"id":8595,"href":"https:\/\/muehlingen.de\/index.php?rest_route=\/wp\/v2\/pages\/4120\/revisions\/8595"}],"wp:attachment":[{"href":"https:\/\/muehlingen.de\/index.php?rest_route=%2Fwp%2Fv2%2Fmedia&parent=4120"}],"curies":[{"name":"wp","href":"https:\/\/api.w.org\/{rel}","templated":true}]}}