{"id":4196,"date":"2021-02-19T22:21:37","date_gmt":"2021-02-19T21:21:37","guid":{"rendered":"https:\/\/muehlingen.de\/?page_id=4196"},"modified":"2025-12-05T09:21:32","modified_gmt":"2025-12-05T08:21:32","slug":"abfallentsorgung-2","status":"publish","type":"page","link":"https:\/\/muehlingen.de\/?page_id=4196","title":{"rendered":"Abfallentsorgung"},"content":{"rendered":"<div class=\"fusion-fullwidth fullwidth-box fusion-builder-row-1 nonhundred-percent-fullwidth non-hundred-percent-height-scrolling\" style=\"--awb-border-sizes-top:0px;--awb-border-sizes-bottom:0px;--awb-border-sizes-left:0px;--awb-border-sizes-right:0px;--awb-border-radius-top-left:0px;--awb-border-radius-top-right:0px;--awb-border-radius-bottom-right:0px;--awb-border-radius-bottom-left:0px;--awb-flex-wrap:wrap;\" ><div class=\"fusion-builder-row fusion-row\"><div class=\"fusion-layout-column fusion_builder_column fusion-builder-column-0 fusion_builder_column_1_1 1_1 fusion-one-full fusion-column-first fusion-column-last fusion-column-no-min-height\" style=\"--awb-padding-bottom:175px;--awb-bg-size:cover;--awb-margin-bottom:0px;\"><div class=\"fusion-column-wrapper fusion-column-has-shadow fusion-flex-column-wrapper-legacy\"><div class=\"fusion-tabs fusion-tabs-1 classic nav-is-justified horizontal-tabs icon-position-left mobile-mode-accordion\" style=\"--awb-title-border-radius-top-left:0px;--awb-title-border-radius-top-right:0px;--awb-title-border-radius-bottom-right:0px;--awb-title-border-radius-bottom-left:0px;--awb-alignment:start;--awb-inactive-color:#f1f2f2;--awb-background-color:#ffffff;--awb-border-color:#f2f2f2;--awb-active-border-color:#004cff;\"><div class=\"nav\"><ul class=\"nav-tabs nav-justified\" role=\"tablist\" aria-orientation=\"horizontal\"><li class=\"active\" role=\"presentation\"><a class=\"tab-link\" data-toggle=\"tab\" role=\"tab\" aria-controls=\"tab-f632d070cc69033dfd4\" aria-selected=\"true\" tabindex=\"0\" id=\"fusion-tab-f632d070cc69033dfd4\" href=\"#tab-f632d070cc69033dfd4\"><h4 class=\"fusion-tab-heading\"><i class=\"fontawesome-icon fa-plus fas\" aria-hidden=\"true\" style=\"font-size:13px;\"><\/i>Gr\u00fcnschnitt<\/h4><\/a><\/li><li  role=\"presentation\"><a class=\"tab-link\" data-toggle=\"tab\" role=\"tab\" aria-controls=\"tab-1983c719255df849a8d\" aria-selected=\"false\" tabindex=\"-1\" id=\"fusion-tab-1983c719255df849a8d\" href=\"#tab-1983c719255df849a8d\"><h4 class=\"fusion-tab-heading\"><i class=\"fontawesome-icon fa-plus fas\" aria-hidden=\"true\" style=\"font-size:13px;\"><\/i>Altglas<\/h4><\/a><\/li><li  role=\"presentation\"><a class=\"tab-link\" data-toggle=\"tab\" role=\"tab\" aria-controls=\"tab-43c07a7bdbba07aad4a\" aria-selected=\"false\" tabindex=\"-1\" id=\"fusion-tab-43c07a7bdbba07aad4a\" href=\"#tab-43c07a7bdbba07aad4a\"><h4 class=\"fusion-tab-heading\"><i class=\"fontawesome-icon fa-plus fas\" aria-hidden=\"true\" style=\"font-size:13px;\"><\/i>Altkleider<\/h4><\/a><\/li><li  role=\"presentation\"><a class=\"tab-link\" data-toggle=\"tab\" role=\"tab\" aria-controls=\"tab-3eb7f80100bc9f776bb\" aria-selected=\"false\" tabindex=\"-1\" id=\"fusion-tab-3eb7f80100bc9f776bb\" href=\"#tab-3eb7f80100bc9f776bb\"><h4 class=\"fusion-tab-heading\"><i class=\"fontawesome-icon fa-plus fas\" aria-hidden=\"true\" style=\"font-size:13px;\"><\/i>sonstige Abf\u00e4lle<\/h4><\/a><\/li><\/ul><\/div><div class=\"tab-content\"><div class=\"nav fusion-mobile-tab-nav\"><ul class=\"nav-tabs nav-justified\" role=\"tablist\" aria-orientation=\"horizontal\"><li class=\"active\" role=\"presentation\"><a class=\"tab-link\" data-toggle=\"tab\" role=\"tab\" aria-controls=\"tab-f632d070cc69033dfd4\" aria-selected=\"true\" tabindex=\"0\" id=\"mobile-fusion-tab-f632d070cc69033dfd4\" href=\"#tab-f632d070cc69033dfd4\"><h4 class=\"fusion-tab-heading\"><i class=\"fontawesome-icon fa-plus fas\" aria-hidden=\"true\" style=\"font-size:13px;\"><\/i>Gr\u00fcnschnitt<\/h4><\/a><\/li><\/ul><\/div><div class=\"tab-pane fade fusion-clearfix in active\" role=\"tabpanel\" tabindex=\"0\" aria-labelledby=\"fusion-tab-f632d070cc69033dfd4\" id=\"tab-f632d070cc69033dfd4\">\n<h3><strong>In der Gemeinde ist ein Standort f\u00fcr Gr\u00fcnschnittentsorgung auf dem Gel\u00e4nde des Bauhofs<\/strong><\/h3>\n<hr>\n<p>\u00d6ffnungszeiten:<\/p>\n<p>Montag&nbsp; &nbsp; &nbsp; &nbsp; &nbsp; &nbsp; &nbsp; 7.30 \u2013 16.30 Uhr<br \/>Dienstag&nbsp; &nbsp; &nbsp; &nbsp; &nbsp; &nbsp; 7.30 \u2013 <strong>17.30<\/strong> Uhr<br \/>Mittwoch&nbsp; &nbsp; &nbsp; &nbsp; &nbsp; &nbsp;7.30 \u2013 16.30 Uhr<br \/>Donnerstag&nbsp; &nbsp; &nbsp; &nbsp;7.30 \u2013 16.30 Uhr<br \/>Freitag&nbsp; &nbsp; &nbsp; &nbsp; &nbsp; &nbsp; &nbsp; &nbsp; 7.30 \u2013 12.00 Uhr<br \/>Samstag&nbsp; &nbsp; &nbsp; &nbsp; &nbsp; &nbsp; &nbsp; geschlossen<br \/>Sonntag&nbsp; &nbsp; &nbsp; &nbsp; &nbsp; &nbsp; &nbsp; geschlossen<\/p>\n<p><strong>Wo?<\/strong><br \/>Hauptstrasse 1, M\u00fchlingen<br \/>Bauhofgel\u00e4nde<\/p>\n<hr>\n<p><b>Baum und Strauchschnitt k\u00f6nnen Sie in der Gemeinde \u00fcber die regelm\u00e4\u00dfigen H\u00e4ckselaktionen &#8211; Im Birken, M\u00fchlingen (Wanderh\u00fctte) kostenlos entsorgen.<\/b><\/p>\n<p><strong>Die Termine finden Sie im M\u00fcllkalender, bzw. wird dies auch rechtzeitig noch mal im Amtsblatt abgedruckt.<\/strong><\/p>\n<hr>\n<\/div><div class=\"nav fusion-mobile-tab-nav\"><ul class=\"nav-tabs nav-justified\" role=\"tablist\" aria-orientation=\"horizontal\"><li  role=\"presentation\"><a class=\"tab-link\" data-toggle=\"tab\" role=\"tab\" aria-controls=\"tab-1983c719255df849a8d\" aria-selected=\"false\" tabindex=\"-1\" id=\"mobile-fusion-tab-1983c719255df849a8d\" href=\"#tab-1983c719255df849a8d\"><h4 class=\"fusion-tab-heading\"><i class=\"fontawesome-icon fa-plus fas\" aria-hidden=\"true\" style=\"font-size:13px;\"><\/i>Altglas<\/h4><\/a><\/li><\/ul><\/div><div class=\"tab-pane fade fusion-clearfix\" role=\"tabpanel\" tabindex=\"0\" aria-labelledby=\"fusion-tab-1983c719255df849a8d\" id=\"tab-1983c719255df849a8d\">\n<h3><strong>Einwurfzeiten<\/strong><\/h3>\n<h4>Montag bis Samstag von 8.00 bis 20.00 Uhr.<\/h4>\n<h5>Au\u00dferhalb dieser Uhrzeiten und an Sonn- und Feiertagen ist das Einwerfen von Altglas in die Container untersagt.<\/h5>\n<hr \/>\n<p><b>M\u00fchlingen<\/b><\/p>\n<p>Parkplatz Pfarrhaus (unterhalb Hauptstr.28)<\/p>\n<hr \/>\n<p><strong>Gallmannsweil<\/strong><\/p>\n<p>Waldgass (Schlachthaus)<\/p>\n<hr \/>\n<p><strong>Mainwangen<\/strong><\/p>\n<p>Dorfplatz\/Hintere Steig<\/p>\n<hr \/>\n<p><strong>Schwackenreute<\/strong><\/p>\n<p>Ortsstrasse (unterhalb ehemaliges Schulhaus)<\/p>\n<hr \/>\n<p><strong>Zoznegg<\/strong><\/p>\n<p>Bahnhofstr.17 (Parkplatz Weiherbachschule)<\/p>\n<p>Hohenfelser Str. 16 (ehemaliges Molkegrundst\u00fcck)<\/p>\n<\/div><div class=\"nav fusion-mobile-tab-nav\"><ul class=\"nav-tabs nav-justified\" role=\"tablist\" aria-orientation=\"horizontal\"><li  role=\"presentation\"><a class=\"tab-link\" data-toggle=\"tab\" role=\"tab\" aria-controls=\"tab-43c07a7bdbba07aad4a\" aria-selected=\"false\" tabindex=\"-1\" id=\"mobile-fusion-tab-43c07a7bdbba07aad4a\" href=\"#tab-43c07a7bdbba07aad4a\"><h4 class=\"fusion-tab-heading\"><i class=\"fontawesome-icon fa-plus fas\" aria-hidden=\"true\" style=\"font-size:13px;\"><\/i>Altkleider<\/h4><\/a><\/li><\/ul><\/div><div class=\"tab-pane fade fusion-clearfix\" role=\"tabpanel\" tabindex=\"0\" aria-labelledby=\"fusion-tab-43c07a7bdbba07aad4a\" id=\"tab-43c07a7bdbba07aad4a\">\n<p><b>M\u00fchlingen<\/b><\/p>\n<p>Parkplatz Pfarrhaus (unterhalb Hauptstr.28)<\/p>\n<hr \/>\n<p><strong>Gallmannsweil<\/strong><\/p>\n<p>Waldgass (Schlachthaus)<\/p>\n<hr \/>\n<p><strong>Mainwangen<\/strong><\/p>\n<p>Dorfplatz\/Hintere Steig<\/p>\n<hr \/>\n<p><strong>Schwackenreute<\/strong><\/p>\n<p>keiner<\/p>\n<hr \/>\n<p><strong>Zoznegg<\/strong><\/p>\n<p>Bahnhofstr.17 (Parkplatz Weiherbachschule)<\/p>\n<\/div><div class=\"nav fusion-mobile-tab-nav\"><ul class=\"nav-tabs nav-justified\" role=\"tablist\" aria-orientation=\"horizontal\"><li  role=\"presentation\"><a class=\"tab-link\" data-toggle=\"tab\" role=\"tab\" aria-controls=\"tab-3eb7f80100bc9f776bb\" aria-selected=\"false\" tabindex=\"-1\" id=\"mobile-fusion-tab-3eb7f80100bc9f776bb\" href=\"#tab-3eb7f80100bc9f776bb\"><h4 class=\"fusion-tab-heading\"><i class=\"fontawesome-icon fa-plus fas\" aria-hidden=\"true\" style=\"font-size:13px;\"><\/i>sonstige Abf\u00e4lle<\/h4><\/a><\/li><\/ul><\/div><div class=\"tab-pane fade fusion-clearfix\" role=\"tabpanel\" tabindex=\"0\" aria-labelledby=\"fusion-tab-3eb7f80100bc9f776bb\" id=\"tab-3eb7f80100bc9f776bb\">\n<p><strong>Sie k\u00f6nnen die unten genannten Wertstoffe \u00fcber feste Abfuhrtermine entsorgen oder \u00fcber diverse Entsorgungsfachbetriebe.<\/strong><\/p>\n<p>Der n\u00e4chste Fachbetrieb ist:<\/p>\n<p>Container Marquardt<br \/>Lochacker 3<br \/>78333 Stockach<\/p>\n<hr>\n<p>Hausrat\/Sperrm\u00fcll &#8211; (Abfuhrkalender\/Amtsblatt zu den Terminen beachten)<\/p>\n<p>Metall &#8211; Sammlungen durch Vereine (Abfuhrkalender\/Amtsblatt zu den Terminen beachten)<\/p>\n<p>Elektroschrott &#8211; (Abfuhrkalender\/Amtsblatt zu den Terminen beachten)<\/p>\n<p>Strauch und Baumschnitt &#8211; H\u00e4ckselaktion Im Birken\/M\u00fchlingen (Abfuhrkalender\/Amtsblatt zu den Terminen beachten)<\/p>\n<p>Problemstoff &#8211; (Abfuhrkalender\/Amtsblatt zu den Terminen beachten)<\/p>\n<hr>\n<p><strong>Weitere Fragen?<\/strong><\/p>\n<p>Wenden Sie sich gerne an das Rathaus M\u00fchlingen oder an den Abfallwirtschaftsbetrieb.<\/p>\n<p>Der Landkreis Konstanz hat f\u00fcr die Abfallberatung auch bez\u00fcglich der Problemstoffsammlung eine <strong>zentrale Hotline eingerichtet: 07531 800-<\/strong><strong><u>1551<\/u><\/strong><\/p>\n<\/div><\/div><\/div><div class=\"fusion-clearfix\"><\/div><\/div><\/div><\/div><\/div>\n","protected":false},"excerpt":{"rendered":"","protected":false},"author":1,"featured_media":0,"parent":0,"menu_order":0,"comment_status":"closed","ping_status":"closed","template":"","meta":{"footnotes":""},"class_list":["post-4196","page","type-page","status-publish","hentry"],"publishpress_future_action":{"enabled":false,"date":"2026-05-06 12:31:07","action":"change-status","newStatus":"draft","terms":[],"taxonomy":"","extraData":[]},"publishpress_future_workflow_manual_trigger":{"enabledWorkflows":[]},"_links":{"self":[{"href":"https:\/\/muehlingen.de\/index.php?rest_route=\/wp\/v2\/pages\/4196","targetHints":{"allow":["GET"]}}],"collection":[{"href":"https:\/\/muehlingen.de\/index.php?rest_route=\/wp\/v2\/pages"}],"about":[{"href":"https:\/\/muehlingen.de\/index.php?rest_route=\/wp\/v2\/types\/page"}],"author":[{"embeddable":true,"href":"https:\/\/muehlingen.de\/index.php?rest_route=\/wp\/v2\/users\/1"}],"replies":[{"embeddable":true,"href":"https:\/\/muehlingen.de\/index.php?rest_route=%2Fwp%2Fv2%2Fcomments&post=4196"}],"version-history":[{"count":36,"href":"https:\/\/muehlingen.de\/index.php?rest_route=\/wp\/v2\/pages\/4196\/revisions"}],"predecessor-version":[{"id":8294,"href":"https:\/\/muehlingen.de\/index.php?rest_route=\/wp\/v2\/pages\/4196\/revisions\/8294"}],"wp:attachment":[{"href":"https:\/\/muehlingen.de\/index.php?rest_route=%2Fwp%2Fv2%2Fmedia&parent=4196"}],"curies":[{"name":"wp","href":"https:\/\/api.w.org\/{rel}","templated":true}]}}

<div class="fusion-fullwidth fullwidth-box fusion-builder-row-1 nonhundred-percent-fullwidth non-hundred-percent-height-scrolling" style="--awb-border-sizes-top:0px;--awb-border-sizes-bottom:0px;--awb-border-sizes-left:0px;--awb-border-sizes-right:0px;--awb-border-radius-top-left:0px;--awb-border-radius-top-right:0px;--awb-border-radius-bottom-right:0px;--awb-border-radius-bottom-left:0px;--awb-flex-wrap:wrap;" ><div class="fusion-builder-row fusion-row"><div class="fusion-layout-column fusion_builder_column fusion-builder-column-0 fusion_builder_column_1_1 1_1 fusion-one-full fusion-column-first fusion-column-last fusion-column-no-min-height" style="--awb-padding-bottom:175px;--awb-bg-size:cover;--awb-margin-bottom:0px;"><div class="fusion-column-wrapper fusion-column-has-shadow fusion-flex-column-wrapper-legacy"><div class="fusion-tabs fusion-tabs-1 classic nav-is-justified horizontal-tabs icon-position-left mobile-mode-accordion" style="--awb-title-border-radius-top-left:0px;--awb-title-border-radius-top-right:0px;--awb-title-border-radius-bottom-right:0px;--awb-title-border-radius-bottom-left:0px;--awb-alignment:start;--awb-inactive-color:#f1f2f2;--awb-background-color:#ffffff;--awb-border-color:#f2f2f2;--awb-active-border-color:#004cff;"><div class="nav"><ul class="nav-tabs nav-justified" role="tablist" aria-orientation="horizontal"><li class="active" role="presentation"><a class="tab-link" data-toggle="tab" role="tab" aria-controls="tab-f632d070cc69033dfd4" aria-selected="true" tabindex="0" id="fusion-tab-f632d070cc69033dfd4" href="#tab-f632d070cc69033dfd4"><h4 class="fusion-tab-heading"><i class="fontawesome-icon fa-plus fas" aria-hidden="true" style="font-size:13px;"></i>Grünschnitt</h4></a></li><li  role="presentation"><a class="tab-link" data-toggle="tab" role="tab" aria-controls="tab-1983c719255df849a8d" aria-selected="false" tabindex="-1" id="fusion-tab-1983c719255df849a8d" href="#tab-1983c719255df849a8d"><h4 class="fusion-tab-heading"><i class="fontawesome-icon fa-plus fas" aria-hidden="true" style="font-size:13px;"></i>Altglas</h4></a></li><li  role="presentation"><a class="tab-link" data-toggle="tab" role="tab" aria-controls="tab-43c07a7bdbba07aad4a" aria-selected="false" tabindex="-1" id="fusion-tab-43c07a7bdbba07aad4a" href="#tab-43c07a7bdbba07aad4a"><h4 class="fusion-tab-heading"><i class="fontawesome-icon fa-plus fas" aria-hidden="true" style="font-size:13px;"></i>Altkleider</h4></a></li><li  role="presentation"><a class="tab-link" data-toggle="tab" role="tab" aria-controls="tab-3eb7f80100bc9f776bb" aria-selected="false" tabindex="-1" id="fusion-tab-3eb7f80100bc9f776bb" href="#tab-3eb7f80100bc9f776bb"><h4 class="fusion-tab-heading"><i class="fontawesome-icon fa-plus fas" aria-hidden="true" style="font-size:13px;"></i>sonstige Abfälle</h4></a></li></ul></div><div class="tab-content"><div class="nav fusion-mobile-tab-nav"><ul class="nav-tabs nav-justified" role="tablist" aria-orientation="horizontal"><li class="active" role="presentation"><a class="tab-link" data-toggle="tab" role="tab" aria-controls="tab-f632d070cc69033dfd4" aria-selected="true" tabindex="0" id="mobile-fusion-tab-f632d070cc69033dfd4" href="#tab-f632d070cc69033dfd4"><h4 class="fusion-tab-heading"><i class="fontawesome-icon fa-plus fas" aria-hidden="true" style="font-size:13px;"></i>Grünschnitt</h4></a></li></ul></div><div class="tab-pane fade fusion-clearfix in active" role="tabpanel" tabindex="0" aria-labelledby="fusion-tab-f632d070cc69033dfd4" id="tab-f632d070cc69033dfd4">
<h3><strong>In der Gemeinde ist ein Standort für Grünschnittentsorgung auf dem Gelände des Bauhofs</strong></h3>
<hr>
<p>Öffnungszeiten:</p>
<p>Montag&nbsp; &nbsp; &nbsp; &nbsp; &nbsp; &nbsp; &nbsp; 7.30 – 16.30 Uhr<br />Dienstag&nbsp; &nbsp; &nbsp; &nbsp; &nbsp; &nbsp; 7.30 – <strong>17.30</strong> Uhr<br />Mittwoch&nbsp; &nbsp; &nbsp; &nbsp; &nbsp; &nbsp;7.30 – 16.30 Uhr<br />Donnerstag&nbsp; &nbsp; &nbsp; &nbsp;7.30 – 16.30 Uhr<br />Freitag&nbsp; &nbsp; &nbsp; &nbsp; &nbsp; &nbsp; &nbsp; &nbsp; 7.30 – 12.00 Uhr<br />Samstag&nbsp; &nbsp; &nbsp; &nbsp; &nbsp; &nbsp; &nbsp; geschlossen<br />Sonntag&nbsp; &nbsp; &nbsp; &nbsp; &nbsp; &nbsp; &nbsp; geschlossen</p>
<p><strong>Wo?</strong><br />Hauptstrasse 1, Mühlingen<br />Bauhofgelände</p>
<hr>
<p><b>Baum und Strauchschnitt können Sie in der Gemeinde über die regelmäßigen Häckselaktionen &#8211; Im Birken, Mühlingen (Wanderhütte) kostenlos entsorgen.</b></p>
<p><strong>Die Termine finden Sie im Müllkalender, bzw. wird dies auch rechtzeitig noch mal im Amtsblatt abgedruckt.</strong></p>
<hr>
</div><div class="nav fusion-mobile-tab-nav"><ul class="nav-tabs nav-justified" role="tablist" aria-orientation="horizontal"><li  role="presentation"><a class="tab-link" data-toggle="tab" role="tab" aria-controls="tab-1983c719255df849a8d" aria-selected="false" tabindex="-1" id="mobile-fusion-tab-1983c719255df849a8d" href="#tab-1983c719255df849a8d"><h4 class="fusion-tab-heading"><i class="fontawesome-icon fa-plus fas" aria-hidden="true" style="font-size:13px;"></i>Altglas</h4></a></li></ul></div><div class="tab-pane fade fusion-clearfix" role="tabpanel" tabindex="0" aria-labelledby="fusion-tab-1983c719255df849a8d" id="tab-1983c719255df849a8d">
<h3><strong>Einwurfzeiten</strong></h3>
<h4>Montag bis Samstag von 8.00 bis 20.00 Uhr.</h4>
<h5>Außerhalb dieser Uhrzeiten und an Sonn- und Feiertagen ist das Einwerfen von Altglas in die Container untersagt.</h5>
<hr />
<p><b>Mühlingen</b></p>
<p>Parkplatz Pfarrhaus (unterhalb Hauptstr.28)</p>
<hr />
<p><strong>Gallmannsweil</strong></p>
<p>Waldgass (Schlachthaus)</p>
<hr />
<p><strong>Mainwangen</strong></p>
<p>Dorfplatz/Hintere Steig</p>
<hr />
<p><strong>Schwackenreute</strong></p>
<p>Ortsstrasse (unterhalb ehemaliges Schulhaus)</p>
<hr />
<p><strong>Zoznegg</strong></p>
<p>Bahnhofstr.17 (Parkplatz Weiherbachschule)</p>
<p>Hohenfelser Str. 16 (ehemaliges Molkegrundstück)</p>
</div><div class="nav fusion-mobile-tab-nav"><ul class="nav-tabs nav-justified" role="tablist" aria-orientation="horizontal"><li  role="presentation"><a class="tab-link" data-toggle="tab" role="tab" aria-controls="tab-43c07a7bdbba07aad4a" aria-selected="false" tabindex="-1" id="mobile-fusion-tab-43c07a7bdbba07aad4a" href="#tab-43c07a7bdbba07aad4a"><h4 class="fusion-tab-heading"><i class="fontawesome-icon fa-plus fas" aria-hidden="true" style="font-size:13px;"></i>Altkleider</h4></a></li></ul></div><div class="tab-pane fade fusion-clearfix" role="tabpanel" tabindex="0" aria-labelledby="fusion-tab-43c07a7bdbba07aad4a" id="tab-43c07a7bdbba07aad4a">
<p><b>Mühlingen</b></p>
<p>Parkplatz Pfarrhaus (unterhalb Hauptstr.28)</p>
<hr />
<p><strong>Gallmannsweil</strong></p>
<p>Waldgass (Schlachthaus)</p>
<hr />
<p><strong>Mainwangen</strong></p>
<p>Dorfplatz/Hintere Steig</p>
<hr />
<p><strong>Schwackenreute</strong></p>
<p>keiner</p>
<hr />
<p><strong>Zoznegg</strong></p>
<p>Bahnhofstr.17 (Parkplatz Weiherbachschule)</p>
</div><div class="nav fusion-mobile-tab-nav"><ul class="nav-tabs nav-justified" role="tablist" aria-orientation="horizontal"><li  role="presentation"><a class="tab-link" data-toggle="tab" role="tab" aria-controls="tab-3eb7f80100bc9f776bb" aria-selected="false" tabindex="-1" id="mobile-fusion-tab-3eb7f80100bc9f776bb" href="#tab-3eb7f80100bc9f776bb"><h4 class="fusion-tab-heading"><i class="fontawesome-icon fa-plus fas" aria-hidden="true" style="font-size:13px;"></i>sonstige Abfälle</h4></a></li></ul></div><div class="tab-pane fade fusion-clearfix" role="tabpanel" tabindex="0" aria-labelledby="fusion-tab-3eb7f80100bc9f776bb" id="tab-3eb7f80100bc9f776bb">
<p><strong>Sie können die unten genannten Wertstoffe über feste Abfuhrtermine entsorgen oder über diverse Entsorgungsfachbetriebe.</strong></p>
<p>Der nächste Fachbetrieb ist:</p>
<p>Container Marquardt<br />Lochacker 3<br />78333 Stockach</p>
<hr>
<p>Hausrat/Sperrmüll &#8211; (Abfuhrkalender/Amtsblatt zu den Terminen beachten)</p>
<p>Metall &#8211; Sammlungen durch Vereine (Abfuhrkalender/Amtsblatt zu den Terminen beachten)</p>
<p>Elektroschrott &#8211; (Abfuhrkalender/Amtsblatt zu den Terminen beachten)</p>
<p>Strauch und Baumschnitt &#8211; Häckselaktion Im Birken/Mühlingen (Abfuhrkalender/Amtsblatt zu den Terminen beachten)</p>
<p>Problemstoff &#8211; (Abfuhrkalender/Amtsblatt zu den Terminen beachten)</p>
<hr>
<p><strong>Weitere Fragen?</strong></p>
<p>Wenden Sie sich gerne an das Rathaus Mühlingen oder an den Abfallwirtschaftsbetrieb.</p>
<p>Der Landkreis Konstanz hat für die Abfallberatung auch bezüglich der Problemstoffsammlung eine <strong>zentrale Hotline eingerichtet: 07531 800-</strong><strong><u>1551</u></strong></p>
</div></div></div><div class="fusion-clearfix"></div></div></div></div></div>
