{"id":4706,"date":"2021-08-10T15:12:59","date_gmt":"2021-08-10T13:12:59","guid":{"rendered":"https:\/\/muehlingen.de\/?page_id=4706"},"modified":"2022-10-28T10:27:52","modified_gmt":"2022-10-28T08:27:52","slug":"maengelmeldung","status":"publish","type":"page","link":"https:\/\/muehlingen.de\/?page_id=4706","title":{"rendered":"Sanierung Strassenbeleuchtung"},"content":{"rendered":"<div class=\"fusion-fullwidth fullwidth-box fusion-builder-row-1 fusion-flex-container nonhundred-percent-fullwidth non-hundred-percent-height-scrolling\" style=\"--awb-border-radius-top-left:0px;--awb-border-radius-top-right:0px;--awb-border-radius-bottom-right:0px;--awb-border-radius-bottom-left:0px;--awb-flex-wrap:wrap;\" ><div class=\"fusion-builder-row fusion-row fusion-flex-align-items-flex-start fusion-flex-content-wrap\" style=\"max-width:1664px;margin-left: calc(-4% \/ 2 );margin-right: calc(-4% \/ 2 );\"><div class=\"fusion-layout-column fusion_builder_column fusion-builder-column-0 fusion_builder_column_1_1 1_1 fusion-flex-column\" style=\"--awb-bg-blend:overlay;--awb-bg-size:cover;--awb-width-large:100%;--awb-margin-top-large:0px;--awb-spacing-right-large:1.92%;--awb-margin-bottom-large:0px;--awb-spacing-left-large:1.92%;--awb-width-medium:100%;--awb-spacing-right-medium:1.92%;--awb-spacing-left-medium:1.92%;--awb-width-small:100%;--awb-spacing-right-small:1.92%;--awb-spacing-left-small:1.92%;\"><div class=\"fusion-column-wrapper fusion-flex-justify-content-flex-start fusion-content-layout-column\"><div class=\"fusion-text fusion-text-1\" style=\"--awb-text-transform:none;\"><div class=\"csc-textpic-text\">\n<h3><span style=\"color: #ffffff;\">Sanierung der Strassenbeleuchtung in der Gemeinde M\u00fchlingen durch Umstellung auf LED-Beleuchtung<\/span><\/h3>\n<hr \/>\n<h4><span style=\"color: #ffffff;\"><strong>Umstellung der Strassenbeleuchtung auf LED <\/strong><\/span><\/h4>\n<p><span style=\"color: #ffffff;\">Die Ma\u00dfnahme wurde im Sommer 2022 abgeschlossen und durch das Bundesministerium f\u00fcr Wirtschaft und Klimaschutz gef\u00f6rdert. Durch diese Ma\u00dfnahme werden nun gegen\u00fcber dem Ausgangzustand ca. 35 to Co\u00b2 pro Jahr eingespart.<\/span><\/p>\n<section class=\"module--event_header\">\n<div class=\"grid-container\">\n<div class=\"grid-x grid-padding-x\">\n<div class=\"large-12 cell\">\n<h4><span style=\"color: #ffffff;\"><strong>Kommunalrichtlinie<\/strong><\/span><br \/><span style=\"color: #ffffff;\">Bringen Sie den Klimaschutz in Ihrer Kommune nach vorn!<\/span><\/h4>\n<\/div>\n<\/div>\n<\/div>\n<\/section>\n<section class=\"module--freitext\">\n<div class=\"grid-container\">\n<div class=\"grid-x grid-padding-x\">\n<div class=\"large-10 cell\">\n<p><span style=\"color: #ffffff;\">In Kommunen liegen gro\u00dfe Potenziale, um Treibhausgase zu reduzieren. Mit der Kommunalrichtlinie, die es bereits seit 2008 gibt, unterst\u00fctzt das Bundesministerium f\u00fcr Wirtschaft und Klimaschutz Kommunen und kommunale Akteur*innen dabei, ihre Emissionen nachhaltig zu senken. Die positiven Effekte der Klimaschutzma\u00dfnahmen gehen weit \u00fcber den Schutz des Klimas hinaus: Sie steigern die Lebensqualit\u00e4t vor Ort und sorgen durch sinkende Energiekosten f\u00fcr finanzielle Entlastung. Gleichzeitig kurbeln klimafreundliche Investitionen die regionale Wertsch\u00f6pfung an.<\/span><\/p>\n<\/div>\n<\/div>\n<\/div>\n<\/section>\n<p><a href=\"https:\/\/www.klimaschutz.de\/de\/foerderung\/foerderprogramme\/kommunalrichtlinie\">Hier geht es zur Seite des Projekttr\u00e4gers <span style=\"color: #ff0000;\">(klick)<\/span><\/a><\/p>\n<h4><span style=\"color: #ffffff;\"><strong>\u201eNationale Klimaschutzinitiative&#8220;<\/strong><\/span><\/h4>\n<p><span style=\"color: #ffffff;\">Mit der Nationalen Klimaschutzinitiative initiiert und f\u00f6rdert die Bundesregierung seit 2008 zahlreiche Projekte, die einen Beitrag zur Senkung der Treibhausgasemissionen leisten. Ihre Programme und Projekte decken ein breites Spektrum an Klimaschutzaktivit\u00e4ten ab: Von der Entwicklung langfristiger Strategien bis hin zu konkreten Hilfestellungen und investiven F\u00f6rderma\u00dfnahmen. Diese Vielfalt ist Garant f\u00fcr gute Ideen. Die Nationale Klimaschutzinitiative tr\u00e4gt zu einer Verankerung des Klimaschutzes vor Ort bei. Von ihr profitieren Verbraucherinnen und Verbraucher ebenso wie Unternehmen, Kommunen oder Bildungseinrichtungen.\u201c<\/span><\/p>\n<p><img decoding=\"async\" class=\"size-medium wp-image-6108 alignright\" src=\"https:\/\/muehlingen.de\/wordpress_01\/wp-content\/uploads\/BMWK_NKI_Gefoerdert_RGB_DE_2022_quer-e1666938897512-300x169.png\" alt=\"\" width=\"300\" height=\"169\" srcset=\"https:\/\/muehlingen.de\/wordpress_01\/wp-content\/uploads\/BMWK_NKI_Gefoerdert_RGB_DE_2022_quer-e1666938897512-200x113.png 200w, https:\/\/muehlingen.de\/wordpress_01\/wp-content\/uploads\/BMWK_NKI_Gefoerdert_RGB_DE_2022_quer-e1666938897512-300x169.png 300w, https:\/\/muehlingen.de\/wordpress_01\/wp-content\/uploads\/BMWK_NKI_Gefoerdert_RGB_DE_2022_quer-e1666938897512.png 400w\" sizes=\"(max-width: 300px) 100vw, 300px\" \/><\/p>\n<\/div>\n<p><img decoding=\"async\" class=\"alignleft wp-image-6106\" src=\"https:\/\/muehlingen.de\/wordpress_01\/wp-content\/uploads\/Sanierung-LED-200x291.jpg\" alt=\"\" width=\"300\" height=\"436\" srcset=\"https:\/\/muehlingen.de\/wordpress_01\/wp-content\/uploads\/Sanierung-LED-200x291.jpg 200w, https:\/\/muehlingen.de\/wordpress_01\/wp-content\/uploads\/Sanierung-LED-206x300.jpg 206w, https:\/\/muehlingen.de\/wordpress_01\/wp-content\/uploads\/Sanierung-LED-400x582.jpg 400w, https:\/\/muehlingen.de\/wordpress_01\/wp-content\/uploads\/Sanierung-LED-600x873.jpg 600w, https:\/\/muehlingen.de\/wordpress_01\/wp-content\/uploads\/Sanierung-LED-704x1024.jpg 704w, https:\/\/muehlingen.de\/wordpress_01\/wp-content\/uploads\/Sanierung-LED.jpg 706w\" sizes=\"(max-width: 300px) 100vw, 300px\" \/><\/p>\n<div class=\"csc-textpic-text\">\u00a0<\/div>\n<\/div><\/div><\/div><\/div><\/div>\n","protected":false},"excerpt":{"rendered":"","protected":false},"author":1,"featured_media":0,"parent":0,"menu_order":0,"comment_status":"closed","ping_status":"closed","template":"","meta":{"footnotes":""},"class_list":["post-4706","page","type-page","status-publish","hentry"],"publishpress_future_action":{"enabled":false,"date":"2026-05-06 22:51:51","action":"change-status","newStatus":"draft","terms":[],"taxonomy":"","extraData":[]},"publishpress_future_workflow_manual_trigger":{"enabledWorkflows":[]},"_links":{"self":[{"href":"https:\/\/muehlingen.de\/index.php?rest_route=\/wp\/v2\/pages\/4706","targetHints":{"allow":["GET"]}}],"collection":[{"href":"https:\/\/muehlingen.de\/index.php?rest_route=\/wp\/v2\/pages"}],"about":[{"href":"https:\/\/muehlingen.de\/index.php?rest_route=\/wp\/v2\/types\/page"}],"author":[{"embeddable":true,"href":"https:\/\/muehlingen.de\/index.php?rest_route=\/wp\/v2\/users\/1"}],"replies":[{"embeddable":true,"href":"https:\/\/muehlingen.de\/index.php?rest_route=%2Fwp%2Fv2%2Fcomments&post=4706"}],"version-history":[{"count":18,"href":"https:\/\/muehlingen.de\/index.php?rest_route=\/wp\/v2\/pages\/4706\/revisions"}],"predecessor-version":[{"id":6115,"href":"https:\/\/muehlingen.de\/index.php?rest_route=\/wp\/v2\/pages\/4706\/revisions\/6115"}],"wp:attachment":[{"href":"https:\/\/muehlingen.de\/index.php?rest_route=%2Fwp%2Fv2%2Fmedia&parent=4706"}],"curies":[{"name":"wp","href":"https:\/\/api.w.org\/{rel}","templated":true}]}}

<div class="fusion-fullwidth fullwidth-box fusion-builder-row-1 fusion-flex-container nonhundred-percent-fullwidth non-hundred-percent-height-scrolling" style="--awb-border-radius-top-left:0px;--awb-border-radius-top-right:0px;--awb-border-radius-bottom-right:0px;--awb-border-radius-bottom-left:0px;--awb-flex-wrap:wrap;" ><div class="fusion-builder-row fusion-row fusion-flex-align-items-flex-start fusion-flex-content-wrap" style="max-width:1664px;margin-left: calc(-4% / 2 );margin-right: calc(-4% / 2 );"><div class="fusion-layout-column fusion_builder_column fusion-builder-column-0 fusion_builder_column_1_1 1_1 fusion-flex-column" style="--awb-bg-blend:overlay;--awb-bg-size:cover;--awb-width-large:100%;--awb-margin-top-large:0px;--awb-spacing-right-large:1.92%;--awb-margin-bottom-large:0px;--awb-spacing-left-large:1.92%;--awb-width-medium:100%;--awb-spacing-right-medium:1.92%;--awb-spacing-left-medium:1.92%;--awb-width-small:100%;--awb-spacing-right-small:1.92%;--awb-spacing-left-small:1.92%;"><div class="fusion-column-wrapper fusion-flex-justify-content-flex-start fusion-content-layout-column"><div class="fusion-text fusion-text-1" style="--awb-text-transform:none;"><div class="csc-textpic-text">
<h3><span style="color: #ffffff;">Sanierung der Strassenbeleuchtung in der Gemeinde Mühlingen durch Umstellung auf LED-Beleuchtung</span></h3>
<hr />
<h4><span style="color: #ffffff;"><strong>Umstellung der Strassenbeleuchtung auf LED </strong></span></h4>
<p><span style="color: #ffffff;">Die Maßnahme wurde im Sommer 2022 abgeschlossen und durch das Bundesministerium für Wirtschaft und Klimaschutz gefördert. Durch diese Maßnahme werden nun gegenüber dem Ausgangzustand ca. 35 to Co² pro Jahr eingespart.</span></p>
<section class="module--event_header">
<div class="grid-container">
<div class="grid-x grid-padding-x">
<div class="large-12 cell">
<h4><span style="color: #ffffff;"><strong>Kommunalrichtlinie</strong></span><br /><span style="color: #ffffff;">Bringen Sie den Klimaschutz in Ihrer Kommune nach vorn!</span></h4>
</div>
</div>
</div>
</section>
<section class="module--freitext">
<div class="grid-container">
<div class="grid-x grid-padding-x">
<div class="large-10 cell">
<p><span style="color: #ffffff;">In Kommunen liegen große Potenziale, um Treibhausgase zu reduzieren. Mit der Kommunalrichtlinie, die es bereits seit 2008 gibt, unterstützt das Bundesministerium für Wirtschaft und Klimaschutz Kommunen und kommunale Akteur*innen dabei, ihre Emissionen nachhaltig zu senken. Die positiven Effekte der Klimaschutzmaßnahmen gehen weit über den Schutz des Klimas hinaus: Sie steigern die Lebensqualität vor Ort und sorgen durch sinkende Energiekosten für finanzielle Entlastung. Gleichzeitig kurbeln klimafreundliche Investitionen die regionale Wertschöpfung an.</span></p>
</div>
</div>
</div>
</section>
<p><a href="https://www.klimaschutz.de/de/foerderung/foerderprogramme/kommunalrichtlinie">Hier geht es zur Seite des Projektträgers <span style="color: #ff0000;">(klick)</span></a></p>
<h4><span style="color: #ffffff;"><strong>„Nationale Klimaschutzinitiative&#8220;</strong></span></h4>
<p><span style="color: #ffffff;">Mit der Nationalen Klimaschutzinitiative initiiert und fördert die Bundesregierung seit 2008 zahlreiche Projekte, die einen Beitrag zur Senkung der Treibhausgasemissionen leisten. Ihre Programme und Projekte decken ein breites Spektrum an Klimaschutzaktivitäten ab: Von der Entwicklung langfristiger Strategien bis hin zu konkreten Hilfestellungen und investiven Fördermaßnahmen. Diese Vielfalt ist Garant für gute Ideen. Die Nationale Klimaschutzinitiative trägt zu einer Verankerung des Klimaschutzes vor Ort bei. Von ihr profitieren Verbraucherinnen und Verbraucher ebenso wie Unternehmen, Kommunen oder Bildungseinrichtungen.“</span></p>
<p><img decoding="async" class="size-medium wp-image-6108 alignright" src="https://muehlingen.de/wordpress_01/wp-content/uploads/BMWK_NKI_Gefoerdert_RGB_DE_2022_quer-e1666938897512-300x169.png" alt="" width="300" height="169" srcset="https://muehlingen.de/wordpress_01/wp-content/uploads/BMWK_NKI_Gefoerdert_RGB_DE_2022_quer-e1666938897512-200x113.png 200w, https://muehlingen.de/wordpress_01/wp-content/uploads/BMWK_NKI_Gefoerdert_RGB_DE_2022_quer-e1666938897512-300x169.png 300w, https://muehlingen.de/wordpress_01/wp-content/uploads/BMWK_NKI_Gefoerdert_RGB_DE_2022_quer-e1666938897512.png 400w" sizes="(max-width: 300px) 100vw, 300px" /></p>
</div>
<p><img decoding="async" class="alignleft wp-image-6106" src="https://muehlingen.de/wordpress_01/wp-content/uploads/Sanierung-LED-200x291.jpg" alt="" width="300" height="436" srcset="https://muehlingen.de/wordpress_01/wp-content/uploads/Sanierung-LED-200x291.jpg 200w, https://muehlingen.de/wordpress_01/wp-content/uploads/Sanierung-LED-206x300.jpg 206w, https://muehlingen.de/wordpress_01/wp-content/uploads/Sanierung-LED-400x582.jpg 400w, https://muehlingen.de/wordpress_01/wp-content/uploads/Sanierung-LED-600x873.jpg 600w, https://muehlingen.de/wordpress_01/wp-content/uploads/Sanierung-LED-704x1024.jpg 704w, https://muehlingen.de/wordpress_01/wp-content/uploads/Sanierung-LED.jpg 706w" sizes="(max-width: 300px) 100vw, 300px" /></p>
<div class="csc-textpic-text"> </div>
</div></div></div></div></div>
