{"id":7212,"date":"2024-01-16T08:25:52","date_gmt":"2024-01-16T07:25:52","guid":{"rendered":"https:\/\/muehlingen.de\/?page_id=7212"},"modified":"2024-03-25T08:50:43","modified_gmt":"2024-03-25T07:50:43","slug":"biotopverbund","status":"publish","type":"page","link":"https:\/\/muehlingen.de\/?page_id=7212","title":{"rendered":"Biotopverbund"},"content":{"rendered":"<div class=\"fusion-fullwidth fullwidth-box fusion-builder-row-1 fusion-flex-container has-pattern-background has-mask-background nonhundred-percent-fullwidth non-hundred-percent-height-scrolling\" style=\"--awb-border-radius-top-left:0px;--awb-border-radius-top-right:0px;--awb-border-radius-bottom-right:0px;--awb-border-radius-bottom-left:0px;--awb-flex-wrap:wrap;\" ><div class=\"fusion-builder-row fusion-row fusion-flex-align-items-flex-start fusion-flex-content-wrap\" style=\"max-width:1664px;margin-left: calc(-4% \/ 2 );margin-right: calc(-4% \/ 2 );\"><div class=\"fusion-layout-column fusion_builder_column fusion-builder-column-0 fusion_builder_column_1_2 1_2 fusion-flex-column\" style=\"--awb-padding-top:22px;--awb-bg-size:cover;--awb-width-large:50%;--awb-margin-top-large:0px;--awb-spacing-right-large:3.84%;--awb-margin-bottom-large:20px;--awb-spacing-left-large:3.84%;--awb-width-medium:100%;--awb-order-medium:0;--awb-spacing-right-medium:1.92%;--awb-spacing-left-medium:1.92%;--awb-width-small:100%;--awb-order-small:0;--awb-spacing-right-small:1.92%;--awb-spacing-left-small:1.92%;\"><div class=\"fusion-column-wrapper fusion-column-has-shadow fusion-flex-justify-content-flex-start fusion-content-layout-column\"><div class=\"fusion-text fusion-text-1\"><p><span style=\"color: #ffffff;\"><strong>Ziel des Biotopverbunds<\/strong><\/span><\/p>\n<p><span style=\"color: #ffffff;\">Der Biotopverbund dient der Vernetzung von Lebensr\u00e4umen. Arten sollen Dank des Biotopverbundes auch in einer stark genutzten Landschaft zwischen geeigneten Lebensr\u00e4umen wandern k\u00f6nnen. Entsprechende Wanderungsm\u00f6glichkeiten sind Voraussetzung f\u00fcr die Wiederbesiedlung nach lokalen Aussterbeereignissen und auch f\u00fcr den genetischen Austausch. Der Biotopverbund stabilisiert die Best\u00e4nde und das Vorkommen von Arten im Landschaftsraum. Er wirkt somit dem fortschreitenden Verlust von Arten und den an diese gebundenen landschaftlichen Qualit\u00e4ten entgegen.<\/span><\/p>\n<p><span style=\"color: #ffffff;\"><strong>Rechtliche Grundlagen<\/strong><\/span><\/p>\n<p><span style=\"color: #ffffff;\">F\u00fcr den Biotopverbund sind im neuen Landesnaturschutzgesetz ehrgeizige Zielgr\u00f6\u00dfen festgeschrieben. Danach sollen bis 2023 insgesamt 10% der Landesfl\u00e4che und bis 2030 insgesamt 15% der Landesfl\u00e4che von Baden-W\u00fcrttemberg Teil des Biotopverbundnetzwerkes sein. Die Planungshoheit \u00fcber die jeweiligen Gemarkungsfl\u00e4chen liegt bei den Gemeinden. Ohne die Mitwirkung von Gemeinden und den B\u00fcrgern vor Ort geht beim Biotopverbund nichts! Das Land unterst\u00fctzt die Gemeinden finanziell bei den Planungen (bis zu 90% der Kosten) und der Umsetzung (bis zu 70% der Kosten) des Biotopverbundes.<\/span><\/p>\n<p><span style=\"color: #ffffff;\"><strong>Erfassungen<\/strong><\/span><\/p>\n<p><span style=\"color: #ffffff;\">Die beauftragte Biotopverbundplanung gliederte sich in eine Erfassung des Bestandes auf der Basis von Vorgaben der Landesanstalt f\u00fcr Umwelt (LUBW). \u00dcberpr\u00fcft wurden dabei im Rahmen der Biotopkartierung des Landes bereits erfasste und damit naturschutzfachlich wertgebende Lebensr\u00e4ume (sogenannte Kernfl\u00e4chen) auf den Gemarkungen der \u201eVerbundgemeinden\u201c. Dabei wird zwischen Kernfl\u00e4chen trockener, mittlerer und feuchter Standorte unterschieden. Dazu kommen im Umfeld der kartierten Biotope noch Fl\u00e4chen mit hohem Entwicklungspotential in Richtung auf Artenreichtum (sogenannte Trittsteine).<\/span><\/p>\n<p><span style=\"color: #ffffff;\">Zu den trockenen Standorten z\u00e4hlen insbesondere die Magerrasen (artenreiches Gr\u00fcnland mit wenig Aufwuchs, in der Regel unged\u00fcngt und beweidet) sowie Felsen und Schuttfl\u00e4chen. Zu den Lebensr\u00e4umen der mittleren Standorte z\u00e4hlen blumenreiche Wirtschaftswiesen (Heuwiesen, wenig intensiv genutzte Weiden) und Streuobstbest\u00e4nde (B\u00e4ume und Unterwuchs). Zu den Lebensr\u00e4umen der feuchten Standorte z\u00e4hlen Feuchtgr\u00fcnland (blumenreiche Wirtschaftswiesen auf feuchten Standorten), Feuchtbiotope (von Sauergr\u00e4sern gepr\u00e4gte Riedwiesen), Staudens\u00e4ume entlang von Flie\u00dfgew\u00e4ssern und Gr\u00e4ben sowie naturnahe Stehgew\u00e4sser. Dar\u00fcber hinaus werden im Rahmen der Biotopverbundplanung auch die f\u00fcr bodenbr\u00fctende V\u00f6gel wichtigen und eher strukturarmen (wenig Geh\u00f6lze) Offenlandstandorte erfasst.<\/span><\/p>\n<p><span style=\"color: #ffffff;\"><strong>Ma\u00dfnahmenplanung<\/strong><\/span><\/p>\n<p><span style=\"color: #ffffff;\">Entsprechend dem Zustand der erfassten Fl\u00e4chen wurden diese in einem zweiten Schritt fl\u00e4chenscharf Ma\u00dfnahmen zugeordnet. Es ist dabei zu unterscheiden zwischen Erhaltungsma\u00dfnahmen und Entwicklungsma\u00dfnahmen. Die Erhaltungsma\u00dfnahmen beinhalten in der Regel eine Fortsetzung der Nutzung, die zum derzeitigen Zustand der Fl\u00e4che gef\u00fchrt hat. Entwicklungsma\u00dfnahmen beinhalten in der Regel konkrete Vorschl\u00e4ge zur \u00c4nderung der bisherigen Nutzungsmuster, um Aufwertungen im Sinne des Naturschutzes zu erzielen. Die vorgesehenen Ma\u00dfnahmen werden insbesondere mit den Landnutzern abgestimmt auf deren aktiver und auch entsprechend verg\u00fcteter Mitwirkung eine erfolgreiche Umsetzung des Biotopverbunds aufbaut.<\/span><\/p>\n<p><span style=\"color: #ffffff;\"><strong>Ma\u00dfnahmenumsetzung<\/strong><\/span><\/p>\n<p><span style=\"color: #ffffff;\">Die Beteiligung an Biotopverbundma\u00dfnahmen ist freiwillig und soll durch entsprechende Angebote der Planungstr\u00e4ger (Gemeinden und Landschaftserhaltungsverband) gesichert werden. Es ist das Ziel erste Ma\u00dfnahmen soweit zu konkretisieren, dass schon im Jahr 2023 erste Umsetzungen in Angriff genommen werden k\u00f6nnen. Den Gemeinden in enger Abstimmung mit dem Landschaftserhaltungsverband des Landkreises Konstanz obliegt es im weiteren Verlauf die landesgesetzlich vorgegebenen Zielsetzungen zu erreichen.<\/span><\/p>\n<\/div><\/div><\/div><div class=\"fusion-layout-column fusion_builder_column fusion-builder-column-1 fusion_builder_column_1_2 1_2 fusion-flex-column\" style=\"--awb-bg-size:cover;--awb-width-large:50%;--awb-margin-top-large:0px;--awb-spacing-right-large:3.84%;--awb-margin-bottom-large:20px;--awb-spacing-left-large:3.84%;--awb-width-medium:100%;--awb-order-medium:0;--awb-spacing-right-medium:1.92%;--awb-spacing-left-medium:1.92%;--awb-width-small:100%;--awb-order-small:0;--awb-spacing-right-small:1.92%;--awb-spacing-left-small:1.92%;\"><div class=\"fusion-column-wrapper fusion-column-has-shadow fusion-flex-justify-content-flex-start fusion-content-layout-column\"><div class=\"fusion-text fusion-text-2\"><h4><span style=\"color: #ffffff;\"><strong>Hier gelangen Sie zu dem Angebot der Seite vom LEV KN.<\/strong><\/span><\/h4>\n<hr>\n<p><span style=\"color: #ffffff;\">Diese Links f\u00fchren Sie zu den fertigen Ma\u00dfnahmenpl\u00e4nen und dem Ergebnis der Biotopverbundplanung der teilnehmenden Gemeinden.<\/span><\/p>\n<p><span style=\"color: #ffffff;\">Dort k\u00f6nnen Sie unter der Gemeinde M\u00fchlingen die entsprechenden Daten downloaden.<\/span><\/p>\n<p><a href=\"https:\/\/daten2.verwaltungsportal.de\/dateien\/seitengenerator\/ca593bad4fecc29b2a4b9b58c1ecc415230887\/Biotopverbund_LEVKN_1.pdf\"><strong>Pr\u00e4sentation &#8211; Was ist ein Biotopverbund ? <span style=\"color: #ff0000;\">(klick)<\/span><\/strong><\/a><\/p>\n<p><a href=\"https:\/\/www.levkn.de\/seite\/586926\/biotopverbund.html#Ma%C3%9Fnahmenplaene\"><strong>Hier finden Sie die Ma\u00dfnahmenpl\u00e4ne und Erl\u00e4uterungsberichte der Gemeinden <span style=\"color: #ff0000;\">(klick)<\/span><\/strong><\/a><\/p>\n<p>&nbsp;<\/p>\n<p><img decoding=\"async\" class=\"aligncenter wp-image-7350 size-fusion-400\" src=\"https:\/\/muehlingen.de\/wordpress_01\/wp-content\/uploads\/Biotopverbund-400x242.jpg\" alt=\"\" width=\"400\" height=\"242\" srcset=\"https:\/\/muehlingen.de\/wordpress_01\/wp-content\/uploads\/Biotopverbund-200x121.jpg 200w, https:\/\/muehlingen.de\/wordpress_01\/wp-content\/uploads\/Biotopverbund-300x182.jpg 300w, https:\/\/muehlingen.de\/wordpress_01\/wp-content\/uploads\/Biotopverbund-400x242.jpg 400w, https:\/\/muehlingen.de\/wordpress_01\/wp-content\/uploads\/Biotopverbund-600x363.jpg 600w, https:\/\/muehlingen.de\/wordpress_01\/wp-content\/uploads\/Biotopverbund-768x465.jpg 768w, https:\/\/muehlingen.de\/wordpress_01\/wp-content\/uploads\/Biotopverbund-800x484.jpg 800w, https:\/\/muehlingen.de\/wordpress_01\/wp-content\/uploads\/Biotopverbund-1024x620.jpg 1024w, https:\/\/muehlingen.de\/wordpress_01\/wp-content\/uploads\/Biotopverbund-1200x726.jpg 1200w, https:\/\/muehlingen.de\/wordpress_01\/wp-content\/uploads\/Biotopverbund.jpg 1279w\" sizes=\"(max-width: 400px) 100vw, 400px\" \/><\/p>\n<\/div><\/div><\/div><\/div><\/div>\n","protected":false},"excerpt":{"rendered":"","protected":false},"author":1,"featured_media":0,"parent":0,"menu_order":0,"comment_status":"closed","ping_status":"closed","template":"","meta":{"footnotes":""},"class_list":["post-7212","page","type-page","status-publish","hentry"],"publishpress_future_action":{"enabled":false,"date":"2026-05-06 22:45:42","action":"change-status","newStatus":"draft","terms":[],"taxonomy":"","extraData":[]},"publishpress_future_workflow_manual_trigger":{"enabledWorkflows":[]},"_links":{"self":[{"href":"https:\/\/muehlingen.de\/index.php?rest_route=\/wp\/v2\/pages\/7212","targetHints":{"allow":["GET"]}}],"collection":[{"href":"https:\/\/muehlingen.de\/index.php?rest_route=\/wp\/v2\/pages"}],"about":[{"href":"https:\/\/muehlingen.de\/index.php?rest_route=\/wp\/v2\/types\/page"}],"author":[{"embeddable":true,"href":"https:\/\/muehlingen.de\/index.php?rest_route=\/wp\/v2\/users\/1"}],"replies":[{"embeddable":true,"href":"https:\/\/muehlingen.de\/index.php?rest_route=%2Fwp%2Fv2%2Fcomments&post=7212"}],"version-history":[{"count":7,"href":"https:\/\/muehlingen.de\/index.php?rest_route=\/wp\/v2\/pages\/7212\/revisions"}],"predecessor-version":[{"id":7354,"href":"https:\/\/muehlingen.de\/index.php?rest_route=\/wp\/v2\/pages\/7212\/revisions\/7354"}],"wp:attachment":[{"href":"https:\/\/muehlingen.de\/index.php?rest_route=%2Fwp%2Fv2%2Fmedia&parent=7212"}],"curies":[{"name":"wp","href":"https:\/\/api.w.org\/{rel}","templated":true}]}}

<div class="fusion-fullwidth fullwidth-box fusion-builder-row-1 fusion-flex-container has-pattern-background has-mask-background nonhundred-percent-fullwidth non-hundred-percent-height-scrolling" style="--awb-border-radius-top-left:0px;--awb-border-radius-top-right:0px;--awb-border-radius-bottom-right:0px;--awb-border-radius-bottom-left:0px;--awb-flex-wrap:wrap;" ><div class="fusion-builder-row fusion-row fusion-flex-align-items-flex-start fusion-flex-content-wrap" style="max-width:1664px;margin-left: calc(-4% / 2 );margin-right: calc(-4% / 2 );"><div class="fusion-layout-column fusion_builder_column fusion-builder-column-0 fusion_builder_column_1_2 1_2 fusion-flex-column" style="--awb-padding-top:22px;--awb-bg-size:cover;--awb-width-large:50%;--awb-margin-top-large:0px;--awb-spacing-right-large:3.84%;--awb-margin-bottom-large:20px;--awb-spacing-left-large:3.84%;--awb-width-medium:100%;--awb-order-medium:0;--awb-spacing-right-medium:1.92%;--awb-spacing-left-medium:1.92%;--awb-width-small:100%;--awb-order-small:0;--awb-spacing-right-small:1.92%;--awb-spacing-left-small:1.92%;"><div class="fusion-column-wrapper fusion-column-has-shadow fusion-flex-justify-content-flex-start fusion-content-layout-column"><div class="fusion-text fusion-text-1"><p><span style="color: #ffffff;"><strong>Ziel des Biotopverbunds</strong></span></p>
<p><span style="color: #ffffff;">Der Biotopverbund dient der Vernetzung von Lebensräumen. Arten sollen Dank des Biotopverbundes auch in einer stark genutzten Landschaft zwischen geeigneten Lebensräumen wandern können. Entsprechende Wanderungsmöglichkeiten sind Voraussetzung für die Wiederbesiedlung nach lokalen Aussterbeereignissen und auch für den genetischen Austausch. Der Biotopverbund stabilisiert die Bestände und das Vorkommen von Arten im Landschaftsraum. Er wirkt somit dem fortschreitenden Verlust von Arten und den an diese gebundenen landschaftlichen Qualitäten entgegen.</span></p>
<p><span style="color: #ffffff;"><strong>Rechtliche Grundlagen</strong></span></p>
<p><span style="color: #ffffff;">Für den Biotopverbund sind im neuen Landesnaturschutzgesetz ehrgeizige Zielgrößen festgeschrieben. Danach sollen bis 2023 insgesamt 10% der Landesfläche und bis 2030 insgesamt 15% der Landesfläche von Baden-Württemberg Teil des Biotopverbundnetzwerkes sein. Die Planungshoheit über die jeweiligen Gemarkungsflächen liegt bei den Gemeinden. Ohne die Mitwirkung von Gemeinden und den Bürgern vor Ort geht beim Biotopverbund nichts! Das Land unterstützt die Gemeinden finanziell bei den Planungen (bis zu 90% der Kosten) und der Umsetzung (bis zu 70% der Kosten) des Biotopverbundes.</span></p>
<p><span style="color: #ffffff;"><strong>Erfassungen</strong></span></p>
<p><span style="color: #ffffff;">Die beauftragte Biotopverbundplanung gliederte sich in eine Erfassung des Bestandes auf der Basis von Vorgaben der Landesanstalt für Umwelt (LUBW). Überprüft wurden dabei im Rahmen der Biotopkartierung des Landes bereits erfasste und damit naturschutzfachlich wertgebende Lebensräume (sogenannte Kernflächen) auf den Gemarkungen der „Verbundgemeinden“. Dabei wird zwischen Kernflächen trockener, mittlerer und feuchter Standorte unterschieden. Dazu kommen im Umfeld der kartierten Biotope noch Flächen mit hohem Entwicklungspotential in Richtung auf Artenreichtum (sogenannte Trittsteine).</span></p>
<p><span style="color: #ffffff;">Zu den trockenen Standorten zählen insbesondere die Magerrasen (artenreiches Grünland mit wenig Aufwuchs, in der Regel ungedüngt und beweidet) sowie Felsen und Schuttflächen. Zu den Lebensräumen der mittleren Standorte zählen blumenreiche Wirtschaftswiesen (Heuwiesen, wenig intensiv genutzte Weiden) und Streuobstbestände (Bäume und Unterwuchs). Zu den Lebensräumen der feuchten Standorte zählen Feuchtgrünland (blumenreiche Wirtschaftswiesen auf feuchten Standorten), Feuchtbiotope (von Sauergräsern geprägte Riedwiesen), Staudensäume entlang von Fließgewässern und Gräben sowie naturnahe Stehgewässer. Darüber hinaus werden im Rahmen der Biotopverbundplanung auch die für bodenbrütende Vögel wichtigen und eher strukturarmen (wenig Gehölze) Offenlandstandorte erfasst.</span></p>
<p><span style="color: #ffffff;"><strong>Maßnahmenplanung</strong></span></p>
<p><span style="color: #ffffff;">Entsprechend dem Zustand der erfassten Flächen wurden diese in einem zweiten Schritt flächenscharf Maßnahmen zugeordnet. Es ist dabei zu unterscheiden zwischen Erhaltungsmaßnahmen und Entwicklungsmaßnahmen. Die Erhaltungsmaßnahmen beinhalten in der Regel eine Fortsetzung der Nutzung, die zum derzeitigen Zustand der Fläche geführt hat. Entwicklungsmaßnahmen beinhalten in der Regel konkrete Vorschläge zur Änderung der bisherigen Nutzungsmuster, um Aufwertungen im Sinne des Naturschutzes zu erzielen. Die vorgesehenen Maßnahmen werden insbesondere mit den Landnutzern abgestimmt auf deren aktiver und auch entsprechend vergüteter Mitwirkung eine erfolgreiche Umsetzung des Biotopverbunds aufbaut.</span></p>
<p><span style="color: #ffffff;"><strong>Maßnahmenumsetzung</strong></span></p>
<p><span style="color: #ffffff;">Die Beteiligung an Biotopverbundmaßnahmen ist freiwillig und soll durch entsprechende Angebote der Planungsträger (Gemeinden und Landschaftserhaltungsverband) gesichert werden. Es ist das Ziel erste Maßnahmen soweit zu konkretisieren, dass schon im Jahr 2023 erste Umsetzungen in Angriff genommen werden können. Den Gemeinden in enger Abstimmung mit dem Landschaftserhaltungsverband des Landkreises Konstanz obliegt es im weiteren Verlauf die landesgesetzlich vorgegebenen Zielsetzungen zu erreichen.</span></p>
</div></div></div><div class="fusion-layout-column fusion_builder_column fusion-builder-column-1 fusion_builder_column_1_2 1_2 fusion-flex-column" style="--awb-bg-size:cover;--awb-width-large:50%;--awb-margin-top-large:0px;--awb-spacing-right-large:3.84%;--awb-margin-bottom-large:20px;--awb-spacing-left-large:3.84%;--awb-width-medium:100%;--awb-order-medium:0;--awb-spacing-right-medium:1.92%;--awb-spacing-left-medium:1.92%;--awb-width-small:100%;--awb-order-small:0;--awb-spacing-right-small:1.92%;--awb-spacing-left-small:1.92%;"><div class="fusion-column-wrapper fusion-column-has-shadow fusion-flex-justify-content-flex-start fusion-content-layout-column"><div class="fusion-text fusion-text-2"><h4><span style="color: #ffffff;"><strong>Hier gelangen Sie zu dem Angebot der Seite vom LEV KN.</strong></span></h4>
<hr>
<p><span style="color: #ffffff;">Diese Links führen Sie zu den fertigen Maßnahmenplänen und dem Ergebnis der Biotopverbundplanung der teilnehmenden Gemeinden.</span></p>
<p><span style="color: #ffffff;">Dort können Sie unter der Gemeinde Mühlingen die entsprechenden Daten downloaden.</span></p>
<p><a href="https://daten2.verwaltungsportal.de/dateien/seitengenerator/ca593bad4fecc29b2a4b9b58c1ecc415230887/Biotopverbund_LEVKN_1.pdf"><strong>Präsentation &#8211; Was ist ein Biotopverbund ? <span style="color: #ff0000;">(klick)</span></strong></a></p>
<p><a href="https://www.levkn.de/seite/586926/biotopverbund.html#Ma%C3%9Fnahmenplaene"><strong>Hier finden Sie die Maßnahmenpläne und Erläuterungsberichte der Gemeinden <span style="color: #ff0000;">(klick)</span></strong></a></p>
<p>&nbsp;</p>
<p><img decoding="async" class="aligncenter wp-image-7350 size-fusion-400" src="https://muehlingen.de/wordpress_01/wp-content/uploads/Biotopverbund-400x242.jpg" alt="" width="400" height="242" srcset="https://muehlingen.de/wordpress_01/wp-content/uploads/Biotopverbund-200x121.jpg 200w, https://muehlingen.de/wordpress_01/wp-content/uploads/Biotopverbund-300x182.jpg 300w, https://muehlingen.de/wordpress_01/wp-content/uploads/Biotopverbund-400x242.jpg 400w, https://muehlingen.de/wordpress_01/wp-content/uploads/Biotopverbund-600x363.jpg 600w, https://muehlingen.de/wordpress_01/wp-content/uploads/Biotopverbund-768x465.jpg 768w, https://muehlingen.de/wordpress_01/wp-content/uploads/Biotopverbund-800x484.jpg 800w, https://muehlingen.de/wordpress_01/wp-content/uploads/Biotopverbund-1024x620.jpg 1024w, https://muehlingen.de/wordpress_01/wp-content/uploads/Biotopverbund-1200x726.jpg 1200w, https://muehlingen.de/wordpress_01/wp-content/uploads/Biotopverbund.jpg 1279w" sizes="(max-width: 400px) 100vw, 400px" /></p>
</div></div></div></div></div>
