{"id":7214,"date":"2024-01-16T08:25:52","date_gmt":"2024-01-16T07:25:52","guid":{"rendered":"https:\/\/muehlingen.de\/?page_id=7214"},"modified":"2026-02-28T20:44:20","modified_gmt":"2026-02-28T19:44:20","slug":"reparaturcafe-muehlingen","status":"publish","type":"page","link":"https:\/\/muehlingen.de\/?page_id=7214","title":{"rendered":"Reparaturcaf\u00e9 M\u00fchlingen"},"content":{"rendered":"<div class=\"fusion-fullwidth fullwidth-box fusion-builder-row-1 fusion-flex-container has-pattern-background has-mask-background nonhundred-percent-fullwidth non-hundred-percent-height-scrolling\" style=\"--awb-border-radius-top-left:0px;--awb-border-radius-top-right:0px;--awb-border-radius-bottom-right:0px;--awb-border-radius-bottom-left:0px;--awb-flex-wrap:wrap;\" ><div class=\"fusion-builder-row fusion-row fusion-flex-align-items-flex-start fusion-flex-content-wrap\" style=\"max-width:1664px;margin-left: calc(-4% \/ 2 );margin-right: calc(-4% \/ 2 );\"><div class=\"fusion-layout-column fusion_builder_column fusion-builder-column-0 fusion_builder_column_2_3 2_3 fusion-flex-column\" style=\"--awb-bg-size:cover;--awb-width-large:66.666666666667%;--awb-margin-top-large:9px;--awb-spacing-right-large:2.88%;--awb-margin-bottom-large:37px;--awb-spacing-left-large:2.88%;--awb-width-medium:100%;--awb-order-medium:0;--awb-spacing-right-medium:1.92%;--awb-spacing-left-medium:1.92%;--awb-width-small:100%;--awb-order-small:0;--awb-spacing-right-small:1.92%;--awb-spacing-left-small:1.92%;\"><div class=\"fusion-column-wrapper fusion-column-has-shadow fusion-flex-justify-content-flex-start fusion-content-layout-column\"><div class=\"fusion-text fusion-text-1\"><h4><img decoding=\"async\" src=\"https:\/\/muehlingen.de\/wordpress_01\/wp-content\/uploads\/Einladung-Bild.jpg\" class=\"alignnone size-full wp-image-6585\" alt=\"\" width=\"552\" height=\"64\" srcset=\"https:\/\/muehlingen.de\/wordpress_01\/wp-content\/uploads\/Einladung-Bild-200x23.jpg 200w, https:\/\/muehlingen.de\/wordpress_01\/wp-content\/uploads\/Einladung-Bild-300x35.jpg 300w, https:\/\/muehlingen.de\/wordpress_01\/wp-content\/uploads\/Einladung-Bild-400x46.jpg 400w, https:\/\/muehlingen.de\/wordpress_01\/wp-content\/uploads\/Einladung-Bild-540x64.jpg 540w, https:\/\/muehlingen.de\/wordpress_01\/wp-content\/uploads\/Einladung-Bild.jpg 552w\" sizes=\"(max-width: 552px) 100vw, 552px\" \/><\/h4>\n<h4><span style=\"\"><strong>Im alten Rathaus Gallmannsweil wurde durch eine private Initiative ein Reparaturcaf\u00e9 eingerichtet.<\/strong><\/span><\/h4>\n<p><strong><span style=\"\">Zum Internet-Auftritt des<\/span> <a href=\"https:\/\/reparaturcafe-muehlingen.webnode.page\/\">Reparatur-Caf\u00e9s M\u00fchlingen <span style=\"\">(klick)<\/span><\/a><\/strong><\/p>\n<p><strong><span style=\"\">Mehr zu der Initiative der<\/span> <a href=\"https:\/\/www.reparatur-initiativen.de\">Reparatur-Caf\u00e9s <span style=\"\">(klick)<\/span><\/a><\/strong><\/p>\n<hr>\n<p><span style=\"\">Was ist ein Reparaturcaf\u00e9?<\/span><\/p>\n<p><span style=\"\">Ein Reparaturcaf\u00e9 ist eine gemeinn\u00fctzige Initiative, die Menschen zusammenbringt, um defekte Gegenst\u00e4nde zu reparieren und somit deren Lebensdauer zu verl\u00e4ngern. Es ist ein Ort, an dem Freiwillige ihr Fachwissen und ihre handwerklichen F\u00e4higkeiten einsetzen, um anderen bei der Reparatur von Haushaltsger\u00e4ten, Elektronik, Kleidung, M\u00f6beln und anderen Gegenst\u00e4nden zu helfen.<\/span><\/p>\n<p><span style=\"\">Das Reparaturcaf\u00e9 ist eine Antwort auf die Wegwerfkultur und den wachsenden Elektroschrott. Anstatt defekte Gegenst\u00e4nde einfach wegzuwerfen und durch neue zu ersetzen, bietet das Reparaturcaf\u00e9 eine nachhaltige Alternative. Es f\u00f6rdert die Wiederverwendung, spart Ressourcen und reduziert den M\u00fcll.<\/span><\/p>\n<p><span style=\"\">Die Idee hinter einem Reparaturcaf\u00e9 ist einfach: Menschen, die defekte Gegenst\u00e4nde haben, bringen sie ins Reparaturcaf\u00e9 und arbeiten gemeinsam mit den freiwilligen Reparateuren daran, sie zu reparieren. Die Reparateure teilen ihr Wissen und ihre F\u00e4higkeiten und f\u00fchren die Reparaturen in einer gemeinschaftlichen Atmosph\u00e4re durch. Dabei geht es nicht nur um die eigentliche Reparatur, sondern auch um das Wissenstransfer und das Empowerment der Besucher, die m\u00f6glicherweise in der Lage sind, zuk\u00fcnftige Reparaturen selbst durchzuf\u00fchren.<\/span><\/p>\n<p><span style=\"\">Ein Reparaturcaf\u00e9 bietet zahlreiche Vorteile. Es erm\u00f6glicht den Menschen, ihre F\u00e4higkeiten zu teilen und voneinander zu lernen. Es st\u00e4rkt die Gemeinschaft und f\u00f6rdert den sozialen Austausch. Au\u00dferdem k\u00f6nnen die Besucher Geld sparen, indem sie ihre Gegenst\u00e4nde reparieren lassen, anstatt neue zu kaufen. Das Reparaturcaf\u00e9 tr\u00e4gt auch zur Reduzierung der Umweltbelastung bei, indem es den Bedarf an neuen Produkten verringert und die Ressourcen effizienter nutzt.<\/span><\/p>\n<\/div><\/div><\/div><div class=\"fusion-layout-column fusion_builder_column fusion-builder-column-1 fusion_builder_column_1_3 1_3 fusion-flex-column\" style=\"--awb-bg-size:cover;--awb-width-large:33.333333333333%;--awb-margin-top-large:21px;--awb-spacing-right-large:5.76%;--awb-margin-bottom-large:20px;--awb-spacing-left-large:5.76%;--awb-width-medium:100%;--awb-order-medium:0;--awb-spacing-right-medium:1.92%;--awb-spacing-left-medium:1.92%;--awb-width-small:100%;--awb-order-small:0;--awb-spacing-right-small:1.92%;--awb-spacing-left-small:1.92%;\"><div class=\"fusion-column-wrapper fusion-column-has-shadow fusion-flex-justify-content-flex-start fusion-content-layout-column\"><div class=\"fusion-text fusion-text-2\"><p><span style=\"\"><b>Das Reparatur-Caf\u00e9 darf jeder Interessent nutzen und ist nicht nur der Gemeinde M\u00fchlingen vorbehalten.<\/b><\/span><\/p>\n<p><span style=\"\"><strong>Wo?<\/strong><\/span><br \/>\n<span style=\"\">Garmanstr. 19 (Altes Rathaus)<\/span><br \/>\n<span style=\"font-family: var(--awb-text-font-family); font-size: var(--awb-font-size); font-style: var(--awb-text-font-style); font-weight: var(--awb-text-font-weight); letter-spacing: var(--awb-letter-spacing); text-align: var(--awb-content-alignment); text-transform: var(--awb-text-transform); background-color: var(--awb-bg-color-hover)\">78357 M\u00fchlingen-Gallmannsweil<\/span><\/p>\n<p><span style=\"\"><strong>\u00d6ffnungszeiten:<\/strong><\/span><br \/>\n<span style=\"\">Jeweils am 2. Freitag des Monats von 14 &#8211; 18 Uhr:<\/span><\/p>\n<hr>\n<\/div><\/div><\/div><\/div><\/div>\n","protected":false},"excerpt":{"rendered":"","protected":false},"author":1,"featured_media":0,"parent":0,"menu_order":0,"comment_status":"closed","ping_status":"closed","template":"","meta":{"footnotes":""},"class_list":["post-7214","page","type-page","status-publish","hentry"],"publishpress_future_action":{"enabled":false,"date":"2026-05-07 06:52:12","action":"change-status","newStatus":"draft","terms":[],"taxonomy":"","extraData":[]},"publishpress_future_workflow_manual_trigger":{"enabledWorkflows":[]},"_links":{"self":[{"href":"https:\/\/muehlingen.de\/index.php?rest_route=\/wp\/v2\/pages\/7214","targetHints":{"allow":["GET"]}}],"collection":[{"href":"https:\/\/muehlingen.de\/index.php?rest_route=\/wp\/v2\/pages"}],"about":[{"href":"https:\/\/muehlingen.de\/index.php?rest_route=\/wp\/v2\/types\/page"}],"author":[{"embeddable":true,"href":"https:\/\/muehlingen.de\/index.php?rest_route=\/wp\/v2\/users\/1"}],"replies":[{"embeddable":true,"href":"https:\/\/muehlingen.de\/index.php?rest_route=%2Fwp%2Fv2%2Fcomments&post=7214"}],"version-history":[{"count":14,"href":"https:\/\/muehlingen.de\/index.php?rest_route=\/wp\/v2\/pages\/7214\/revisions"}],"predecessor-version":[{"id":8591,"href":"https:\/\/muehlingen.de\/index.php?rest_route=\/wp\/v2\/pages\/7214\/revisions\/8591"}],"wp:attachment":[{"href":"https:\/\/muehlingen.de\/index.php?rest_route=%2Fwp%2Fv2%2Fmedia&parent=7214"}],"curies":[{"name":"wp","href":"https:\/\/api.w.org\/{rel}","templated":true}]}}

Reparaturcafé Mühlingen

<div class="fusion-fullwidth fullwidth-box fusion-builder-row-1 fusion-flex-container has-pattern-background has-mask-background nonhundred-percent-fullwidth non-hundred-percent-height-scrolling" style="--awb-border-radius-top-left:0px;--awb-border-radius-top-right:0px;--awb-border-radius-bottom-right:0px;--awb-border-radius-bottom-left:0px;--awb-flex-wrap:wrap;" ><div class="fusion-builder-row fusion-row fusion-flex-align-items-flex-start fusion-flex-content-wrap" style="max-width:1664px;margin-left: calc(-4% / 2 );margin-right: calc(-4% / 2 );"><div class="fusion-layout-column fusion_builder_column fusion-builder-column-0 fusion_builder_column_2_3 2_3 fusion-flex-column" style="--awb-bg-size:cover;--awb-width-large:66.666666666667%;--awb-margin-top-large:9px;--awb-spacing-right-large:2.88%;--awb-margin-bottom-large:37px;--awb-spacing-left-large:2.88%;--awb-width-medium:100%;--awb-order-medium:0;--awb-spacing-right-medium:1.92%;--awb-spacing-left-medium:1.92%;--awb-width-small:100%;--awb-order-small:0;--awb-spacing-right-small:1.92%;--awb-spacing-left-small:1.92%;"><div class="fusion-column-wrapper fusion-column-has-shadow fusion-flex-justify-content-flex-start fusion-content-layout-column"><div class="fusion-text fusion-text-1"><h4><img decoding="async" src="https://muehlingen.de/wordpress_01/wp-content/uploads/Einladung-Bild.jpg" class="alignnone size-full wp-image-6585" alt="" width="552" height="64" srcset="https://muehlingen.de/wordpress_01/wp-content/uploads/Einladung-Bild-200x23.jpg 200w, https://muehlingen.de/wordpress_01/wp-content/uploads/Einladung-Bild-300x35.jpg 300w, https://muehlingen.de/wordpress_01/wp-content/uploads/Einladung-Bild-400x46.jpg 400w, https://muehlingen.de/wordpress_01/wp-content/uploads/Einladung-Bild-540x64.jpg 540w, https://muehlingen.de/wordpress_01/wp-content/uploads/Einladung-Bild.jpg 552w" sizes="(max-width: 552px) 100vw, 552px" /></h4>
<h4><span style=""><strong>Im alten Rathaus Gallmannsweil wurde durch eine private Initiative ein Reparaturcafé eingerichtet.</strong></span></h4>
<p><strong><span style="">Zum Internet-Auftritt des</span> <a href="https://reparaturcafe-muehlingen.webnode.page/">Reparatur-Cafés Mühlingen <span style="">(klick)</span></a></strong></p>
<p><strong><span style="">Mehr zu der Initiative der</span> <a href="https://www.reparatur-initiativen.de">Reparatur-Cafés <span style="">(klick)</span></a></strong></p>
<hr>
<p><span style="">Was ist ein Reparaturcafé?</span></p>
<p><span style="">Ein Reparaturcafé ist eine gemeinnützige Initiative, die Menschen zusammenbringt, um defekte Gegenstände zu reparieren und somit deren Lebensdauer zu verlängern. Es ist ein Ort, an dem Freiwillige ihr Fachwissen und ihre handwerklichen Fähigkeiten einsetzen, um anderen bei der Reparatur von Haushaltsgeräten, Elektronik, Kleidung, Möbeln und anderen Gegenständen zu helfen.</span></p>
<p><span style="">Das Reparaturcafé ist eine Antwort auf die Wegwerfkultur und den wachsenden Elektroschrott. Anstatt defekte Gegenstände einfach wegzuwerfen und durch neue zu ersetzen, bietet das Reparaturcafé eine nachhaltige Alternative. Es fördert die Wiederverwendung, spart Ressourcen und reduziert den Müll.</span></p>
<p><span style="">Die Idee hinter einem Reparaturcafé ist einfach: Menschen, die defekte Gegenstände haben, bringen sie ins Reparaturcafé und arbeiten gemeinsam mit den freiwilligen Reparateuren daran, sie zu reparieren. Die Reparateure teilen ihr Wissen und ihre Fähigkeiten und führen die Reparaturen in einer gemeinschaftlichen Atmosphäre durch. Dabei geht es nicht nur um die eigentliche Reparatur, sondern auch um das Wissenstransfer und das Empowerment der Besucher, die möglicherweise in der Lage sind, zukünftige Reparaturen selbst durchzuführen.</span></p>
<p><span style="">Ein Reparaturcafé bietet zahlreiche Vorteile. Es ermöglicht den Menschen, ihre Fähigkeiten zu teilen und voneinander zu lernen. Es stärkt die Gemeinschaft und fördert den sozialen Austausch. Außerdem können die Besucher Geld sparen, indem sie ihre Gegenstände reparieren lassen, anstatt neue zu kaufen. Das Reparaturcafé trägt auch zur Reduzierung der Umweltbelastung bei, indem es den Bedarf an neuen Produkten verringert und die Ressourcen effizienter nutzt.</span></p>
</div></div></div><div class="fusion-layout-column fusion_builder_column fusion-builder-column-1 fusion_builder_column_1_3 1_3 fusion-flex-column" style="--awb-bg-size:cover;--awb-width-large:33.333333333333%;--awb-margin-top-large:21px;--awb-spacing-right-large:5.76%;--awb-margin-bottom-large:20px;--awb-spacing-left-large:5.76%;--awb-width-medium:100%;--awb-order-medium:0;--awb-spacing-right-medium:1.92%;--awb-spacing-left-medium:1.92%;--awb-width-small:100%;--awb-order-small:0;--awb-spacing-right-small:1.92%;--awb-spacing-left-small:1.92%;"><div class="fusion-column-wrapper fusion-column-has-shadow fusion-flex-justify-content-flex-start fusion-content-layout-column"><div class="fusion-text fusion-text-2"><p><span style=""><b>Das Reparatur-Café darf jeder Interessent nutzen und ist nicht nur der Gemeinde Mühlingen vorbehalten.</b></span></p>
<p><span style=""><strong>Wo?</strong></span><br />
<span style="">Garmanstr. 19 (Altes Rathaus)</span><br />
<span style="font-family: var(--awb-text-font-family); font-size: var(--awb-font-size); font-style: var(--awb-text-font-style); font-weight: var(--awb-text-font-weight); letter-spacing: var(--awb-letter-spacing); text-align: var(--awb-content-alignment); text-transform: var(--awb-text-transform); background-color: var(--awb-bg-color-hover)">78357 Mühlingen-Gallmannsweil</span></p>
<p><span style=""><strong>Öffnungszeiten:</strong></span><br />
<span style="">Jeweils am 2. Freitag des Monats von 14 &#8211; 18 Uhr:</span></p>
<hr>
</div></div></div></div></div>
