{"id":7680,"date":"2024-10-07T15:37:19","date_gmt":"2024-10-07T13:37:19","guid":{"rendered":"https:\/\/muehlingen.de\/?page_id=7680"},"modified":"2025-12-15T18:09:01","modified_gmt":"2025-12-15T17:09:01","slug":"barrierefreiheit","status":"publish","type":"page","link":"https:\/\/muehlingen.de\/?page_id=7680","title":{"rendered":"Barrierefreiheit"},"content":{"rendered":"<div class=\"fusion-fullwidth fullwidth-box fusion-builder-row-1 fusion-flex-container has-pattern-background has-mask-background nonhundred-percent-fullwidth non-hundred-percent-height-scrolling\" style=\"--awb-border-radius-top-left:0px;--awb-border-radius-top-right:0px;--awb-border-radius-bottom-right:0px;--awb-border-radius-bottom-left:0px;--awb-flex-wrap:wrap;\" ><div class=\"fusion-builder-row fusion-row fusion-flex-align-items-flex-start fusion-flex-content-wrap\" style=\"max-width:1664px;margin-left: calc(-4% \/ 2 );margin-right: calc(-4% \/ 2 );\"><div class=\"fusion-layout-column fusion_builder_column fusion-builder-column-0 fusion_builder_column_1_1 1_1 fusion-flex-column\" style=\"--awb-padding-right:30px;--awb-padding-left:30px;--awb-bg-size:cover;--awb-width-large:100%;--awb-margin-top-large:0px;--awb-spacing-right-large:1.92%;--awb-margin-bottom-large:20px;--awb-spacing-left-large:1.92%;--awb-width-medium:100%;--awb-order-medium:0;--awb-spacing-right-medium:1.92%;--awb-spacing-left-medium:1.92%;--awb-width-small:100%;--awb-order-small:0;--awb-spacing-right-small:1.92%;--awb-spacing-left-small:1.92%;\" data-scroll-devices=\"small-visibility,medium-visibility,large-visibility\"><div class=\"fusion-column-wrapper fusion-column-has-shadow fusion-flex-justify-content-flex-start fusion-content-layout-column\"><div class=\"fusion-text fusion-text-1\"><header class=\"headlineArea clearfix\">\n<h1><span style=\"color: #ffffff;\">Erkl\u00e4rung zur Barrierefreiheit<\/span><\/h1>\n<\/header>\n<article class=\"hyphenate\">\n<div class=\"editorContent clearfix\">\n<p><span style=\"color: #ffffff;\">Die Gemeinde M\u00fchlingen ist bem\u00fcht, ihren Internetauftritt in Einklang mit \u00a7 10 Absatz 1 des Landesbehindertengleichstellungsgesetzes (L-BGG) barrierefrei zug\u00e4nglich zu machen.<\/span><\/p>\n<p><span style=\"color: #ffffff;\">Diese Erkl\u00e4rung zur Barrierefreiheit gilt f\u00fcr www.muehlingen.de.<\/span><\/p>\n<h2><span style=\"color: #ffffff;\">1. Stand der Vereinbarkeit mit den Anforderungen<\/span><\/h2>\n<p><span style=\"color: #ffffff;\">Dieser Internetauftritt ist wegen der folgenden Unvereinbarkeiten und Ausnahmen nur teilweise mit \u00a7 10 Absatz 1 L-BGG vereinbar.<\/span><\/p>\n<h2><span style=\"color: #ffffff;\">2. Nicht barrierefreie Inhalte<\/span><\/h2>\n<p><span style=\"color: #ffffff;\">Die nachstehend aufgef\u00fchrten Inhalte sind aus den folgenden Gr\u00fcnden nicht barrierefrei:<\/span><\/p>\n<ul>\n<li><span style=\"color: #ffffff;\">Unvereinbarkeit mit \u00a7 10 Absatz 1 L-BGG<\/span>\n<ul class=\"cProject_standardList\">\n<li><span style=\"color: #ffffff;\">Fehlermeldungen in Formularen sind teilweise unzureichend.<\/span><\/li>\n<li><span style=\"color: #ffffff;\">PDF-Dokumente die vor dem 23.09.2018 eingestellt wurden und f\u00fcr aktive Verwaltungsverfahren ben\u00f6tigt werden.<\/span><\/li>\n<li><span style=\"color: #ffffff;\">Teilweise PDF-Dokumente, die seit dem 23.09.2018 eingestellt wurden.<\/span><\/li>\n<li><span style=\"color: #ffffff;\">Formulare, die derzeit noch nicht barrierefrei zur Verf\u00fcgung gestellt werden k\u00f6nnen.<\/span><\/li>\n<\/ul>\n<\/li>\n<li><span style=\"color: #ffffff;\">Unverh\u00e4ltnism\u00e4\u00dfige Belastung<\/span>\n<ul class=\"cProject_standardList\">\n<li><span style=\"color: #ffffff;\">Fehlende Alternativen f\u00fcr Audiodateien und stumme Videos..<\/span><\/li>\n<li><span style=\"color: #ffffff;\">Bilder in Bildergalerien sind teilweise ohne Alternativtexte, insbesondere bei umfangreichen Bildergalerien.<\/span><\/li>\n<\/ul>\n<\/li>\n<li><span style=\"color: #ffffff;\">Die Inhalte fallen nicht in den Anwendungsbereich der anwendbaren Rechtsvorschriften.<\/span>\n<ul class=\"cProject_standardList\">\n<li><span style=\"color: #ffffff;\">PDF-Dokumente, die vor dem 23.09.2018 eingestellt wurden und nicht f\u00fcr aktive Verwaltungsverfahren ben\u00f6tigt werden.<\/span><\/li>\n<\/ul>\n<\/li>\n<\/ul>\n<h2><span style=\"color: #ffffff;\">3. Erstellung dieser Erkl\u00e4rung zur Barrierefreiheit<\/span><\/h2>\n<p><span style=\"color: #ffffff;\">Diese Erkl\u00e4rung wurde am 07. Oktober 2024 erstellt.<\/span><\/p>\n<p><span style=\"color: #ffffff;\">Die Erkl\u00e4rung wurde auf Basis der BITV \/ WCAG-Selbstbewertung\u00a0<a style=\"color: #ffffff;\" title=\"BITV-Test\" href=\"http:\/\/www.bitvtest.de\/\" target=\"_blank\" rel=\"noopener\">www.bitvtest.de\u00a0<\/a>erstellt.<\/span><\/p>\n<p><span style=\"color: #ffffff;\">Die Erkl\u00e4rung wurde zuletzt am 07.10.2024 \u00fcberpr\u00fcft.<\/span><\/p>\n<h2><span style=\"color: #ffffff;\">4. R\u00fcckmeldung und Kontaktangaben<\/span><\/h2>\n<p><span style=\"color: #ffffff;\">Sind Ihnen M\u00e4ngel beim barrierefreien Zugang zu Inhalten unserer Internetseite aufgefallen?<\/span><\/p>\n<p><span style=\"color: #ffffff;\">Dann k\u00f6nnen Sie sich gerne bei uns melden.<\/span><\/p>\n<p><span style=\"color: #ffffff;\"><strong>Unten auf allen Seiten finden Sie unseren Kontakt.<\/strong><\/span><\/p>\n<p><span style=\"color: #ffffff;\">Oder nehmen Sie \u00fcber unseren E-Mailkontakt f\u00fcr direkte Meldungen <strong>sos@muehlingen.de<\/strong> Kontakt zu uns auf.<\/span><\/p>\n<h2><span style=\"color: #ffffff;\">5. Schlichtungsverfahren<\/span><\/h2>\n<p><span style=\"color: #ffffff;\">Wenn Sie der Meinung sind, dass diese Webseite<em><strong>\u00a0<\/strong><\/em>nicht barrierefrei zug\u00e4nglich ist, k\u00f6nnen Sie unsere in Ziffer 4 genannte Stelle oder Person dar\u00fcber informieren.<\/span><\/p>\n<p><span style=\"color: #ffffff;\">Falls wir Ihnen nicht oder nicht zufriedenstellend innerhalb von vier Wochen ab Zugang Ihrer Anfrage antworten, k\u00f6nnen Sie sich an die Schlichtungsstelle des Landeszentrums f\u00fcr Barrierefreiheit (LZ-BARR) wenden. Die Schlichtungsstelle erreichen Sie wie folgt:<\/span><\/p>\n<p><span style=\"color: #ffffff;\">Landeszentrum Barrierefreiheit<\/span><br \/>\n<span style=\"color: #ffffff;\">Schlichtungsstelle<\/span><br \/>\n<span style=\"color: #ffffff;\">Else-Josenhans-Stra\u00dfe 6<\/span><br \/>\n<span style=\"color: #ffffff;\">70173 Stuttgart<\/span><br \/>\n<span style=\"color: #ffffff;\">Telefon: 0711 123 39375<\/span><br \/>\n<span style=\"color: #ffffff;\">E-Mail:\u00a0<a style=\"color: #ffffff;\" href=\"https:\/\/www.bodman-ludwigshafen.de\/Barrierefreiheit#\">schlichtung(at)barrierefreiheit.bwl.de<\/a><\/span><br \/>\n<span style=\"color: #ffffff;\">Webseite:\u00a0<a style=\"color: #ffffff;\" title=\"neues Browserfenster: Schlichtungsstelle\" href=\"https:\/\/barrierefreiheit-bw.de\/\" target=\"_blank\" rel=\"noopener\">https:\/\/barrierefreiheit-bw.de<\/a><\/span><\/p>\n<p><span style=\"color: #ffffff;\">Das Schlichtungsverfahren ist unentgeltlich.<\/span><\/p>\n<p><span style=\"color: #ffffff;\">Auf die M\u00f6glichkeit des Verbandsklagerechts nach \u00a7 12 Absatz 1 Satz 1 Nummer 4 L-BGG wird hingewiesen.<\/span><\/p>\n<\/div>\n<\/article>\n<\/div><\/div><\/div><\/div><\/div>\n","protected":false},"excerpt":{"rendered":"","protected":false},"author":1,"featured_media":0,"parent":0,"menu_order":0,"comment_status":"closed","ping_status":"closed","template":"","meta":{"footnotes":""},"class_list":["post-7680","page","type-page","status-publish","hentry"],"publishpress_future_action":{"enabled":false,"date":"2026-05-08 11:57:30","action":"change-status","newStatus":"draft","terms":[],"taxonomy":"","extraData":[]},"publishpress_future_workflow_manual_trigger":{"enabledWorkflows":[]},"_links":{"self":[{"href":"https:\/\/muehlingen.de\/index.php?rest_route=\/wp\/v2\/pages\/7680","targetHints":{"allow":["GET"]}}],"collection":[{"href":"https:\/\/muehlingen.de\/index.php?rest_route=\/wp\/v2\/pages"}],"about":[{"href":"https:\/\/muehlingen.de\/index.php?rest_route=\/wp\/v2\/types\/page"}],"author":[{"embeddable":true,"href":"https:\/\/muehlingen.de\/index.php?rest_route=\/wp\/v2\/users\/1"}],"replies":[{"embeddable":true,"href":"https:\/\/muehlingen.de\/index.php?rest_route=%2Fwp%2Fv2%2Fcomments&post=7680"}],"version-history":[{"count":5,"href":"https:\/\/muehlingen.de\/index.php?rest_route=\/wp\/v2\/pages\/7680\/revisions"}],"predecessor-version":[{"id":8440,"href":"https:\/\/muehlingen.de\/index.php?rest_route=\/wp\/v2\/pages\/7680\/revisions\/8440"}],"wp:attachment":[{"href":"https:\/\/muehlingen.de\/index.php?rest_route=%2Fwp%2Fv2%2Fmedia&parent=7680"}],"curies":[{"name":"wp","href":"https:\/\/api.w.org\/{rel}","templated":true}]}}

<div class="fusion-fullwidth fullwidth-box fusion-builder-row-1 fusion-flex-container has-pattern-background has-mask-background nonhundred-percent-fullwidth non-hundred-percent-height-scrolling" style="--awb-border-radius-top-left:0px;--awb-border-radius-top-right:0px;--awb-border-radius-bottom-right:0px;--awb-border-radius-bottom-left:0px;--awb-flex-wrap:wrap;" ><div class="fusion-builder-row fusion-row fusion-flex-align-items-flex-start fusion-flex-content-wrap" style="max-width:1664px;margin-left: calc(-4% / 2 );margin-right: calc(-4% / 2 );"><div class="fusion-layout-column fusion_builder_column fusion-builder-column-0 fusion_builder_column_1_1 1_1 fusion-flex-column" style="--awb-padding-right:30px;--awb-padding-left:30px;--awb-bg-size:cover;--awb-width-large:100%;--awb-margin-top-large:0px;--awb-spacing-right-large:1.92%;--awb-margin-bottom-large:20px;--awb-spacing-left-large:1.92%;--awb-width-medium:100%;--awb-order-medium:0;--awb-spacing-right-medium:1.92%;--awb-spacing-left-medium:1.92%;--awb-width-small:100%;--awb-order-small:0;--awb-spacing-right-small:1.92%;--awb-spacing-left-small:1.92%;" data-scroll-devices="small-visibility,medium-visibility,large-visibility"><div class="fusion-column-wrapper fusion-column-has-shadow fusion-flex-justify-content-flex-start fusion-content-layout-column"><div class="fusion-text fusion-text-1"><header class="headlineArea clearfix">
<h1><span style="color: #ffffff;">Erklärung zur Barrierefreiheit</span></h1>
</header>
<article class="hyphenate">
<div class="editorContent clearfix">
<p><span style="color: #ffffff;">Die Gemeinde Mühlingen ist bemüht, ihren Internetauftritt in Einklang mit § 10 Absatz 1 des Landesbehindertengleichstellungsgesetzes (L-BGG) barrierefrei zugänglich zu machen.</span></p>
<p><span style="color: #ffffff;">Diese Erklärung zur Barrierefreiheit gilt für www.muehlingen.de.</span></p>
<h2><span style="color: #ffffff;">1. Stand der Vereinbarkeit mit den Anforderungen</span></h2>
<p><span style="color: #ffffff;">Dieser Internetauftritt ist wegen der folgenden Unvereinbarkeiten und Ausnahmen nur teilweise mit § 10 Absatz 1 L-BGG vereinbar.</span></p>
<h2><span style="color: #ffffff;">2. Nicht barrierefreie Inhalte</span></h2>
<p><span style="color: #ffffff;">Die nachstehend aufgeführten Inhalte sind aus den folgenden Gründen nicht barrierefrei:</span></p>
<ul>
<li><span style="color: #ffffff;">Unvereinbarkeit mit § 10 Absatz 1 L-BGG</span>
<ul class="cProject_standardList">
<li><span style="color: #ffffff;">Fehlermeldungen in Formularen sind teilweise unzureichend.</span></li>
<li><span style="color: #ffffff;">PDF-Dokumente die vor dem 23.09.2018 eingestellt wurden und für aktive Verwaltungsverfahren benötigt werden.</span></li>
<li><span style="color: #ffffff;">Teilweise PDF-Dokumente, die seit dem 23.09.2018 eingestellt wurden.</span></li>
<li><span style="color: #ffffff;">Formulare, die derzeit noch nicht barrierefrei zur Verfügung gestellt werden können.</span></li>
</ul>
</li>
<li><span style="color: #ffffff;">Unverhältnismäßige Belastung</span>
<ul class="cProject_standardList">
<li><span style="color: #ffffff;">Fehlende Alternativen für Audiodateien und stumme Videos..</span></li>
<li><span style="color: #ffffff;">Bilder in Bildergalerien sind teilweise ohne Alternativtexte, insbesondere bei umfangreichen Bildergalerien.</span></li>
</ul>
</li>
<li><span style="color: #ffffff;">Die Inhalte fallen nicht in den Anwendungsbereich der anwendbaren Rechtsvorschriften.</span>
<ul class="cProject_standardList">
<li><span style="color: #ffffff;">PDF-Dokumente, die vor dem 23.09.2018 eingestellt wurden und nicht für aktive Verwaltungsverfahren benötigt werden.</span></li>
</ul>
</li>
</ul>
<h2><span style="color: #ffffff;">3. Erstellung dieser Erklärung zur Barrierefreiheit</span></h2>
<p><span style="color: #ffffff;">Diese Erklärung wurde am 07. Oktober 2024 erstellt.</span></p>
<p><span style="color: #ffffff;">Die Erklärung wurde auf Basis der BITV / WCAG-Selbstbewertung <a style="color: #ffffff;" title="BITV-Test" href="http://www.bitvtest.de/" target="_blank" rel="noopener">www.bitvtest.de </a>erstellt.</span></p>
<p><span style="color: #ffffff;">Die Erklärung wurde zuletzt am 07.10.2024 überprüft.</span></p>
<h2><span style="color: #ffffff;">4. Rückmeldung und Kontaktangaben</span></h2>
<p><span style="color: #ffffff;">Sind Ihnen Mängel beim barrierefreien Zugang zu Inhalten unserer Internetseite aufgefallen?</span></p>
<p><span style="color: #ffffff;">Dann können Sie sich gerne bei uns melden.</span></p>
<p><span style="color: #ffffff;"><strong>Unten auf allen Seiten finden Sie unseren Kontakt.</strong></span></p>
<p><span style="color: #ffffff;">Oder nehmen Sie über unseren E-Mailkontakt für direkte Meldungen <strong>sos@muehlingen.de</strong> Kontakt zu uns auf.</span></p>
<h2><span style="color: #ffffff;">5. Schlichtungsverfahren</span></h2>
<p><span style="color: #ffffff;">Wenn Sie der Meinung sind, dass diese Webseite<em><strong> </strong></em>nicht barrierefrei zugänglich ist, können Sie unsere in Ziffer 4 genannte Stelle oder Person darüber informieren.</span></p>
<p><span style="color: #ffffff;">Falls wir Ihnen nicht oder nicht zufriedenstellend innerhalb von vier Wochen ab Zugang Ihrer Anfrage antworten, können Sie sich an die Schlichtungsstelle des Landeszentrums für Barrierefreiheit (LZ-BARR) wenden. Die Schlichtungsstelle erreichen Sie wie folgt:</span></p>
<p><span style="color: #ffffff;">Landeszentrum Barrierefreiheit</span><br />
<span style="color: #ffffff;">Schlichtungsstelle</span><br />
<span style="color: #ffffff;">Else-Josenhans-Straße 6</span><br />
<span style="color: #ffffff;">70173 Stuttgart</span><br />
<span style="color: #ffffff;">Telefon: 0711 123 39375</span><br />
<span style="color: #ffffff;">E-Mail: <a style="color: #ffffff;" href="https://www.bodman-ludwigshafen.de/Barrierefreiheit#">schlichtung(at)barrierefreiheit.bwl.de</a></span><br />
<span style="color: #ffffff;">Webseite: <a style="color: #ffffff;" title="neues Browserfenster: Schlichtungsstelle" href="https://barrierefreiheit-bw.de/" target="_blank" rel="noopener">https://barrierefreiheit-bw.de</a></span></p>
<p><span style="color: #ffffff;">Das Schlichtungsverfahren ist unentgeltlich.</span></p>
<p><span style="color: #ffffff;">Auf die Möglichkeit des Verbandsklagerechts nach § 12 Absatz 1 Satz 1 Nummer 4 L-BGG wird hingewiesen.</span></p>
</div>
</article>
</div></div></div></div></div>
