{"id":8232,"date":"2025-10-01T11:33:13","date_gmt":"2025-10-01T09:33:13","guid":{"rendered":"https:\/\/muehlingen.de\/?page_id=8232"},"modified":"2026-04-24T12:07:04","modified_gmt":"2026-04-24T10:07:04","slug":"oeffentliche-bekanntmachungen","status":"publish","type":"page","link":"https:\/\/muehlingen.de\/?page_id=8232","title":{"rendered":"\u00d6ffentliche Bekanntmachungen"},"content":{"rendered":"<div class=\"fusion-fullwidth fullwidth-box fusion-builder-row-1 fusion-flex-container has-pattern-background has-mask-background nonhundred-percent-fullwidth non-hundred-percent-height-scrolling\" style=\"--awb-border-radius-top-left:0px;--awb-border-radius-top-right:0px;--awb-border-radius-bottom-right:0px;--awb-border-radius-bottom-left:0px;--awb-flex-wrap:wrap;\" ><div class=\"fusion-builder-row fusion-row fusion-flex-align-items-flex-start fusion-flex-content-wrap\" style=\"max-width:1664px;margin-left: calc(-4% \/ 2 );margin-right: calc(-4% \/ 2 );\"><div class=\"fusion-layout-column fusion_builder_column fusion-builder-column-0 fusion_builder_column_1_1 1_1 fusion-flex-column\" style=\"--awb-padding-top:30px;--awb-padding-right:30px;--awb-padding-left:30px;--awb-bg-color:var(--awb-custom_color_1);--awb-bg-color-hover:var(--awb-custom_color_1);--awb-bg-size:cover;--awb-width-large:100%;--awb-margin-top-large:0px;--awb-spacing-right-large:1.92%;--awb-margin-bottom-large:0px;--awb-spacing-left-large:1.92%;--awb-width-medium:100%;--awb-order-medium:0;--awb-spacing-right-medium:1.92%;--awb-spacing-left-medium:1.92%;--awb-width-small:100%;--awb-order-small:0;--awb-spacing-right-small:1.92%;--awb-spacing-left-small:1.92%;\" data-scroll-devices=\"small-visibility,medium-visibility,large-visibility\"><div class=\"fusion-column-wrapper fusion-column-has-shadow fusion-flex-justify-content-flex-start fusion-content-layout-column\"><div class=\"fusion-text fusion-text-1\"><p><span style=\"color: #ffffff;\">Die \u00f6ffentlichen Bekanntmachungen der Gemeinde M\u00fchlingen werden, soweit keine sondergesetzlichen Bestimmungen bestehen, rechtswirksam hier, auf der Internetseite der Gemeinde M\u00fchlingen ver\u00f6ffentlicht. Bei spezialgesetzlichen Regelungen, z. B. f\u00fcr die Bekanntmachung von Bauleitpl\u00e4nen, ist das Amtliche Mitteilungsblatt der Gemeinde M\u00fchlingen das rechtswirksame Bekanntmachungsorgan. Zus\u00e4tzlich sind diese ebenfalls hier im Internet zu finden.<\/span><\/p>\n<p><span style=\"color: #ffffff;\">Die \u00f6ffentlichen Bekanntmachungen k\u00f6nnen w\u00e4hrend der \u00d6ffnungszeiten im Rathaus kostenlos eingesehen werden und sind dort gegen Kostenerstattung als Ausdruck zu erhalten.<\/span><\/p>\n<p><span style=\"color: #ffffff;\">Weitere Informationen enth\u00e4lt die Satzung der Gemeinde M\u00fchlingen \u00fcber \u00f6ffentliche Bekanntmachungen (Bekanntmachungssatzung)<\/span> <span style=\"color: #0000ff;\"><a style=\"color: #0000ff;\" href=\"https:\/\/muehlingen.de\/wordpress_01\/wp-content\/uploads\/Bekanntmachungssatzung-der-Gemeinde-Muehlingen-Amtsblatt.pdf\">Bekanntmachungssatzung der Gemeinde M\u00fchlingen Amtsblatt (klick)<\/a>.<\/span><\/p>\n<h2 style=\"text-align: center;\"><\/h2>\n<\/div><\/div><\/div><div class=\"fusion-layout-column fusion_builder_column fusion-builder-column-1 fusion_builder_column_1_1 1_1 fusion-flex-column\" style=\"--awb-padding-right:30px;--awb-padding-left:30px;--awb-bg-color:var(--awb-custom_color_1);--awb-bg-color-hover:var(--awb-custom_color_1);--awb-bg-size:cover;--awb-width-large:100%;--awb-margin-top-large:0px;--awb-spacing-right-large:1.92%;--awb-margin-bottom-large:0px;--awb-spacing-left-large:1.92%;--awb-width-medium:100%;--awb-order-medium:0;--awb-spacing-right-medium:1.92%;--awb-spacing-left-medium:1.92%;--awb-width-small:100%;--awb-order-small:0;--awb-spacing-right-small:1.92%;--awb-spacing-left-small:1.92%;\" data-scroll-devices=\"small-visibility,medium-visibility,large-visibility\"><div class=\"fusion-column-wrapper fusion-column-has-shadow fusion-flex-justify-content-flex-start fusion-content-layout-column\"><div class=\"fusion-text fusion-text-2\"><h3><span style=\"color: #ffffff;\"><strong>Protokolle der \u00f6ffentlichen Gemeinderatssitzungen<\/strong><\/span><\/h3>\n<\/div><div class=\"fusion-tabs fusion-tabs-1 classic vertical-tabs icon-position-left mobile-mode-accordion\" style=\"--awb-title-border-radius-top-left:0px;--awb-title-border-radius-top-right:0px;--awb-title-border-radius-bottom-right:0px;--awb-title-border-radius-bottom-left:0px;--awb-alignment:start;--awb-inactive-color:#f1f2f2;--awb-background-color:#ffffff;--awb-border-color:#f2f2f2;--awb-active-border-color:#004cff;\"><div class=\"nav\"><ul class=\"nav-tabs\" role=\"tablist\" aria-orientation=\"vertical\"><li class=\"active\" role=\"presentation\"><a class=\"tab-link\" data-toggle=\"tab\" role=\"tab\" aria-controls=\"tab-e753b66d8856c5db6a6\" aria-selected=\"true\" tabindex=\"0\" id=\"fusion-tab-e753b66d8856c5db6a6\" href=\"#tab-e753b66d8856c5db6a6\"><h4 class=\"fusion-tab-heading\">2026 Protokolle - \u00d6ffentliche Gemeinderatssitzung -<\/h4><\/a><\/li><li  role=\"presentation\"><a class=\"tab-link\" data-toggle=\"tab\" role=\"tab\" aria-controls=\"tab-4698c7d79ad02221f74\" aria-selected=\"false\" tabindex=\"-1\" id=\"fusion-tab-4698c7d79ad02221f74\" href=\"#tab-4698c7d79ad02221f74\"><h4 class=\"fusion-tab-heading\">2025 Protokolle - \u00d6ffentliche Gemeinderatssitzung -<\/h4><\/a><\/li><\/ul><\/div><div class=\"tab-content\"><div class=\"nav fusion-mobile-tab-nav\"><ul class=\"nav-tabs\" role=\"tablist\" aria-orientation=\"vertical\"><li class=\"active\" role=\"presentation\"><a class=\"tab-link\" data-toggle=\"tab\" role=\"tab\" aria-controls=\"tab-e753b66d8856c5db6a6\" aria-selected=\"true\" tabindex=\"0\" id=\"mobile-fusion-tab-e753b66d8856c5db6a6\" href=\"#tab-e753b66d8856c5db6a6\"><h4 class=\"fusion-tab-heading\">2026 Protokolle - \u00d6ffentliche Gemeinderatssitzung -<\/h4><\/a><\/li><\/ul><\/div><div class=\"tab-pane fade fusion-clearfix in active\" role=\"tabpanel\" tabindex=\"0\" aria-labelledby=\"fusion-tab-e753b66d8856c5db6a6\" id=\"tab-e753b66d8856c5db6a6\">\n<p><a href=\"https:\/\/muehlingen.de\/wordpress_01\/wp-content\/uploads\/2026-01-20-Protokoll-oes.pdf\">2026-01-20 Protokoll \u00f6s<\/a><\/p>\n<p><a href=\"https:\/\/muehlingen.de\/wordpress_01\/wp-content\/uploads\/2026-02-10-Protokoll-oes.pdf\">2026-02-10 Protokoll \u00f6s<\/a><\/p>\n<p><a href=\"https:\/\/muehlingen.de\/wordpress_01\/wp-content\/uploads\/2026-03-10-Protokoll-oes.pdf\">2026-03-10 Protokoll \u00f6s<\/a><\/p>\n<\/div><div class=\"nav fusion-mobile-tab-nav\"><ul class=\"nav-tabs\" role=\"tablist\" aria-orientation=\"vertical\"><li  role=\"presentation\"><a class=\"tab-link\" data-toggle=\"tab\" role=\"tab\" aria-controls=\"tab-4698c7d79ad02221f74\" aria-selected=\"false\" tabindex=\"-1\" id=\"mobile-fusion-tab-4698c7d79ad02221f74\" href=\"#tab-4698c7d79ad02221f74\"><h4 class=\"fusion-tab-heading\">2025 Protokolle - \u00d6ffentliche Gemeinderatssitzung -<\/h4><\/a><\/li><\/ul><\/div><div class=\"tab-pane fade fusion-clearfix\" role=\"tabpanel\" tabindex=\"0\" aria-labelledby=\"fusion-tab-4698c7d79ad02221f74\" id=\"tab-4698c7d79ad02221f74\"><a href=\"https:\/\/muehlingen.de\/wordpress_01\/wp-content\/uploads\/2025-12-16-Protokoll-oes.pdf\">2025-12-16 Protokoll \u00f6s<\/a><\/p>\n<p><a href=\"https:\/\/muehlingen.de\/wordpress_01\/wp-content\/uploads\/2025-11-25-Protokoll-oes.pdf\">2025-11-25 Protokoll \u00f6s<\/a><\/p>\n<p><a href=\"https:\/\/muehlingen.de\/wordpress_01\/wp-content\/uploads\/2025-11-04-Protokoll-oes.pdf\">2025-11-04 Protokoll \u00f6s<\/a><\/p>\n<p><a href=\"https:\/\/muehlingen.de\/wordpress_01\/wp-content\/uploads\/2025-10-14-Protokoll-oes.pdf\">2025-10-14 Protokoll \u00f6s\u00a0<\/a><\/p>\n<p><a href=\"https:\/\/muehlingen.de\/wordpress_01\/wp-content\/uploads\/2025-09-23-Protokoll-oes.pdf\">2025-09-23 Protokoll \u00f6s<\/a><\/p>\n<p><a href=\"https:\/\/muehlingen.de\/wordpress_01\/wp-content\/uploads\/2025-07-22-Protokoll-oes.pdf\">2025-07-22 Protokoll \u00f6s\u00a0<\/a><\/p>\n<p><a href=\"https:\/\/muehlingen.de\/wordpress_01\/wp-content\/uploads\/2025-07-01-Protokoll-oes.pdf\">2025-07-01 Protokoll \u00f6s<\/a><\/p>\n<p><a href=\"https:\/\/muehlingen.de\/wordpress_01\/wp-content\/uploads\/2025-06-03-Protokoll-oes.pdf\">2025-06-03 Protokoll \u00f6s<\/a><\/p>\n<p><a href=\"https:\/\/muehlingen.de\/wordpress_01\/wp-content\/uploads\/2025-05-13-Protokoll-oes.pdf\">2025-05-13 Protokoll \u00f6s<\/a><\/p>\n<p><a href=\"https:\/\/muehlingen.de\/wordpress_01\/wp-content\/uploads\/2025-04-08-Protokoll-oes.pdf\">2025-04-08 Protokoll \u00f6s<\/a><\/p>\n<p><a href=\"https:\/\/muehlingen.de\/wordpress_01\/wp-content\/uploads\/2025-02-11-Protokoll-oes.pdf\">2025-02-11 Protokoll \u00f6s<\/a><\/p>\n<p><a href=\"https:\/\/muehlingen.de\/wordpress_01\/wp-content\/uploads\/2025-01-21-Protokoll-oes.pdf\">2025-01-21 Protokoll \u00f6s<\/a><\/p>\n<\/div><\/div><\/div><div class=\"fusion-separator fusion-full-width-sep\" style=\"align-self: center;margin-left: auto;margin-right: auto;margin-bottom:30px;width:100%;\"><div class=\"fusion-separator-border sep-single sep-solid\" style=\"--awb-height:20px;--awb-amount:20px;border-color:#e0dede;border-top-width:2px;\"><\/div><\/div><\/div><\/div><div class=\"fusion-layout-column fusion_builder_column fusion-builder-column-2 fusion_builder_column_1_1 1_1 fusion-flex-column\" style=\"--awb-padding-right:30px;--awb-padding-left:30px;--awb-bg-color:var(--awb-custom_color_1);--awb-bg-color-hover:var(--awb-custom_color_1);--awb-bg-size:cover;--awb-width-large:100%;--awb-margin-top-large:0px;--awb-spacing-right-large:1.92%;--awb-margin-bottom-large:0px;--awb-spacing-left-large:1.92%;--awb-width-medium:100%;--awb-order-medium:0;--awb-spacing-right-medium:1.92%;--awb-spacing-left-medium:1.92%;--awb-width-small:100%;--awb-order-small:0;--awb-spacing-right-small:1.92%;--awb-spacing-left-small:1.92%;\" data-scroll-devices=\"small-visibility,medium-visibility,large-visibility\"><div class=\"fusion-column-wrapper fusion-column-has-shadow fusion-flex-justify-content-flex-start fusion-content-layout-column\"><div class=\"fusion-text fusion-text-3\"><h3><span style=\"color: #ffffff;\"><strong>Bekanntmachungen und Beteiligungsverfahren &#8211; Gemeinde M\u00fchlingen<\/strong><\/span><\/h3>\n<\/div><div class=\"fusion-tabs fusion-tabs-2 classic vertical-tabs icon-position-left mobile-mode-accordion\" style=\"--awb-title-border-radius-top-left:0px;--awb-title-border-radius-top-right:0px;--awb-title-border-radius-bottom-right:0px;--awb-title-border-radius-bottom-left:0px;--awb-alignment:start;--awb-inactive-color:#f1f2f2;--awb-background-color:#ffffff;--awb-border-color:#f2f2f2;--awb-active-border-color:#004cff;\"><div class=\"nav\"><ul class=\"nav-tabs\" role=\"tablist\" aria-orientation=\"vertical\"><li class=\"active\" role=\"presentation\"><a class=\"tab-link\" data-toggle=\"tab\" role=\"tab\" aria-controls=\"tab-8ce88bc3c0b4fb6d367\" aria-selected=\"true\" tabindex=\"0\" id=\"fusion-tab-8ce88bc3c0b4fb6d367\" href=\"#tab-8ce88bc3c0b4fb6d367\"><h4 class=\"fusion-tab-heading\">2026 Bekanntmachungen<\/h4><\/a><\/li><li  role=\"presentation\"><a class=\"tab-link\" data-toggle=\"tab\" role=\"tab\" aria-controls=\"tab-67c0a4435f07e1178f8\" aria-selected=\"false\" tabindex=\"-1\" id=\"fusion-tab-67c0a4435f07e1178f8\" href=\"#tab-67c0a4435f07e1178f8\"><h4 class=\"fusion-tab-heading\">2026 Beteiligungsverfahren<\/h4><\/a><\/li><\/ul><\/div><div class=\"tab-content\"><div class=\"nav fusion-mobile-tab-nav\"><ul class=\"nav-tabs\" role=\"tablist\" aria-orientation=\"vertical\"><li class=\"active\" role=\"presentation\"><a class=\"tab-link\" data-toggle=\"tab\" role=\"tab\" aria-controls=\"tab-8ce88bc3c0b4fb6d367\" aria-selected=\"true\" tabindex=\"0\" id=\"mobile-fusion-tab-8ce88bc3c0b4fb6d367\" href=\"#tab-8ce88bc3c0b4fb6d367\"><h4 class=\"fusion-tab-heading\">2026 Bekanntmachungen<\/h4><\/a><\/li><\/ul><\/div><div class=\"tab-pane fade fusion-clearfix in active\" role=\"tabpanel\" tabindex=\"0\" aria-labelledby=\"fusion-tab-8ce88bc3c0b4fb6d367\" id=\"tab-8ce88bc3c0b4fb6d367\">\n<p><a href=\"https:\/\/muehlingen.de\/wordpress_01\/wp-content\/uploads\/2026-03-30-Bekanntmachung-Haushaltssatzung-signiert.pdf\">2026-03-30 Bekanntmachung Haushaltssatzung signiert<\/a><\/p>\n<p><a href=\"https:\/\/muehlingen.de\/wordpress_01\/wp-content\/uploads\/Wahlbekanntmachung-der-Landtagswahl-signiert.pdf\">2026-02-20 Wahlbekanntmachung der Landtagswahl signiert<\/a><\/p>\n<p><a href=\"https:\/\/muehlingen.de\/wordpress_01\/wp-content\/uploads\/2026-01-30-Bekanntmachung-Einsicht-Waehlerverzeichnis-signiert.pdf\">2026-01-30 Bekanntmachung Einsicht W\u00e4hlerverzeichnis signiert<\/a><\/p>\n<\/div><div class=\"nav fusion-mobile-tab-nav\"><ul class=\"nav-tabs\" role=\"tablist\" aria-orientation=\"vertical\"><li  role=\"presentation\"><a class=\"tab-link\" data-toggle=\"tab\" role=\"tab\" aria-controls=\"tab-67c0a4435f07e1178f8\" aria-selected=\"false\" tabindex=\"-1\" id=\"mobile-fusion-tab-67c0a4435f07e1178f8\" href=\"#tab-67c0a4435f07e1178f8\"><h4 class=\"fusion-tab-heading\">2026 Beteiligungsverfahren<\/h4><\/a><\/li><\/ul><\/div><\/div><\/div><div class=\"fusion-separator fusion-full-width-sep\" style=\"align-self: center;margin-left: auto;margin-right: auto;margin-bottom:30px;width:100%;\"><div class=\"fusion-separator-border sep-single sep-solid\" style=\"--awb-height:20px;--awb-amount:20px;border-color:#e0dede;border-top-width:2px;\"><\/div><\/div><\/div><\/div><div class=\"fusion-layout-column fusion_builder_column fusion-builder-column-3 fusion_builder_column_1_1 1_1 fusion-flex-column\" style=\"--awb-padding-right:30px;--awb-padding-left:30px;--awb-bg-color:var(--awb-custom_color_1);--awb-bg-color-hover:var(--awb-custom_color_1);--awb-bg-size:cover;--awb-width-large:100%;--awb-margin-top-large:0px;--awb-spacing-right-large:1.92%;--awb-margin-bottom-large:0px;--awb-spacing-left-large:1.92%;--awb-width-medium:100%;--awb-order-medium:0;--awb-spacing-right-medium:1.92%;--awb-spacing-left-medium:1.92%;--awb-width-small:100%;--awb-order-small:0;--awb-spacing-right-small:1.92%;--awb-spacing-left-small:1.92%;\" data-scroll-devices=\"small-visibility,medium-visibility,large-visibility\"><div class=\"fusion-column-wrapper fusion-column-has-shadow fusion-flex-justify-content-flex-start fusion-content-layout-column\"><div class=\"fusion-text fusion-text-4\"><h3><span style=\"color: #ffffff;\"><strong>Informationen und Aufgaben der vereinbarten Verwaltungsgemeinschaft<\/strong><\/span><\/h3>\n<\/div><\/div><\/div><div class=\"fusion-layout-column fusion_builder_column fusion-builder-column-4 fusion_builder_column_1_1 1_1 fusion-flex-column\" style=\"--awb-padding-top:30px;--awb-padding-right:30px;--awb-padding-left:30px;--awb-bg-color:var(--awb-color1);--awb-bg-color-hover:var(--awb-color1);--awb-bg-size:cover;--awb-border-color:var(--awb-custom_color_1);--awb-border-right:30px;--awb-border-left:30px;--awb-border-style:solid;--awb-width-large:100%;--awb-margin-top-large:0px;--awb-spacing-right-large:1.92%;--awb-margin-bottom-large:0px;--awb-spacing-left-large:1.92%;--awb-width-medium:100%;--awb-order-medium:0;--awb-spacing-right-medium:1.92%;--awb-spacing-left-medium:1.92%;--awb-width-small:100%;--awb-order-small:0;--awb-spacing-right-small:1.92%;--awb-spacing-left-small:1.92%;\" data-scroll-devices=\"small-visibility,medium-visibility,large-visibility\"><div class=\"fusion-column-wrapper fusion-column-has-shadow fusion-flex-justify-content-flex-start fusion-content-layout-column\"><div class=\"fusion-text fusion-text-5\"><p>Die Stadt Stockach ist Sitz einer vereinbarten Verwaltungsgemeinschaft mit den selbst\u00e4ndigen Gemeinden<\/p>\n<ul>\n<li><span style=\"color: #0000ff;\"><a class=\"external-link-new-window\" style=\"color: #0000ff;\" title=\"Link zur Homepage Bodman-Ludwigshafen - \u00d6ffnet in neuem Fenster\" href=\"http:\/\/www.bodman-ludwigshafen.de\/\" target=\"_blank\" rel=\"noopener noreferrer\">Bodman-Ludwigshafen<\/a><\/span><\/li>\n<li><span style=\"color: #0000ff;\"><a class=\"external-link-new-window\" style=\"color: #0000ff;\" title=\"Link zur Homepage Gemeinde Eigeltingen - \u00d6ffnet in neuem Fenster\" href=\"http:\/\/www.eigeltingen.de\/\" target=\"_blank\" rel=\"noopener noreferrer\">Eigeltingen<\/a><\/span><\/li>\n<li><span style=\"color: #0000ff;\"><a class=\"external-link-new-window\" style=\"color: #0000ff;\" title=\"Link zur Homepage Gemeinde Hohenfels - \u00d6ffnet in neuem Fenster\" href=\"http:\/\/www.hohenfels.de\/\" target=\"_blank\" rel=\"noopener noreferrer\">Hohenfels<\/a><\/span><\/li>\n<li><span style=\"color: #0000ff;\"><a class=\"external-link-new-window\" style=\"color: #0000ff;\" title=\"Link zur Homepage Gemeinde M\u00fchlingen - \u00d6ffnet in neuem Fenster\" href=\"http:\/\/www.muehlingen.de\/\" target=\"_blank\" rel=\"noopener noreferrer\">M\u00fchlingen<\/a><\/span><\/li>\n<li><span style=\"color: #0000ff;\"><a class=\"external-link-new-window\" style=\"color: #0000ff;\" title=\"Link zur Homepage Gemeinde Orsingen-Nenzingen - \u00d6ffnet in neuem Fenster\" href=\"http:\/\/www.orsingen-nenzingen.de\/\" target=\"_blank\" rel=\"noopener noreferrer\">Orsingen-Nenzingen<\/a><\/span><\/li>\n<\/ul>\n<p>Die Verwaltungsgemeinschaft wurde am 1. Oktober 1975 konstituiert und umfasst heute rund 32.100 Einwohner. Die Stadt Stockach erledigt f\u00fcr die Verwaltungsgemeinschaft folgende Aufgabenbereiche:<\/p>\n<ul>\n<li>Fl\u00e4chennutzungsplanung<\/li>\n<li>Baurechtsbeh\u00f6rde<\/li>\n<li>Stra\u00dfenverkehrsbeh\u00f6rde<\/li>\n<li>Ausstellung der Fischereischeine<\/li>\n<li>Waffenbeh\u00f6rde<\/li>\n<li>Gastst\u00e4ttenbeh\u00f6rde<\/li>\n<li>weitere Aufgaben als untere Verwaltungsbeh\u00f6rde<\/li>\n<\/ul>\n<\/div><\/div><\/div><div class=\"fusion-layout-column fusion_builder_column fusion-builder-column-5 fusion_builder_column_1_1 1_1 fusion-flex-column\" style=\"--awb-padding-top:28.9981px;--awb-padding-right:30px;--awb-padding-left:30px;--awb-bg-color:var(--awb-custom_color_1);--awb-bg-color-hover:var(--awb-custom_color_1);--awb-bg-size:cover;--awb-border-color:var(--awb-custom_color_1);--awb-border-style:solid;--awb-width-large:100%;--awb-margin-top-large:0px;--awb-spacing-right-large:1.92%;--awb-margin-bottom-large:0px;--awb-spacing-left-large:1.92%;--awb-width-medium:100%;--awb-order-medium:0;--awb-spacing-right-medium:1.92%;--awb-spacing-left-medium:1.92%;--awb-width-small:100%;--awb-order-small:0;--awb-spacing-right-small:1.92%;--awb-spacing-left-small:1.92%;\" data-scroll-devices=\"small-visibility,medium-visibility,large-visibility\"><div class=\"fusion-column-wrapper fusion-column-has-shadow fusion-flex-justify-content-flex-start fusion-content-layout-column\"><div class=\"fusion-separator fusion-full-width-sep\" style=\"align-self: center;margin-left: auto;margin-right: auto;margin-bottom:30px;width:100%;\"><div class=\"fusion-separator-border sep-single sep-solid\" style=\"--awb-height:20px;--awb-amount:20px;border-color:#e0dede;border-top-width:2px;\"><\/div><\/div><\/div><\/div><div class=\"fusion-layout-column fusion_builder_column fusion-builder-column-6 fusion_builder_column_1_1 1_1 fusion-flex-column\" style=\"--awb-padding-right:30px;--awb-padding-bottom:3px;--awb-padding-left:30px;--awb-bg-color:var(--awb-custom_color_1);--awb-bg-color-hover:var(--awb-custom_color_1);--awb-bg-size:cover;--awb-width-large:100%;--awb-margin-top-large:0px;--awb-spacing-right-large:1.92%;--awb-margin-bottom-large:0px;--awb-spacing-left-large:1.92%;--awb-width-medium:100%;--awb-order-medium:0;--awb-spacing-right-medium:1.92%;--awb-spacing-left-medium:1.92%;--awb-width-small:100%;--awb-order-small:0;--awb-spacing-right-small:1.92%;--awb-spacing-left-small:1.92%;\" data-scroll-devices=\"small-visibility,medium-visibility,large-visibility\"><div class=\"fusion-column-wrapper fusion-column-has-shadow fusion-flex-justify-content-flex-start fusion-content-layout-column\"><div class=\"fusion-text fusion-text-6\"><h3><strong><span style=\"color: #ffffff;\">Beteiligungsverfahren &#8211; Vereinbarte Verwaltungsgemeinschaft Stockach &#8211;<\/span><\/strong><\/h3>\n<\/div><\/div><\/div><div class=\"fusion-layout-column fusion_builder_column fusion-builder-column-7 fusion_builder_column_1_1 1_1 fusion-flex-column\" style=\"--awb-padding-top:30px;--awb-padding-right:30px;--awb-padding-left:30px;--awb-bg-color:var(--awb-color1);--awb-bg-color-hover:var(--awb-color1);--awb-bg-size:cover;--awb-border-color:var(--awb-custom_color_1);--awb-border-right:30px;--awb-border-left:30px;--awb-border-style:solid;--awb-width-large:100%;--awb-margin-top-large:0px;--awb-spacing-right-large:1.92%;--awb-margin-bottom-large:0px;--awb-spacing-left-large:1.92%;--awb-width-medium:100%;--awb-order-medium:0;--awb-spacing-right-medium:1.92%;--awb-spacing-left-medium:1.92%;--awb-width-small:100%;--awb-order-small:0;--awb-spacing-right-small:1.92%;--awb-spacing-left-small:1.92%;\" data-scroll-devices=\"small-visibility,medium-visibility,large-visibility\"><div class=\"fusion-column-wrapper fusion-column-has-shadow fusion-flex-justify-content-flex-start fusion-content-layout-column\"><div class=\"fusion-text fusion-text-7\"><p>Alle aktuellen Beteiligungsverfahren k\u00f6nnen Sie auf der Homepage der Stadt Stockach digital einsehen.<\/p>\n<p><a href=\"https:\/\/www.stockach.de\/stadt-stockach\/de\/buerger-verwaltung\/bauen-wohnen\/bebauungsplaene\/aktuelle-beteiligungsverfahren\">https:\/\/www.stockach.de\/stadt-stockach\/de\/buerger-verwaltung\/bauen-wohnen\/bebauungsplaene\/aktuelle-beteiligungsverfahren (Klick)<\/a><\/p>\n<p>Erg\u00e4nzend sind die Unterlagen im Rathaus M\u00fchlingen w\u00e4hrend der \u00d6ffnungszeiten im Hauptamt einsehbar und im Amtsblatt der Gemeinde M\u00fchlingen abgedruckt.<\/p>\n<hr \/>\n<p><span style=\"color: #ffffff;\"><strong>Wirksame Fl\u00e4chennutzungspl\u00e4ne &#8211; Vereinbarte Verwaltungsgemeinschaft Stockach &#8211;<\/strong><\/span><\/p>\n<p><a href=\"https:\/\/www.stockach.de\/stadt-stockach\/de\/buerger-verwaltung\/bauen-wohnen\/bebauungsplaene\/wirksame-flaechennutzungsplaene\">https:\/\/www.stockach.de\/stadt-stockach\/de\/buerger-verwaltung\/bauen-wohnen\/bebauungsplaene\/wirksame-flaechennutzungsplaene (klick)<\/a><\/p>\n<h2 class=\"fusion-responsive-typography-calculated\" style=\"text-align: center; --fontsize: 24; line-height: 1.5;\" data-fontsize=\"24\" data-lineheight=\"36px\"><\/h2>\n<\/div><\/div><\/div><div class=\"fusion-layout-column fusion_builder_column fusion-builder-column-8 fusion_builder_column_1_1 1_1 fusion-flex-column\" style=\"--awb-padding-top:30px;--awb-padding-right:30px;--awb-padding-left:30px;--awb-bg-color:var(--awb-custom_color_1);--awb-bg-color-hover:var(--awb-custom_color_1);--awb-bg-size:cover;--awb-border-color:var(--awb-custom_color_1);--awb-border-style:solid;--awb-width-large:100%;--awb-margin-top-large:0px;--awb-spacing-right-large:1.92%;--awb-margin-bottom-large:0px;--awb-spacing-left-large:1.92%;--awb-width-medium:100%;--awb-order-medium:0;--awb-spacing-right-medium:1.92%;--awb-spacing-left-medium:1.92%;--awb-width-small:100%;--awb-order-small:0;--awb-spacing-right-small:1.92%;--awb-spacing-left-small:1.92%;\" data-scroll-devices=\"small-visibility,medium-visibility,large-visibility\"><div class=\"fusion-column-wrapper fusion-column-has-shadow fusion-flex-justify-content-flex-start fusion-content-layout-column\"><div class=\"fusion-separator fusion-full-width-sep\" style=\"align-self: center;margin-left: auto;margin-right: auto;margin-bottom:30px;width:100%;\"><div class=\"fusion-separator-border sep-single sep-solid\" style=\"--awb-height:20px;--awb-amount:20px;border-color:#e0dede;border-top-width:2px;\"><\/div><\/div><\/div><\/div><div class=\"fusion-layout-column fusion_builder_column fusion-builder-column-9 fusion_builder_column_1_1 1_1 fusion-flex-column\" style=\"--awb-padding-right:30px;--awb-padding-left:30px;--awb-bg-color:var(--awb-custom_color_1);--awb-bg-color-hover:var(--awb-custom_color_1);--awb-bg-size:cover;--awb-width-large:100%;--awb-margin-top-large:0px;--awb-spacing-right-large:1.92%;--awb-margin-bottom-large:0px;--awb-spacing-left-large:1.92%;--awb-width-medium:100%;--awb-order-medium:0;--awb-spacing-right-medium:1.92%;--awb-spacing-left-medium:1.92%;--awb-width-small:100%;--awb-order-small:0;--awb-spacing-right-small:1.92%;--awb-spacing-left-small:1.92%;\" data-scroll-devices=\"small-visibility,medium-visibility,large-visibility\"><div class=\"fusion-column-wrapper fusion-column-has-shadow fusion-flex-justify-content-flex-start fusion-content-layout-column\"><div class=\"fusion-text fusion-text-8\"><h3><strong><span style=\"color: #ffffff;\">Wirksame Fl\u00e4chennutzungspl\u00e4ne &#8211; Vereinbarte Verwaltungsgemeinschaft Stockach &#8211;<\/span><\/strong><\/h3>\n<\/div><\/div><\/div><div class=\"fusion-layout-column fusion_builder_column fusion-builder-column-10 fusion_builder_column_1_1 1_1 fusion-flex-column\" style=\"--awb-padding-top:30px;--awb-padding-right:30px;--awb-padding-left:30px;--awb-bg-color:var(--awb-color1);--awb-bg-color-hover:var(--awb-color1);--awb-bg-size:cover;--awb-border-color:var(--awb-custom_color_1);--awb-border-right:30px;--awb-border-left:30px;--awb-border-style:solid;--awb-width-large:100%;--awb-margin-top-large:0px;--awb-spacing-right-large:1.92%;--awb-margin-bottom-large:0px;--awb-spacing-left-large:1.92%;--awb-width-medium:100%;--awb-order-medium:0;--awb-spacing-right-medium:1.92%;--awb-spacing-left-medium:1.92%;--awb-width-small:100%;--awb-order-small:0;--awb-spacing-right-small:1.92%;--awb-spacing-left-small:1.92%;\" data-scroll-devices=\"small-visibility,medium-visibility,large-visibility\"><div class=\"fusion-column-wrapper fusion-column-has-shadow fusion-flex-justify-content-flex-start fusion-content-layout-column\"><div class=\"fusion-text fusion-text-9\"><p><a href=\"https:\/\/www.stockach.de\/stadt-stockach\/de\/buerger-verwaltung\/bauen-wohnen\/bebauungsplaene\/wirksame-flaechennutzungsplaene\">https:\/\/www.stockach.de\/stadt-stockach\/de\/buerger-verwaltung\/bauen-wohnen\/bebauungsplaene\/wirksame-flaechennutzungsplaene (klick)<\/a><\/p>\n<h2 class=\"fusion-responsive-typography-calculated\" style=\"text-align: center; --fontsize: 24; line-height: 1.5;\" data-fontsize=\"24\" data-lineheight=\"36px\"><\/h2>\n<\/div><\/div><\/div><\/div><\/div>\n","protected":false},"excerpt":{"rendered":"","protected":false},"author":1,"featured_media":0,"parent":0,"menu_order":0,"comment_status":"closed","ping_status":"closed","template":"","meta":{"footnotes":""},"class_list":["post-8232","page","type-page","status-publish","hentry"],"publishpress_future_action":{"enabled":false,"date":"2026-05-07 12:19:49","action":"change-status","newStatus":"draft","terms":[],"taxonomy":"","extraData":[]},"publishpress_future_workflow_manual_trigger":{"enabledWorkflows":[]},"_links":{"self":[{"href":"https:\/\/muehlingen.de\/index.php?rest_route=\/wp\/v2\/pages\/8232","targetHints":{"allow":["GET"]}}],"collection":[{"href":"https:\/\/muehlingen.de\/index.php?rest_route=\/wp\/v2\/pages"}],"about":[{"href":"https:\/\/muehlingen.de\/index.php?rest_route=\/wp\/v2\/types\/page"}],"author":[{"embeddable":true,"href":"https:\/\/muehlingen.de\/index.php?rest_route=\/wp\/v2\/users\/1"}],"replies":[{"embeddable":true,"href":"https:\/\/muehlingen.de\/index.php?rest_route=%2Fwp%2Fv2%2Fcomments&post=8232"}],"version-history":[{"count":73,"href":"https:\/\/muehlingen.de\/index.php?rest_route=\/wp\/v2\/pages\/8232\/revisions"}],"predecessor-version":[{"id":8683,"href":"https:\/\/muehlingen.de\/index.php?rest_route=\/wp\/v2\/pages\/8232\/revisions\/8683"}],"wp:attachment":[{"href":"https:\/\/muehlingen.de\/index.php?rest_route=%2Fwp%2Fv2%2Fmedia&parent=8232"}],"curies":[{"name":"wp","href":"https:\/\/api.w.org\/{rel}","templated":true}]}}