{"id":8299,"date":"2025-12-05T11:54:55","date_gmt":"2025-12-05T10:54:55","guid":{"rendered":"https:\/\/muehlingen.de\/?page_id=8299"},"modified":"2025-12-05T12:01:55","modified_gmt":"2025-12-05T11:01:55","slug":"informationen-zum-biber","status":"publish","type":"page","link":"https:\/\/muehlingen.de\/?page_id=8299","title":{"rendered":"Informationen zum Biber"},"content":{"rendered":"<div class=\"fusion-fullwidth fullwidth-box fusion-builder-row-1 fusion-flex-container has-pattern-background has-mask-background nonhundred-percent-fullwidth non-hundred-percent-height-scrolling\" style=\"--awb-border-radius-top-left:0px;--awb-border-radius-top-right:0px;--awb-border-radius-bottom-right:0px;--awb-border-radius-bottom-left:0px;--awb-flex-wrap:wrap;\" ><div class=\"fusion-builder-row fusion-row fusion-flex-align-items-flex-start fusion-flex-content-wrap\" style=\"max-width:1664px;margin-left: calc(-4% \/ 2 );margin-right: calc(-4% \/ 2 );\"><div class=\"fusion-layout-column fusion_builder_column fusion-builder-column-0 fusion_builder_column_1_1 1_1 fusion-flex-column\" style=\"--awb-bg-size:cover;--awb-width-large:100%;--awb-margin-top-large:0px;--awb-spacing-right-large:1.92%;--awb-margin-bottom-large:20px;--awb-spacing-left-large:1.92%;--awb-width-medium:100%;--awb-order-medium:0;--awb-spacing-right-medium:1.92%;--awb-spacing-left-medium:1.92%;--awb-width-small:100%;--awb-order-small:0;--awb-spacing-right-small:1.92%;--awb-spacing-left-small:1.92%;\"><div class=\"fusion-column-wrapper fusion-column-has-shadow fusion-flex-justify-content-flex-start fusion-content-layout-column\"><div class=\"fusion-text fusion-text-1\"><div class=\"page-title__headline\">\n<h3 class=\"headline headline--1\"><span style=\"color: #ffffff;\">Bibermanagement in Baden-W\u00fcrttemberg<\/span><\/h3>\n<\/div>\n<div class=\"page-title__text\">\n<div class=\"text text--intro\">\n<p><span style=\"color: #ffffff;\">Biber finden im Land viele f\u00fcr sie geeignete Lebensr\u00e4ume. Dies verursacht an manchen Stellen Herausforderungen im Zusammenleben mit dem Menschen. Daher hat Baden-W\u00fcrttemberg ein sogenanntes Bibermanagement eingef\u00fchrt.<\/span><\/p>\n<\/div>\n<\/div>\n<p><span style=\"color: #ffffff;\">Die Anzahl der Biber in den einzelnen Regierungsbezirken Baden-W\u00fcrttembergs und den dortigen Land- und Stadtkreisen variiert stark. \u00a0In einigen Regionen ist die Besiedelung bereits weit fortgeschritten, w\u00e4hrend sie in anderen erst beginnt. Laut Sch\u00e4tzungen aus dem Jahr 2024 leben in Baden-W\u00fcrttemberg rund 11.500 Biber.<\/span><\/p>\n<p><span style=\"color: #ffffff;\">Mit Blick auf die noch freien, potenziell als Lebensraum geeigneten Gew\u00e4sser ist davon auszugehen, dass die Biberpopulation in den n\u00e4chsten Jahren weiter ansteigen wird.<\/span><\/p>\n<p><span style=\"color: #ffffff;\">Dies verursacht an manchen Stellen Herausforderungen im Zusammenleben mit dem Menschen. Daher hat das Land seit 2004 ein Bibermanagement eingef\u00fchrt. Dieses arbeitet auf drei Ebenen:<\/span><\/p>\n<ol>\n<li><span style=\"color: #ffffff;\">Die Koordination des Bibermanagements in den Regierungsbezirken \u00fcbernehmen die Regierungspr\u00e4sidien. Sie beauftragen die Biber-Beauftragte und sind f\u00fcr eventuell notwendige artenschutzrechtliche Ausnahmegenehmigungen nach Paragraf 45 Bundesnaturschutzgesetz zust\u00e4ndig. Ebenso sind sie f\u00fcr die Aus- und Weiterbildung der ehrenamtlichen Biberberater zust\u00e4ndig.<\/span><\/li>\n<li><span style=\"color: #ffffff;\">Die Unteren Naturschutzbeh\u00f6rden sind f\u00fcr die laufenden Verwaltungsangelegenheiten des Bibermanagements in den Land- und Stadtkreisen zust\u00e4ndig.<\/span><\/li>\n<li><span style=\"color: #ffffff;\">Die ehrenamtlichen Biberberaterinnen und Biberberater der Land- und Stadtkreise bilden die Basis des Bibermanagements. Sie beraten rasch, unb\u00fcrokratisch, fachkompetent und praxisgerecht bei Konflikten mit Bibern und erarbeiten gemeinsam mit den Betroffenen situationsgerechte L\u00f6sungsm\u00f6glichkeiten. Landesweit sind mittlerweile \u00fcber 220 Biberberaterinnen und Biberberater im Einsatz.<\/span><\/li>\n<\/ol>\n<h3><span style=\"color: #ffffff;\">Vollzugshilfe Bibermanagement gestartet<\/span><\/h3>\n<p><span style=\"color: #ffffff;\">Die Vollzugshilfe Bibermanagement wurde vom Ministerium f\u00fcr Umwelt, Klima und Energiewirtschaft erarbeitet. Sie soll beim Bibermanagement unterst\u00fctzen und einen landesweit einheitlichen Umgang mit Bibern in Baden-W\u00fcrttemberg gew\u00e4hrleisten. Zielgruppen sind vor allem die Umweltverwaltung (insbesondere\u00a0die Naturschutz- und Wasserbeh\u00f6rden), aber auch beispielsweise Gemeinden, deren Bauh\u00f6fe sowie Planungsb\u00fcros.<\/span><\/p>\n<p><span style=\"color: #ffffff;\">Teile der Vollzugshilfe, wie die \u201eMa\u00dfnahmenbl\u00e4tter Bibermanagement\u201c und der F\u00f6rderleitfaden Biber, k\u00f6nnen hier heruntergeladen werden.<\/span><\/p>\n<p><span style=\"color: #ffffff;\">Die Ma\u00dfnahmenbl\u00e4tter Bibermanagement bieten erstmals eine umfassende \u00dcbersicht \u00fcber m\u00f6gliche pr\u00e4ventive und konfliktl\u00f6sende Ma\u00dfnahmen und geben unter anderem wichtige Hinweise zur richtigen Umsetzung der Ma\u00dfnahmen.<\/span><\/p>\n<h3><span style=\"color: #ffffff;\">Zum Herunterladen von Ma\u00dfnahmenhilfen und weitere Informationen<\/span><\/h3>\n<h3><a href=\"https:\/\/um.baden-wuerttemberg.de\/de\/umwelt-natur\/biologische-vielfalt-und-mensch\/artenschutz-und-management\/biber\/bibermanagement\">Zur Seite des Bibermanagement BW (klick)<\/a><\/h3>\n<\/div><\/div><\/div><\/div><\/div>\n","protected":false},"excerpt":{"rendered":"","protected":false},"author":1,"featured_media":0,"parent":0,"menu_order":0,"comment_status":"closed","ping_status":"closed","template":"","meta":{"footnotes":""},"class_list":["post-8299","page","type-page","status-publish","hentry"],"publishpress_future_action":{"enabled":false,"date":"2026-05-08 11:45:26","action":"change-status","newStatus":"draft","terms":[],"taxonomy":"","extraData":[]},"publishpress_future_workflow_manual_trigger":{"enabledWorkflows":[]},"_links":{"self":[{"href":"https:\/\/muehlingen.de\/index.php?rest_route=\/wp\/v2\/pages\/8299","targetHints":{"allow":["GET"]}}],"collection":[{"href":"https:\/\/muehlingen.de\/index.php?rest_route=\/wp\/v2\/pages"}],"about":[{"href":"https:\/\/muehlingen.de\/index.php?rest_route=\/wp\/v2\/types\/page"}],"author":[{"embeddable":true,"href":"https:\/\/muehlingen.de\/index.php?rest_route=\/wp\/v2\/users\/1"}],"replies":[{"embeddable":true,"href":"https:\/\/muehlingen.de\/index.php?rest_route=%2Fwp%2Fv2%2Fcomments&post=8299"}],"version-history":[{"count":3,"href":"https:\/\/muehlingen.de\/index.php?rest_route=\/wp\/v2\/pages\/8299\/revisions"}],"predecessor-version":[{"id":8304,"href":"https:\/\/muehlingen.de\/index.php?rest_route=\/wp\/v2\/pages\/8299\/revisions\/8304"}],"wp:attachment":[{"href":"https:\/\/muehlingen.de\/index.php?rest_route=%2Fwp%2Fv2%2Fmedia&parent=8299"}],"curies":[{"name":"wp","href":"https:\/\/api.w.org\/{rel}","templated":true}]}}

<div class="fusion-fullwidth fullwidth-box fusion-builder-row-1 fusion-flex-container has-pattern-background has-mask-background nonhundred-percent-fullwidth non-hundred-percent-height-scrolling" style="--awb-border-radius-top-left:0px;--awb-border-radius-top-right:0px;--awb-border-radius-bottom-right:0px;--awb-border-radius-bottom-left:0px;--awb-flex-wrap:wrap;" ><div class="fusion-builder-row fusion-row fusion-flex-align-items-flex-start fusion-flex-content-wrap" style="max-width:1664px;margin-left: calc(-4% / 2 );margin-right: calc(-4% / 2 );"><div class="fusion-layout-column fusion_builder_column fusion-builder-column-0 fusion_builder_column_1_1 1_1 fusion-flex-column" style="--awb-bg-size:cover;--awb-width-large:100%;--awb-margin-top-large:0px;--awb-spacing-right-large:1.92%;--awb-margin-bottom-large:20px;--awb-spacing-left-large:1.92%;--awb-width-medium:100%;--awb-order-medium:0;--awb-spacing-right-medium:1.92%;--awb-spacing-left-medium:1.92%;--awb-width-small:100%;--awb-order-small:0;--awb-spacing-right-small:1.92%;--awb-spacing-left-small:1.92%;"><div class="fusion-column-wrapper fusion-column-has-shadow fusion-flex-justify-content-flex-start fusion-content-layout-column"><div class="fusion-text fusion-text-1"><div class="page-title__headline">
<h3 class="headline headline--1"><span style="color: #ffffff;">Bibermanagement in Baden-Württemberg</span></h3>
</div>
<div class="page-title__text">
<div class="text text--intro">
<p><span style="color: #ffffff;">Biber finden im Land viele für sie geeignete Lebensräume. Dies verursacht an manchen Stellen Herausforderungen im Zusammenleben mit dem Menschen. Daher hat Baden-Württemberg ein sogenanntes Bibermanagement eingeführt.</span></p>
</div>
</div>
<p><span style="color: #ffffff;">Die Anzahl der Biber in den einzelnen Regierungsbezirken Baden-Württembergs und den dortigen Land- und Stadtkreisen variiert stark.  In einigen Regionen ist die Besiedelung bereits weit fortgeschritten, während sie in anderen erst beginnt. Laut Schätzungen aus dem Jahr 2024 leben in Baden-Württemberg rund 11.500 Biber.</span></p>
<p><span style="color: #ffffff;">Mit Blick auf die noch freien, potenziell als Lebensraum geeigneten Gewässer ist davon auszugehen, dass die Biberpopulation in den nächsten Jahren weiter ansteigen wird.</span></p>
<p><span style="color: #ffffff;">Dies verursacht an manchen Stellen Herausforderungen im Zusammenleben mit dem Menschen. Daher hat das Land seit 2004 ein Bibermanagement eingeführt. Dieses arbeitet auf drei Ebenen:</span></p>
<ol>
<li><span style="color: #ffffff;">Die Koordination des Bibermanagements in den Regierungsbezirken übernehmen die Regierungspräsidien. Sie beauftragen die Biber-Beauftragte und sind für eventuell notwendige artenschutzrechtliche Ausnahmegenehmigungen nach Paragraf 45 Bundesnaturschutzgesetz zuständig. Ebenso sind sie für die Aus- und Weiterbildung der ehrenamtlichen Biberberater zuständig.</span></li>
<li><span style="color: #ffffff;">Die Unteren Naturschutzbehörden sind für die laufenden Verwaltungsangelegenheiten des Bibermanagements in den Land- und Stadtkreisen zuständig.</span></li>
<li><span style="color: #ffffff;">Die ehrenamtlichen Biberberaterinnen und Biberberater der Land- und Stadtkreise bilden die Basis des Bibermanagements. Sie beraten rasch, unbürokratisch, fachkompetent und praxisgerecht bei Konflikten mit Bibern und erarbeiten gemeinsam mit den Betroffenen situationsgerechte Lösungsmöglichkeiten. Landesweit sind mittlerweile über 220 Biberberaterinnen und Biberberater im Einsatz.</span></li>
</ol>
<h3><span style="color: #ffffff;">Vollzugshilfe Bibermanagement gestartet</span></h3>
<p><span style="color: #ffffff;">Die Vollzugshilfe Bibermanagement wurde vom Ministerium für Umwelt, Klima und Energiewirtschaft erarbeitet. Sie soll beim Bibermanagement unterstützen und einen landesweit einheitlichen Umgang mit Bibern in Baden-Württemberg gewährleisten. Zielgruppen sind vor allem die Umweltverwaltung (insbesondere die Naturschutz- und Wasserbehörden), aber auch beispielsweise Gemeinden, deren Bauhöfe sowie Planungsbüros.</span></p>
<p><span style="color: #ffffff;">Teile der Vollzugshilfe, wie die „Maßnahmenblätter Bibermanagement“ und der Förderleitfaden Biber, können hier heruntergeladen werden.</span></p>
<p><span style="color: #ffffff;">Die Maßnahmenblätter Bibermanagement bieten erstmals eine umfassende Übersicht über mögliche präventive und konfliktlösende Maßnahmen und geben unter anderem wichtige Hinweise zur richtigen Umsetzung der Maßnahmen.</span></p>
<h3><span style="color: #ffffff;">Zum Herunterladen von Maßnahmenhilfen und weitere Informationen</span></h3>
<h3><a href="https://um.baden-wuerttemberg.de/de/umwelt-natur/biologische-vielfalt-und-mensch/artenschutz-und-management/biber/bibermanagement">Zur Seite des Bibermanagement BW (klick)</a></h3>
</div></div></div></div></div>
